110
CDUS46 KOTX 230837
CLIPUW


CLIMATE REPORT
NATIONAL WEATHER SERVICE SPOKANE, WA
137 AM PDT TUE APR 23 2019


...................................

...THE PULLMAN-MOSCOW  AIRPORT CLIMATE SUMMARY FOR APRIL 22 2019...

CLIMATE NORMAL PERIOD 1981 TO 2010
CLIMATE RECORD PERIOD 9999 TO 9999


WEATHER ITEM   OBSERVED TIME   RECORD YEAR NORMAL DEPARTURE LAST
                VALUE   (LST)  VALUE       VALUE  FROM      YEAR
                                                  NORMAL
..................................................................
TEMPERATURE (F)
 YESTERDAY
  MAXIMUM         65    216 PM  85    1934  58      7       54
  MINIMUM         38    449 AM  27    1985  36      2       29
  AVERAGE         52                        47      5       42

PRECIPITATION (IN)
  YESTERDAY        T                         0.05  -0.05     0.00
  MONTH TO DATE    3.58                      1.17   2.41     2.27
  SINCE OCT 1     15.33                     11.76   3.57    16.98
  SINCE JAN 1      9.03                      6.56   2.47     8.12

SNOWFALL (IN)
  YESTERDAY       MM

DEGREE DAYS
 HEATING
  YESTERDAY       13                        18     -5       23
  MONTH TO DATE  365                       437    -72      452
  SINCE MAR 1   1358                      1193    165     1209
  SINCE JUL 1   6002                      5896    106     5593

 COOLING
  YESTERDAY        0                         0      0        0
  MONTH TO DATE    0                         0      0        0
  SINCE MAR 1      0                         0      0        0
  SINCE JAN 1      0                         0      0        0
..................................................................


WIND (MPH)
  HIGHEST WIND SPEED    16   HIGHEST WIND DIRECTION    SW (230)
  HIGHEST GUST SPEED    22   HIGHEST GUST DIRECTION    SW (230)
  AVERAGE WIND SPEED     5.8


SKY COVER
  POSSIBLE SUNSHINE  MM
  AVERAGE SKY COVER 0.2


WEATHER CONDITIONS
 THE FOLLOWING WEATHER WAS RECORDED YESTERDAY.
  LIGHT RAIN


RELATIVE HUMIDITY (PERCENT)
 HIGHEST    79           100 AM
 LOWEST     36           500 PM
 AVERAGE    58

..........................................................


THE PULLMAN-MOSCOW  AIRPORT CLIMATE NORMALS FOR TODAY
                         NORMAL    RECORD    YEAR
 MAXIMUM TEMPERATURE (F)   59        85      1910
 MINIMUM TEMPERATURE (F)   37        26      2002


SUNRISE AND SUNSET
APRIL 23 2019.........SUNRISE   547 AM PDT   SUNSET   747 PM PDT
APRIL 24 2019.........SUNRISE   545 AM PDT   SUNSET   749 PM PDT


-  INDICATES NEGATIVE NUMBERS.
R  INDICATES RECORD WAS SET OR TIED.
MM INDICATES DATA IS MISSING.
T  INDICATES TRACE AMOUNT.




$$
