000
CDUS46 KOTX 170829
CLIPUW


CLIMATE REPORT
NATIONAL WEATHER SERVICE SPOKANE, WA
127 AM PDT WED JUL 17 2019


...................................

...THE PULLMAN-MOSCOW  AIRPORT CLIMATE SUMMARY FOR JULY 16 2019...

CLIMATE NORMAL PERIOD 1981 TO 2010
CLIMATE RECORD PERIOD 9999 TO 9999


WEATHER ITEM   OBSERVED TIME   RECORD YEAR NORMAL DEPARTURE LAST
                VALUE   (LST)  VALUE       VALUE  FROM      YEAR
                                                  NORMAL
..................................................................
TEMPERATURE (F)
 YESTERDAY
  MAXIMUM         78    401 PM  99    1925  82     -4       92
                                      1917
                                      1911
  MINIMUM         52   1149 PM  36    2000  50      2       52
                                      1968
  AVERAGE         65                        66     -1       72

PRECIPITATION (IN)
  YESTERDAY        0.00          0.30 2001   0.01  -0.01     0.00
                                      1982
  MONTH TO DATE    0.05                      0.42  -0.37     0.05
  SINCE OCT 1     17.54                     15.21   2.33    20.49
  SINCE JAN 1     11.24                     10.01   1.23    11.63

DEGREE DAYS
 HEATING
  YESTERDAY        0                         2     -2        0
  MONTH TO DATE   20                        46    -26       24
  SINCE JUN 1    152                       252   -100      181
  SINCE JUL 1     20                        46    -26       24

 COOLING
  YESTERDAY        0                         3     -3        7
  MONTH TO DATE   32                        31      1       40
  SINCE JUN 1     64                        44     20       53
  SINCE JAN 1     67                        49     18       61
..................................................................


WIND (MPH)
  HIGHEST WIND SPEED    14   HIGHEST WIND DIRECTION    SW (240)
  HIGHEST GUST SPEED    22   HIGHEST GUST DIRECTION    SW (230)
  AVERAGE WIND SPEED     4.0


SKY COVER
  POSSIBLE SUNSHINE  MM
  AVERAGE SKY COVER 0.3


WEATHER CONDITIONS
 THE FOLLOWING WEATHER WAS RECORDED YESTERDAY.
  HAZE


RELATIVE HUMIDITY (PERCENT)
 HIGHEST    89           500 AM
 LOWEST     29           600 PM
 AVERAGE    59

..........................................................


THE PULLMAN-MOSCOW  AIRPORT CLIMATE NORMALS FOR TODAY
                         NORMAL    RECORD    YEAR
 MAXIMUM TEMPERATURE (F)   83       100      1918
 MINIMUM TEMPERATURE (F)   50        39      1982


SUNRISE AND SUNSET
JULY 17 2019..........SUNRISE   511 AM PDT   SUNSET   837 PM PDT
JULY 18 2019..........SUNRISE   513 AM PDT   SUNSET   836 PM PDT


-  INDICATES NEGATIVE NUMBERS.
R  INDICATES RECORD WAS SET OR TIED.
MM INDICATES DATA IS MISSING.
T  INDICATES TRACE AMOUNT.




$$
