000
CDUS41 KBOX 252135
CLIPVD


CLIMATE REPORT
NATIONAL WEATHER SERVICE BOSTON/NORTON MA
525 PM EDT FRI MAY 25 2018


...................................

...THE PROVIDENCE RI CLIMATE SUMMARY FOR MAY 25 2018...
VALID TODAY AS OF 0500 PM LOCAL TIME.

CLIMATE NORMAL PERIOD 1981 TO 2010
CLIMATE RECORD PERIOD 1904 TO 2018


WEATHER ITEM   OBSERVED TIME   RECORD YEAR NORMAL DEPARTURE LAST
                VALUE   (LST)  VALUE       VALUE  FROM      YEAR
                                                  NORMAL
..................................................................
TEMPERATURE (F)
 TODAY
  MAXIMUM         88   1258 PM  93    2007  71     17       57
  MINIMUM         49    227 AM  33    1956  51     -2       52
  AVERAGE         69                        61      8       55

PRECIPITATION (IN)
  TODAY            0.00          3.73 1967   0.12  -0.12     0.86
  MONTH TO DATE    1.88                      2.80  -0.92     6.16
  SINCE MAR 1     12.57                     12.17   0.40    17.11
  SINCE JAN 1     24.51                     19.32   5.19    24.29

SNOWFALL (IN)
  TODAY            0.0           0.0  2002   0.0    0.0      0.0
                                      2001
                                      2000
  MONTH TO DATE    0.0                       0.0    0.0      0.0
  SINCE MAR 1     16.7                       6.1   10.6      7.7
  SINCE JUL 1     50.6                      33.8   16.8     45.9
  SNOW DEPTH       0

DEGREE DAYS
 HEATING
  TODAY            0                         5     -5       10
  MONTH TO DATE  110                       199    -89      205
  SINCE MAR 1   1488                      1487      1     1508
  SINCE JUL 1   5151                      5549   -398     5066

 COOLING
  TODAY            4                         1      3        0
  MONTH TO DATE   43                        12     31       41
  SINCE MAR 1     43                        14     29       58
  SINCE JAN 1     43                        14     29       58
..................................................................


WIND (MPH)
  HIGHEST WIND SPEED    24   HIGHEST WIND DIRECTION    SW (240)
  HIGHEST GUST SPEED    31   HIGHEST GUST DIRECTION     W (250)
  AVERAGE WIND SPEED     9.7


SKY COVER
  POSSIBLE SUNSHINE  MM
  AVERAGE SKY COVER 0.3


WEATHER CONDITIONS
 THE FOLLOWING WEATHER WAS RECORDED TODAY.
  NO SIGNIFICANT WEATHER WAS OBSERVED.


RELATIVE HUMIDITY (PERCENT)
 HIGHEST    93           100 AM
 LOWEST     29           100 PM
 AVERAGE    61

..........................................................


THE PROVIDENCE RI CLIMATE NORMALS FOR TOMORROW
                         NORMAL    RECORD    YEAR
 MAXIMUM TEMPERATURE (F)   71        96      2010
 MINIMUM TEMPERATURE (F)   52        35      1972


SUNRISE AND SUNSET
MAY 25 2018...........SUNRISE   518 AM EDT   SUNSET   808 PM EDT
MAY 26 2018...........SUNRISE   517 AM EDT   SUNSET   809 PM EDT


-  INDICATES NEGATIVE NUMBERS.
R  INDICATES RECORD WAS SET OR TIED.
MM INDICATES DATA IS MISSING.
T  INDICATES TRACE AMOUNT.




$$
