000
CDUS43 KLOT 240636
CLIPWK


CLIMATE REPORT
NATIONAL WEATHER SERVICE CHICAGO IL
136 AM CDT MON JUN 24 2019


...................................

...THE CHICAGO EXECUTIVE CLIMATE SUMMARY FOR JUNE 23 2019...

CLIMATE NORMAL PERIOD 1981 TO 2010
CLIMATE RECORD PERIOD 1996 TO 2019


WEATHER ITEM   OBSERVED TIME   RECORD YEAR NORMAL DEPARTURE LAST
                VALUE   (LST)  VALUE       VALUE  FROM      YEAR
                                                  NORMAL
..................................................................
TEMPERATURE (F)
 YESTERDAY
  MAXIMUM         83    258 PM  95    2005  81      2       82
                                      2002
  MINIMUM         63    630 AM  51    2001  60      3       62
  AVERAGE         73                        71      2       72

PRECIPITATION (IN)
  YESTERDAY        0.38          1.06 2017   0.11   0.27      T
  MONTH TO DATE    3.89                      3.12   0.77     8.28
  SINCE JUN 1      3.89                      3.12   0.77     8.28
  SINCE JAN 1     18.13                     14.61   3.52    23.30

DEGREE DAYS
 HEATING
  YESTERDAY        0                         1     -1        0
  MONTH TO DATE   37                        50    -13       18
  SINCE JUN 1     37                        50    -13       18
  SINCE JUL 1   6358                      6408    -50     6217

 COOLING
  YESTERDAY        8                         6      2        7
  MONTH TO DATE   36                       104    -68      110
  SINCE JUN 1     36                       104    -68      110
  SINCE JAN 1     69                       146    -77      247
..................................................................


WIND (MPH)
  RESULTANT WIND SPEED   8   RESULTANT WIND DIRECTION   S (160)
  HIGHEST WIND SPEED    21   HIGHEST WIND DIRECTION     S (180)
  HIGHEST GUST SPEED    29   HIGHEST GUST DIRECTION     S (170)
  AVERAGE WIND SPEED     8.1



WEATHER CONDITIONS
 THE FOLLOWING WEATHER WAS RECORDED YESTERDAY.
  THUNDERSTORM
  RAIN
  LIGHT RAIN
  FOG
  HAZE


..........................................................


THE CHICAGO EXECUTIVE CLIMATE NORMALS FOR TODAY
                         NORMAL    RECORD    YEAR
 MAXIMUM TEMPERATURE (F)   82        98      2005
 MINIMUM TEMPERATURE (F)   61        52      2006
                                             2001


SUNRISE AND SUNSET
JUNE 24 2019..........SUNRISE   517 AM CDT   SUNSET   831 PM CDT
JUNE 25 2019..........SUNRISE   517 AM CDT   SUNSET   832 PM CDT


-  INDICATES NEGATIVE NUMBERS.
R  INDICATES RECORD WAS SET OR TIED.
MM INDICATES DATA IS MISSING.
T  INDICATES TRACE AMOUNT.




$$
