000
CDUS43 KLOT 190637
CLIPWK


CLIMATE REPORT
NATIONAL WEATHER SERVICE CHICAGO IL
137 AM CDT FRI APR 19 2019


...................................

...THE CHICAGO EXECUTIVE CLIMATE SUMMARY FOR APRIL 18 2019...

CLIMATE NORMAL PERIOD 1981 TO 2010
CLIMATE RECORD PERIOD 1996 TO 2019


WEATHER ITEM   OBSERVED TIME   RECORD YEAR NORMAL DEPARTURE LAST
                VALUE   (LST)  VALUE       VALUE  FROM      YEAR
                                                  NORMAL
..................................................................
TEMPERATURE (F)
 YESTERDAY
  MAXIMUM         67   1232 AM  88    2002  59      8       37
  MINIMUM         45   1159 PM  26    2001  38      7       28
                                      1997
  AVERAGE         56                        49      7       33

PRECIPITATION (IN)
  YESTERDAY        0.19          0.35 2011   0.11   0.08     0.08
  MONTH TO DATE    1.26                      1.49  -0.23     2.49
  SINCE MAR 1      3.00                      3.74  -0.74     3.73
  SINCE JAN 1      5.23                      6.32  -1.09     6.89

DEGREE DAYS
 HEATING
  YESTERDAY        9                        17     -8       32
  MONTH TO DATE  287                       351    -64      518
  SINCE MAR 1   1210                      1204      6     1410
  SINCE JUL 1   5925                      5942    -17     5872

 COOLING
  YESTERDAY        0                         0      0        0
  MONTH TO DATE    0                         0      0        0
  SINCE MAR 1      0                         0      0        0
  SINCE JAN 1      0                         0      0        0
..................................................................


WIND (MPH)
  RESULTANT WIND SPEED   8   RESULTANT WIND DIRECTION  NW (300)
  HIGHEST WIND SPEED    17   HIGHEST WIND DIRECTION    NW (310)
  HIGHEST GUST SPEED    25   HIGHEST GUST DIRECTION     N (350)
  AVERAGE WIND SPEED    10.2



WEATHER CONDITIONS
 THE FOLLOWING WEATHER WAS RECORDED YESTERDAY.
  LIGHT RAIN
  FOG


..........................................................


THE CHICAGO EXECUTIVE CLIMATE NORMALS FOR TODAY
                         NORMAL    RECORD    YEAR
 MAXIMUM TEMPERATURE (F)   59        81      2005
 MINIMUM TEMPERATURE (F)   39        31      2001


SUNRISE AND SUNSET
APRIL 19 2019.........SUNRISE   605 AM CDT   SUNSET   737 PM CDT
APRIL 20 2019.........SUNRISE   604 AM CDT   SUNSET   738 PM CDT


-  INDICATES NEGATIVE NUMBERS.
R  INDICATES RECORD WAS SET OR TIED.
MM INDICATES DATA IS MISSING.
T  INDICATES TRACE AMOUNT.




$$
