000
CDUS41 KGYX 180802
CLIPWM


CLIMATE REPORT
NATIONAL WEATHER SERVICE GRAY ME
402 AM EDT THU APR 18 2019


...................................

...THE PORTLAND ME CLIMATE SUMMARY FOR APRIL 17 2019...

CLIMATE NORMAL PERIOD 1981 TO 2010
CLIMATE RECORD PERIOD 1941 TO 2019


WEATHER ITEM   OBSERVED TIME   RECORD YEAR NORMAL DEPARTURE LAST
                VALUE   (LST)  VALUE       VALUE  FROM      YEAR
                                                  NORMAL
..................................................................
TEMPERATURE (F)
 YESTERDAY
  MAXIMUM         60    348 PM  83    2012  54      6       47
  MINIMUM         33    510 AM  22    2014  35     -2       37
  AVERAGE         47                        45      2       42

PRECIPITATION (IN)
  YESTERDAY        0.00          2.02 1954   0.14  -0.14      T
  MONTH TO DATE    2.27                      2.49  -0.22     3.85
  SINCE MAR 1      4.96                      6.73  -1.77     7.05
  SINCE JAN 1     14.44                     13.36   1.08    14.68

SNOWFALL (IN)
  YESTERDAY        0.0           5.5  1992   0.1   -0.1      0.0
  MONTH TO DATE    3.8                       2.3    1.5      0.7
  SINCE MAR 1     14.9                      15.0   -0.1     33.7
  SINCE JUL 1     66.0                      61.4    4.6     91.9
  SNOW DEPTH       0

DEGREE DAYS
 HEATING
  YESTERDAY       18                        20     -2       23
  MONTH TO DATE  384                       395    -11      465
  SINCE MAR 1   1400                      1371     29     1421
  SINCE JUL 1   6392                      6413    -21     6125

 COOLING
  YESTERDAY        0                         0      0        0
  MONTH TO DATE    0                         0      0        0
  SINCE MAR 1      0                         0      0        0
  SINCE JAN 1      0                         0      0        0
..................................................................


WIND (MPH)
  RESULTANT WIND SPEED   5   RESULTANT WIND DIRECTION  NW (300)
  HIGHEST WIND SPEED    20   HIGHEST WIND DIRECTION     N (10)
  HIGHEST GUST SPEED    26   HIGHEST GUST DIRECTION    NW (310)
  AVERAGE WIND SPEED     7.7


SKY COVER
  AVERAGE SKY COVER 0.1


WEATHER CONDITIONS
 THE FOLLOWING WEATHER WAS RECORDED YESTERDAY.
  NO SIGNIFICANT WEATHER WAS OBSERVED.


RELATIVE HUMIDITY (PERCENT)
 HIGHEST    70          1200 AM
 LOWEST     19           300 PM
 AVERAGE    45

..........................................................


THE PORTLAND ME CLIMATE NORMALS FOR TODAY
                         NORMAL    RECORD    YEAR
 MAXIMUM TEMPERATURE (F)   54        76      1964
 MINIMUM TEMPERATURE (F)   36        21      1962
                                             2003


SUNRISE AND SUNSET
APRIL 18 2019.........SUNRISE   554 AM EDT   SUNSET   728 PM EDT
APRIL 19 2019.........SUNRISE   552 AM EDT   SUNSET   729 PM EDT


-  INDICATES NEGATIVE NUMBERS.
R  INDICATES RECORD WAS SET OR TIED.
MM INDICATES DATA IS MISSING.
T  INDICATES TRACE AMOUNT.




$$
