000
CDUS41 KGYX 192041
CLIPWM


CLIMATE REPORT
NATIONAL WEATHER SERVICE GRAY ME
441 PM EDT WED JUN 19 2019


...................................

...THE PORTLAND ME CLIMATE SUMMARY FOR JUNE 19 2019...
VALID TODAY AS OF 0400 PM LOCAL TIME.

CLIMATE NORMAL PERIOD 1981 TO 2010
CLIMATE RECORD PERIOD 1941 TO 2019


WEATHER ITEM   OBSERVED TIME   RECORD YEAR NORMAL DEPARTURE LAST
                VALUE   (LST)  VALUE       VALUE  FROM      YEAR
                                                  NORMAL
..................................................................
TEMPERATURE (F)
 TODAY
  MAXIMUM         68    130 PM  94    1995  75     -7       78
  MINIMUM         57    253 AM  38    1956  55      2       57
  AVERAGE         63                        65     -2       68

PRECIPITATION (IN)
  TODAY            0.00          3.21 2009   0.12  -0.12     0.05
  MONTH TO DATE    3.06                      2.56   0.50     1.66
  SINCE JUN 1      3.06                      2.56   0.50     1.66
  SINCE JAN 1     24.52                     21.76   2.76    19.11

SNOWFALL (IN)
  TODAY            0.0           0.0  2002   0.0    0.0      0.0
                                      2001
                                      2000
  MONTH TO DATE    0.0                       0.0    0.0      0.0
  SINCE JUN 1      0.0                       0.0    0.0      0.0
  SINCE JUL 1     66.0                      61.9    4.1     91.9
  SNOW DEPTH       0

DEGREE DAYS
 HEATING
  TODAY            2                         3     -1        0
  MONTH TO DATE   79                        87     -8       79
  SINCE JUN 1     79                        87     -8       79
  SINCE JUL 1   7057                      7088    -31     6677

 COOLING
  TODAY            0                         2     -2        3
  MONTH TO DATE    5                        27    -22       32
  SINCE JUN 1      5                        27    -22       32
  SINCE JAN 1      8                        34    -26       47
..................................................................


WIND (MPH)
  HIGHEST WIND SPEED    15   HIGHEST WIND DIRECTION    SE (150)
  HIGHEST GUST SPEED    18   HIGHEST GUST DIRECTION     S (160)
  AVERAGE WIND SPEED     4.1


SKY COVER
  POSSIBLE SUNSHINE  MM
  AVERAGE SKY COVER 1.0


WEATHER CONDITIONS
 THE FOLLOWING WEATHER WAS RECORDED TODAY.
  FOG
  FOG W/VISIBILITY <= 1/4 MILE


RELATIVE HUMIDITY (PERCENT)
 HIGHEST   100           100 AM
 LOWEST     73           100 PM
 AVERAGE    87

..........................................................


THE PORTLAND ME CLIMATE NORMALS FOR TOMORROW
                         NORMAL    RECORD    YEAR
 MAXIMUM TEMPERATURE (F)   75        93      2012
                                             1964
 MINIMUM TEMPERATURE (F)   55        43      1980


SUNRISE AND SUNSET
JUNE 19 2019..........SUNRISE   459 AM EDT   SUNSET   826 PM EDT
JUNE 20 2019..........SUNRISE   500 AM EDT   SUNSET   826 PM EDT


-  INDICATES NEGATIVE NUMBERS.
R  INDICATES RECORD WAS SET OR TIED.
MM INDICATES DATA IS MISSING.
T  INDICATES TRACE AMOUNT.




$$
