000
CDUS46 KSGX 170919
CLIRAL


CLIMATE REPORT
NATIONAL WEATHER SERVICE SAN DIEGO, CA
219 AM PDT WED JUL 17 2019


...................................

...THE RIVERSIDE MUNI AIRPORT CA CLIMATE SUMMARY FOR JULY 16 2019...

CLIMATE NORMAL PERIOD 1981 TO 2010
CLIMATE RECORD PERIOD 1893 TO 2019


WEATHER ITEM   OBSERVED TIME   RECORD YEAR NORMAL DEPARTURE LAST
                VALUE   (LST)  VALUE       VALUE  FROM      YEAR
                                                  NORMAL
..................................................................
TEMPERATURE (F)
 YESTERDAY
  MAXIMUM         98    111 PM 108    1936  93      5       97
                                      1935
                                      1925
  MINIMUM         66    512 AM  49    1923  64      2       66
  AVERAGE         82                        79      3       82

PRECIPITATION (IN)
  YESTERDAY        0.00          0.05 1984   0.01  -0.01     0.00
  MONTH TO DATE    0.00                      0.02  -0.02      T
  SINCE OCT 1     13.10                     12.02   1.08     4.23
  SINCE JAN 1     10.12                      9.21   0.91     4.20

DEGREE DAYS
 HEATING
  YESTERDAY        0                         0      0        0
  MONTH TO DATE    0                         0      0        0
  SINCE JUN 1      0                         2     -2        0
  SINCE JUL 1      0                         0      0        0

 COOLING
  YESTERDAY       17                        14      3       17
  MONTH TO DATE  203                       199      4      303
  SINCE JUN 1    446                       419     27      582
  SINCE JAN 1    540                       596    -56      781
..................................................................


WIND (MPH)
  RESULTANT WIND SPEED   4   RESULTANT WIND DIRECTION   W (280)
  HIGHEST WIND SPEED    18   HIGHEST WIND DIRECTION     W (270)
  HIGHEST GUST SPEED    24   HIGHEST GUST DIRECTION     W (270)
  AVERAGE WIND SPEED     4.8


SKY COVER
  POSSIBLE SUNSHINE  MM
  AVERAGE SKY COVER 0.0


WEATHER CONDITIONS
 THE FOLLOWING WEATHER WAS RECORDED YESTERDAY.
  NO SIGNIFICANT WEATHER WAS OBSERVED.


RELATIVE HUMIDITY (PERCENT)
 HIGHEST    76          1100 PM
 LOWEST     26          1100 AM
 AVERAGE    51

..........................................................


THE RIVERSIDE MUNI AIRPORT CA CLIMATE NORMALS FOR TODAY
                         NORMAL    RECORD    YEAR
 MAXIMUM TEMPERATURE (F)   94       118      1925
 MINIMUM TEMPERATURE (F)   64        49      1923


SUNRISE AND SUNSET
JULY 17 2019..........SUNRISE   551 AM PDT   SUNSET   801 PM PDT
JULY 18 2019..........SUNRISE   552 AM PDT   SUNSET   800 PM PDT


-  INDICATES NEGATIVE NUMBERS.
R  INDICATES RECORD WAS SET OR TIED.
MM INDICATES DATA IS MISSING.
T  INDICATES TRACE AMOUNT.




$$
