000
CDUS46 KSGX 232321
CLIRAL


CLIMATE REPORT
NATIONAL WEATHER SERVICE SAN DIEGO, CA
421 PM PDT TUE APR 23 2019


...................................

...THE RIVERSIDE MUNI AIRPORT CA CLIMATE SUMMARY FOR APRIL 23 2019...
VALID TODAY AS OF 0400 PM LOCAL TIME.

CLIMATE NORMAL PERIOD 1981 TO 2010
CLIMATE RECORD PERIOD 1893 TO 2019


WEATHER ITEM   OBSERVED TIME   RECORD YEAR NORMAL DEPARTURE LAST
                VALUE   (LST)  VALUE       VALUE  FROM      YEAR
                                                  NORMAL
..................................................................
TEMPERATURE (F)
 TODAY
  MAXIMUM         90    110 PM 103    1910  77     13       87
  MINIMUM         53    545 AM  35    1932  52      1       55
  AVERAGE         72                        64      8       71

PRECIPITATION (IN)
  TODAY            0.00          0.21 1924   0.03  -0.03     0.00
  MONTH TO DATE    0.01                      0.60  -0.59      T
  SINCE OCT 1     12.65                     11.40   1.25     4.08
  SINCE JAN 1      9.67                      8.59   1.08     4.05

DEGREE DAYS
 HEATING
  TODAY            0                         3     -3        0
  MONTH TO DATE   46                        91    -45       39
  SINCE MAR 1    255                       296    -41      224
  SINCE JUL 1   1334                      1404    -70      784

 COOLING
  TODAY            7                         2      5        6
  MONTH TO DATE   38                        28     10       62
  SINCE MAR 1     42                        40      2       74
  SINCE JAN 1     45                        49     -4      110
..................................................................


WIND (MPH)
  RESULTANT WIND SPEED   1   RESULTANT WIND DIRECTION  NW (310)
  HIGHEST WIND SPEED    22   HIGHEST WIND DIRECTION     W (270)
  HIGHEST GUST SPEED    27   HIGHEST GUST DIRECTION     W (270)
  AVERAGE WIND SPEED     4.0


SKY COVER
  POSSIBLE SUNSHINE  MM
  AVERAGE SKY COVER 0.0


WEATHER CONDITIONS
 THE FOLLOWING WEATHER WAS RECORDED TODAY.
  NO SIGNIFICANT WEATHER WAS OBSERVED.


RELATIVE HUMIDITY (PERCENT)
 HIGHEST    89           400 AM
 LOWEST     17          1200 PM
 AVERAGE    53

..........................................................


THE RIVERSIDE MUNI AIRPORT CA CLIMATE NORMALS FOR TOMORROW
                         NORMAL    RECORD    YEAR
 MAXIMUM TEMPERATURE (F)   77       102      1910
 MINIMUM TEMPERATURE (F)   52        38      1963
                                             1961
                                             1937


SUNRISE AND SUNSET
APRIL 23 2019.........SUNRISE   610 AM PDT   SUNSET   727 PM PDT
APRIL 24 2019.........SUNRISE   608 AM PDT   SUNSET   728 PM PDT


-  INDICATES NEGATIVE NUMBERS.
R  INDICATES RECORD WAS SET OR TIED.
MM INDICATES DATA IS MISSING.
T  INDICATES TRACE AMOUNT.




$$
