000
CDUS46 KMFR 160038
CLIRBG


CLIMATE REPORT
NATIONAL WEATHER SERVICE MEDFORD, OR
537 PM PDT SAT JUN 15 2019


...................................

...THE ROSEBURG OR CLIMATE SUMMARY FOR JUNE 15 2019...
VALID TODAY AS OF 0500 PM LOCAL TIME.

CLIMATE NORMAL PERIOD 1981 TO 2010
CLIMATE RECORD PERIOD 1931 TO 2019


WEATHER ITEM   OBSERVED TIME   RECORD YEAR NORMAL DEPARTURE LAST
                VALUE   (LST)  VALUE       VALUE  FROM      YEAR
                                                  NORMAL
..................................................................
TEMPERATURE (F)
 TODAY
  MAXIMUM         88    348 PM  99    1961  76     12       73
  MINIMUM         56    429 AM  38    1959  52      4       49
  AVERAGE         72                        64      8       61

PRECIPITATION (IN)
  TODAY            0.00          0.85 1931   0.04  -0.04
  MONTH TO DATE    0.14                      0.88  -0.74
  SINCE OCT 1     30.07                     34.16  -4.09
  SINCE JAN 1     21.07                     18.51   2.56

SNOWFALL (IN)
  TODAY           MM                        MM     MM       MM
  MONTH TO DATE    0.0                      MM     MM       MM
  SINCE JUL 1      0.0                      MM     MM        0.0
  SNOW DEPTH      MM

DEGREE DAYS
 HEATING
  TODAY            0                         3     -3        4
  MONTH TO DATE   21                        57    -36       46
  SINCE JUN 1     21                        57    -36       46
  SINCE JUL 1   3696                      4040   -344     3768

 COOLING
  TODAY            7                         1      6        0
  MONTH TO DATE   83                        15     68        5
  SINCE JUN 1     83                        15     68        5
  SINCE JAN 1    112                        35     77       28
..................................................................







THE ROSEBURG OR CLIMATE NORMALS FOR TOMORROW
                         NORMAL    RECORD    YEAR
 MAXIMUM TEMPERATURE (F)   76       102      1961
 MINIMUM TEMPERATURE (F)   52        37      1955


SUNRISE AND SUNSET
JUNE 15 2019..........SUNRISE   533 AM PDT   SUNSET   855 PM PDT
JUNE 16 2019..........SUNRISE   533 AM PDT   SUNSET   856 PM PDT


-  INDICATES NEGATIVE NUMBERS.
R  INDICATES RECORD WAS SET OR TIED.
MM INDICATES DATA IS MISSING.
T  INDICATES TRACE AMOUNT.




$$
