000
CDUS46 KSTO 190041 RRA
CLIRDD

CLIMATE REPORT
NATIONAL WEATHER SERVICE SACRAMENTO, CA
540 PM PDT THU APR 18 2019


...................................

...THE REDDING AIRPORT CA CLIMATE SUMMARY FOR APRIL 18 2019...
VALID TODAY AS OF 0500 PM LOCAL TIME.

CLIMATE NORMAL PERIOD 1981 TO 2010
CLIMATE RECORD PERIOD 1986 TO 2019


WEATHER ITEM   OBSERVED RECORD YEAR NORMAL DEPARTURE LAST
                VALUE   VALUE       VALUE  FROM      YEAR
                                           NORMAL
...........................................................
TEMPERATURE (F)
 TODAY
  MAXIMUM         84     92    2015  71     13       63
  MINIMUM         50     33    2007  46      4       43
                               1996
  AVERAGE         67

PRECIPITATION (IN)
  TODAY            0.00   1.55 1965   0.08  -0.08     0.00
  MONTH TO DATE    2.01               1.53   0.48     4.05
  SINCE OCT 1     38.47              30.22   8.25    18.58
  SINCE JAN 1     27.13              17.37   9.76    12.91

SNOWFALL (IN)
  TODAY            0.0   MM      MM  MM               0.0
  MONTH TO DATE    0.0               MM               0.0
  SINCE MAR 1      0.0               MM               0.0
  SINCE JUL 1      9.0               MM               0.0

DEGREE DAYS
 HEATING
  TODAY            0

 COOLING
  TODAY            2
...........................................................


WIND (MPH)
  RESULTANT WIND SPEED   4   RESULTANT WIND DIRECTION  SE (150)
  HIGHEST WIND SPEED    12   HIGHEST WIND DIRECTION    SE (150)
  HIGHEST GUST SPEED    14   HIGHEST GUST DIRECTION    SE (150)


SKY COVER
  POSSIBLE SUNSHINE  MM
  AVERAGE SKY COVER 0.0


WEATHER CONDITIONS
 THE FOLLOWING WEATHER WAS RECORDED TODAY.
  NO SIGNIFICANT WEATHER WAS OBSERVED.


RELATIVE HUMIDITY (PERCENT)
 HIGHEST    89
 LOWEST     34
 AVERAGE    62

..........................................................


THE REDDING AIRPORT CA CLIMATE NORMALS FOR TOMORROW
                         NORMAL    RECORD    YEAR
 MAXIMUM TEMPERATURE (F)   71        93      2015
                                             1945
 MINIMUM TEMPERATURE (F)   47        39      2018
                                             1996


SUNRISE AND SUNSET
APRIL 18 2019.........SUNRISE   626 AM PDT   SUNSET   751 PM PDT
APRIL 19 2019.........SUNRISE   625 AM PDT   SUNSET   752 PM PDT


-  INDICATES NEGATIVE NUMBERS.
R  INDICATES RECORD WAS SET OR TIED.
MM INDICATES DATA IS MISSING.
T  INDICATES TRACE AMOUNT.




&&
....................................................................

REDDING CITY CLIMATE DATA FOR APRIL 18

CLIMATE RECORD PERIOD 1897-1986

RECORD HIGH..............     90 IN 1945
RECORD LOW...............     34 IN 1979

RECORD RAINFALL..........   1.55 IN 1965

$$

NNNN
