000
CDUS46 KSTO 240849
CLIRDD

CLIMATE REPORT
NATIONAL WEATHER SERVICE SACRAMENTO, CA
147 AM PDT MON JUN 24 2019


...................................

...THE REDDING AIRPORT CA CLIMATE SUMMARY FOR JUNE 23 2019...

CLIMATE NORMAL PERIOD 1981 TO 2010
CLIMATE RECORD PERIOD 1986 TO 2019


WEATHER ITEM   OBSERVED RECORD YEAR NORMAL DEPARTURE LAST
                VALUE   VALUE       VALUE  FROM      YEAR
                                           NORMAL
...........................................................
TEMPERATURE (F)
 YESTERDAY
  MAXIMUM         99    111    2006  93      6      104
  MINIMUM         69     49    1980  63      6       77
                               1923
  AVERAGE         84

PRECIPITATION (IN)
  YESTERDAY        0.00   0.71 1992   0.01  -0.01     0.00
  MONTH TO DATE    0.00               0.64  -0.64      T
  SINCE OCT 1     42.60              33.66   8.94    19.70
  SINCE JAN 1     31.26              20.81  10.45    14.03

SNOWFALL (IN)
  YESTERDAY        0.0   MM      MM  MM               0.0
  MONTH TO DATE    0.0               MM               0.0
  SINCE JUN 1      0.0               MM               0.0
  SINCE JUL 1      9.0               MM               0.0

DEGREE DAYS
 HEATING
  YESTERDAY        0

 COOLING
  YESTERDAY       19
...........................................................


WIND (MPH)
  RESULTANT WIND SPEED   5   RESULTANT WIND DIRECTION   N (340)
  HIGHEST WIND SPEED    17   HIGHEST WIND DIRECTION     N (350)
  HIGHEST GUST SPEED    24   HIGHEST GUST DIRECTION     N (360)


SKY COVER
  POSSIBLE SUNSHINE  MM
  AVERAGE SKY COVER 0.0


WEATHER CONDITIONS
 THE FOLLOWING WEATHER WAS RECORDED YESTERDAY.
  NO SIGNIFICANT WEATHER WAS OBSERVED.


RELATIVE HUMIDITY (PERCENT)
 HIGHEST    51
 LOWEST     10
 AVERAGE    31

..........................................................


THE REDDING AIRPORT CA CLIMATE NORMALS FOR TODAY
                         NORMAL    RECORD    YEAR
 MAXIMUM TEMPERATURE (F)   93       114      2006
 MINIMUM TEMPERATURE (F)   64        49      1975


SUNRISE AND SUNSET
JUNE 24 2019..........SUNRISE   540 AM PDT   SUNSET   844 PM PDT
JUNE 25 2019..........SUNRISE   540 AM PDT   SUNSET   844 PM PDT


-  INDICATES NEGATIVE NUMBERS.
R  INDICATES RECORD WAS SET OR TIED.
MM INDICATES DATA IS MISSING.
T  INDICATES TRACE AMOUNT.

&&
....................................................................

REDDING CITY CLIMATE DATA FOR JUNE 23

CLIMATE RECORD PERIOD 1897-1986

RECORD HIGH..............    109 IN 1925
RECORD LOW...............     49 IN 1923

RECORD RAINFALL..........   0.69 IN 1912

$$

NNNN
