000
CDUS41 KPHI 210554
CLIRDG


CLIMATE REPORT
NATIONAL WEATHER SERVICE MOUNT HOLLY NJ
153 AM EDT SUN APR 21 2019


...................................

...THE READING PA CLIMATE SUMMARY FOR APRIL 20 2019...

CLIMATE NORMAL PERIOD 1981 TO 2010
CLIMATE RECORD PERIOD 1869 TO 2019


WEATHER ITEM   OBSERVED TIME   RECORD YEAR NORMAL DEPARTURE LAST
                VALUE   (LST)  VALUE       VALUE  FROM      YEAR
                                                  NORMAL
..................................................................
TEMPERATURE (F)
 YESTERDAY
  MAXIMUM         75    255 PM  97    1976  64     11       52
  MINIMUM         59   1136 PM  26    1982  42     17       33
                                      1904
  AVERAGE         67                        53     14       43

PRECIPITATION (IN)
  YESTERDAY        0.27          1.50 1998   0.13   0.14      T
  MONTH TO DATE    2.49                      2.61  -0.12     2.21
  SINCE MAR 1      6.78                      6.09   0.69     4.89
  SINCE JAN 1     12.86                     11.62   1.24    13.67

DEGREE DAYS
 HEATING
  YESTERDAY        0                        12    -12       22
  MONTH TO DATE  192                       305   -113      398
  SINCE MAR 1    976                      1048    -72     1222
  SINCE JUL 1   4806                      5090   -284     5011

 COOLING
  YESTERDAY        2                         0      2        0
  MONTH TO DATE   12                         0     12       10
  SINCE MAR 1     12                         0     12       10
  SINCE JAN 1     12                         0     12       11
..................................................................


WIND (MPH)
  HIGHEST WIND SPEED    23   HIGHEST WIND DIRECTION     S (190)
  HIGHEST GUST SPEED    34   HIGHEST GUST DIRECTION     S (200)
  AVERAGE WIND SPEED    10.1


SKY COVER
  POSSIBLE SUNSHINE  MM
  AVERAGE SKY COVER 0.7


WEATHER CONDITIONS
 THE FOLLOWING WEATHER WAS RECORDED YESTERDAY.
  HEAVY RAIN
  RAIN
  LIGHT RAIN
  FOG


RELATIVE HUMIDITY (PERCENT)
 HIGHEST    93           400 AM
 LOWEST     35           400 PM
 AVERAGE    64

..........................................................


THE READING PA CLIMATE NORMALS FOR TODAY
                         NORMAL    RECORD    YEAR
 MAXIMUM TEMPERATURE (F)   65        92      1976
 MINIMUM TEMPERATURE (F)   42        29      2018
                                             1981


SUNRISE AND SUNSET
APRIL 21 2019.........SUNRISE   617 AM EDT   SUNSET   749 PM EDT
APRIL 22 2019.........SUNRISE   616 AM EDT   SUNSET   750 PM EDT


-  INDICATES NEGATIVE NUMBERS.
R  INDICATES RECORD WAS SET OR TIED.
MM INDICATES DATA IS MISSING.
T  INDICATES TRACE AMOUNT.




$$
