000
CDUS41 KPHI 252144
CLIRDG


CLIMATE REPORT
NATIONAL WEATHER SERVICE MOUNT HOLLY NJ
543 PM EDT WED APR 25 2018


...................................

...THE READING PA CLIMATE SUMMARY FOR APRIL 25 2018...
VALID TODAY AS OF 0500 PM LOCAL TIME.

CLIMATE NORMAL PERIOD 1981 TO 2010
CLIMATE RECORD PERIOD 1869 TO 2018


WEATHER ITEM   OBSERVED TIME   RECORD YEAR NORMAL DEPARTURE LAST
                VALUE   (LST)  VALUE       VALUE  FROM      YEAR
                                                  NORMAL
..................................................................
TEMPERATURE (F)
 TODAY
  MAXIMUM         63    336 PM  94    1915  66     -3       58
  MINIMUM         52    115 AM  31    2015  43      9       51
                                      1999
                                      1956
  AVERAGE         58                        55      3       55

PRECIPITATION (IN)
  TODAY            0.59          2.25 1889   0.12   0.47     0.18
  MONTH TO DATE    2.90                      3.22  -0.32     2.07
  SINCE MAR 1      5.58                      6.70  -1.12     6.09
  SINCE JAN 1     14.36                     12.23   2.13     9.48

DEGREE DAYS
 HEATING
  TODAY            7                        11     -4       10
  MONTH TO DATE  462                       362    100      228
  SINCE MAR 1   1286                      1105    181     1022
  SINCE JUL 1   5075                      5147    -72     4384

 COOLING
  TODAY            0                         0      0        0
  MONTH TO DATE   10                         0     10        7
  SINCE MAR 1     10                         0     10        7
  SINCE JAN 1     11                         0     11        7
..................................................................


WIND (MPH)
  HIGHEST WIND SPEED    12   HIGHEST WIND DIRECTION     E (70)
  HIGHEST GUST SPEED    16   HIGHEST GUST DIRECTION     E (70)
  AVERAGE WIND SPEED     5.3


SKY COVER
  POSSIBLE SUNSHINE  MM
  AVERAGE SKY COVER 0.9


WEATHER CONDITIONS
 THE FOLLOWING WEATHER WAS RECORDED TODAY.
  HEAVY RAIN
  RAIN
  LIGHT RAIN
  FOG


RELATIVE HUMIDITY (PERCENT)
 HIGHEST   100           200 AM
 LOWEST     90           200 PM
 AVERAGE    95

..........................................................


THE READING PA CLIMATE NORMALS FOR TOMORROW
                         NORMAL    RECORD    YEAR
 MAXIMUM TEMPERATURE (F)   66        91      1990
 MINIMUM TEMPERATURE (F)   44        27      1972


SUNRISE AND SUNSET
APRIL 25 2018.........SUNRISE   611 AM EDT   SUNSET   753 PM EDT
APRIL 26 2018.........SUNRISE   610 AM EDT   SUNSET   754 PM EDT


-  INDICATES NEGATIVE NUMBERS.
R  INDICATES RECORD WAS SET OR TIED.
MM INDICATES DATA IS MISSING.
T  INDICATES TRACE AMOUNT.




$$
