000
CDUS41 KPHI 180555
CLIRDG


CLIMATE REPORT
NATIONAL WEATHER SERVICE MOUNT HOLLY NJ
153 AM EDT TUE JUN 18 2019


...................................

...THE READING PA CLIMATE SUMMARY FOR JUNE 17 2019...

CLIMATE NORMAL PERIOD 1981 TO 2010
CLIMATE RECORD PERIOD 1869 TO 2019


WEATHER ITEM   OBSERVED TIME   RECORD YEAR NORMAL DEPARTURE LAST
                VALUE   (LST)  VALUE       VALUE  FROM      YEAR
                                                  NORMAL
..................................................................
TEMPERATURE (F)
 YESTERDAY
  MAXIMUM         77    539 PM  97    1957  82     -5       90
  MINIMUM         67    436 AM  44    1980  61      6       60
  AVERAGE         72                        71      1       75

PRECIPITATION (IN)
  YESTERDAY        0.02          2.26 1922   0.14  -0.12     0.00
  MONTH TO DATE    1.76                      2.36  -0.60     2.71
  SINCE JUN 1      1.76                      2.36  -0.60     2.71
  SINCE JAN 1     25.16                     19.38   5.78    22.51

DEGREE DAYS
 HEATING
  YESTERDAY        0                         1     -1        0
  MONTH TO DATE   16                        23     -7        8
  SINCE JUN 1     16                        23     -7        8
  SINCE JUL 1   4985                      5391   -406     5187

 COOLING
  YESTERDAY        7                         7      0       10
  MONTH TO DATE   69                        85    -16       80
  SINCE JUN 1     69                        85    -16       80
  SINCE JAN 1    174                       145     29      196
..................................................................


WIND (MPH)
  HIGHEST WIND SPEED     9   HIGHEST WIND DIRECTION     N (10)
  HIGHEST GUST SPEED    12   HIGHEST GUST DIRECTION     N (20)
  AVERAGE WIND SPEED     2.6


SKY COVER
  POSSIBLE SUNSHINE  MM
  AVERAGE SKY COVER 0.6


WEATHER CONDITIONS
 THE FOLLOWING WEATHER WAS RECORDED YESTERDAY.
  LIGHT RAIN


RELATIVE HUMIDITY (PERCENT)
 HIGHEST   100           200 AM
 LOWEST     79          1100 AM
 AVERAGE    90

..........................................................


THE READING PA CLIMATE NORMALS FOR TODAY
                         NORMAL    RECORD    YEAR
 MAXIMUM TEMPERATURE (F)   82        97      1957
 MINIMUM TEMPERATURE (F)   61        47      1980


SUNRISE AND SUNSET
JUNE 18 2019..........SUNRISE   533 AM EDT   SUNSET   837 PM EDT
JUNE 19 2019..........SUNRISE   534 AM EDT   SUNSET   837 PM EDT


-  INDICATES NEGATIVE NUMBERS.
R  INDICATES RECORD WAS SET OR TIED.
MM INDICATES DATA IS MISSING.
T  INDICATES TRACE AMOUNT.




$$
