000
CDUS41 KPHI 190556
CLIRDG


CLIMATE REPORT
NATIONAL WEATHER SERVICE MOUNT HOLLY NJ
155 AM EDT MON AUG 19 2019


...................................

...THE READING PA CLIMATE SUMMARY FOR AUGUST 18 2019...

CLIMATE NORMAL PERIOD 1981 TO 2010
CLIMATE RECORD PERIOD 1869 TO 2019


WEATHER ITEM   OBSERVED TIME   RECORD YEAR NORMAL DEPARTURE LAST
                VALUE   (LST)  VALUE       VALUE  FROM      YEAR
                                                  NORMAL
..................................................................
TEMPERATURE (F)
 YESTERDAY
  MAXIMUM         93    319 PM  96    2002  83     10       86
                                      1913
  MINIMUM         70   1159 PM  44    1981  63      7       70
  AVERAGE         82                        73      9       78

PRECIPITATION (IN)
  YESTERDAY        0.20          3.23 1955   0.13   0.07     0.02
  MONTH TO DATE    1.50                      2.09  -0.59    10.27
  SINCE JUN 1     16.39                     10.39   6.00    21.04
  SINCE JAN 1     39.79                     27.41  12.38    40.84

DEGREE DAYS
 HEATING
  YESTERDAY        0                         0      0        0
  MONTH TO DATE    0                         0      0        0
  SINCE JUN 1     16                        25     -9        8
  SINCE JUL 1      0                         1     -1        0

 COOLING
  YESTERDAY       17                         8      9       13
  MONTH TO DATE  218                       158     60      241
  SINCE JUN 1    851                       650    201      803
  SINCE JAN 1    956                       710    246      919
..................................................................


WIND (MPH)
  HIGHEST WIND SPEED    32   HIGHEST WIND DIRECTION    SW (210)
  HIGHEST GUST SPEED    40   HIGHEST GUST DIRECTION    SW (230)
  AVERAGE WIND SPEED     4.5


SKY COVER
  POSSIBLE SUNSHINE  MM
  AVERAGE SKY COVER 0.4


WEATHER CONDITIONS
 THE FOLLOWING WEATHER WAS RECORDED YESTERDAY.
  THUNDERSTORM
  HEAVY RAIN
  RAIN
  LIGHT RAIN
  FOG


RELATIVE HUMIDITY (PERCENT)
 HIGHEST   100          1200 AM
 LOWEST     56           200 PM
 AVERAGE    78

..........................................................


THE READING PA CLIMATE NORMALS FOR TODAY
                         NORMAL    RECORD    YEAR
 MAXIMUM TEMPERATURE (F)   83        94      1955
                                             1914
 MINIMUM TEMPERATURE (F)   62        45      1977


SUNRISE AND SUNSET
AUGUST 19 2019........SUNRISE   618 AM EDT   SUNSET   756 PM EDT
AUGUST 20 2019........SUNRISE   619 AM EDT   SUNSET   754 PM EDT


-  INDICATES NEGATIVE NUMBERS.
R  INDICATES RECORD WAS SET OR TIED.
MM INDICATES DATA IS MISSING.
T  INDICATES TRACE AMOUNT.




$$
