000
CDUS46 KPDT 170035
CLIRDM

CLIMATE REPORT
NATIONAL WEATHER SERVICE PENDLETON OR
534 PM PDT SUN JUN 16 2019


...................................

...THE REDMOND OR CLIMATE SUMMARY FOR JUNE 16 2019...
VALID TODAY AS OF 0500 PM LOCAL TIME.

CLIMATE NORMAL PERIOD 1981 TO 2010
CLIMATE RECORD PERIOD 1949 TO 2019


WEATHER ITEM   OBSERVED TIME   RECORD YEAR NORMAL DEPARTURE LAST
                VALUE   (LST)  VALUE       VALUE  FROM      YEAR
                                                  NORMAL
..................................................................
TEMPERATURE (F)
 TODAY
  MAXIMUM         88    249 PM 100    1961  76     12       73
  MINIMUM         48    432 AM  28    1998  41      7       35
  AVERAGE         68                        58     10       54

PRECIPITATION (IN)
  TODAY            0.00          0.18 1979   0.02  -0.02     0.00
  MONTH TO DATE    0.16                      0.41  -0.25     0.22
  SINCE OCT 1      8.41                      7.21   1.20     4.16
  SINCE JAN 1      7.04                      4.45   2.59     3.05

DEGREE DAYS
 HEATING
  TODAY            0                         7     -7       11
  MONTH TO DATE   56                       139    -83      116
  SINCE JUN 1     56                       139    -83      116
  SINCE JUL 1   6231                      6635   -404     6087

 COOLING
  TODAY            3                         1      2        0
  MONTH TO DATE   26                         6     20        3
  SINCE JUN 1     26                         6     20        3
  SINCE JAN 1     26                        11     15        9
..................................................................


WIND (MPH)
  RESULTANT WIND SPEED   3   RESULTANT WIND DIRECTION   N (10)
  HIGHEST WIND SPEED    17   HIGHEST WIND DIRECTION     N (350)
  HIGHEST GUST SPEED    24   HIGHEST GUST DIRECTION     N (20)
  AVERAGE WIND SPEED     7.0


SKY COVER
  POSSIBLE SUNSHINE  MM
  AVERAGE SKY COVER 0.0


WEATHER CONDITIONS
 THE FOLLOWING WEATHER WAS RECORDED TODAY.
  NO SIGNIFICANT WEATHER WAS OBSERVED.


RELATIVE HUMIDITY (PERCENT)
 HIGHEST    71           400 AM
 LOWEST     16           400 PM
 AVERAGE    44

..........................................................


THE REDMOND OR CLIMATE NORMALS FOR TOMORROW
                         NORMAL    RECORD    YEAR
 MAXIMUM TEMPERATURE (F)   76        96      1961
 MINIMUM TEMPERATURE (F)   41        29      1991


SUNRISE AND SUNSET
JUNE 16 2019..........SUNRISE   520 AM PDT   SUNSET   851 PM PDT
JUNE 17 2019..........SUNRISE   520 AM PDT   SUNSET   851 PM PDT


-  INDICATES NEGATIVE NUMBERS.
R  INDICATES RECORD WAS SET OR TIED.
MM INDICATES DATA IS MISSING.
T  INDICATES TRACE AMOUNT.




$$
