000
CDUS46 KPDT 220030 RRA
CLIRDM

CLIMATE REPORT
NATIONAL WEATHER SERVICE PENDLETON OR
530 PM PDT SUN APR 21 2019


...................................

...THE REDMOND OR CLIMATE SUMMARY FOR APRIL 21 2019...
VALID TODAY AS OF 0500 PM LOCAL TIME.

CLIMATE NORMAL PERIOD 1981 TO 2010
CLIMATE RECORD PERIOD 1949 TO 2019


WEATHER ITEM   OBSERVED TIME   RECORD YEAR NORMAL DEPARTURE LAST
                VALUE   (LST)  VALUE       VALUE  FROM      YEAR
                                                  NORMAL
..................................................................
TEMPERATURE (F)
 TODAY
  MAXIMUM         65    336 PM  84    2009  61      4       61
                                      1986
  MINIMUM         32    537 AM  11    2008  30      2       30
  AVERAGE         49                        45      4       46

PRECIPITATION (IN)
  TODAY           MM             0.15 1989   0.03  MM        0.00
  MONTH TO DATE    1.34                      0.49   0.85     0.52
  SINCE OCT 1      6.64                      5.53   1.11     2.84
  SINCE JAN 1      5.27                      2.77   2.50     1.73

DEGREE DAYS
 HEATING
  TODAY           16                        20     -4       19
  MONTH TO DATE  353                       451    -98      423
  SINCE MAR 1   1294                      1229     65     1194
  SINCE JUL 1   5727                      5902   -175     5624

 COOLING
  TODAY            0                         0      0        0
  MONTH TO DATE    0                         0      0        0
  SINCE MAR 1      0                         0      0        0
  SINCE JAN 1      0                         0      0        0
..................................................................


WIND (MPH)
  RESULTANT WIND SPEED   0   RESULTANT WIND DIRECTION  SE (130)
  HIGHEST WIND SPEED    14   HIGHEST WIND DIRECTION     N (340)
  HIGHEST GUST SPEED    19   HIGHEST GUST DIRECTION     N (340)
  AVERAGE WIND SPEED     3.9


SKY COVER
  POSSIBLE SUNSHINE  MM
  AVERAGE SKY COVER 0.0


WEATHER CONDITIONS
 THE FOLLOWING WEATHER WAS RECORDED TODAY.
  NO SIGNIFICANT WEATHER WAS OBSERVED.


RELATIVE HUMIDITY (PERCENT)
 HIGHEST    92          1200 AM
 LOWEST     31           400 PM
 AVERAGE    62

..........................................................


THE REDMOND OR CLIMATE NORMALS FOR TOMORROW
                         NORMAL    RECORD    YEAR
 MAXIMUM TEMPERATURE (F)   61        86      2012
 MINIMUM TEMPERATURE (F)   30        15      2011
                                             1972


SUNRISE AND SUNSET
APRIL 21 2019.........SUNRISE   611 AM PDT   SUNSET   756 PM PDT
APRIL 22 2019.........SUNRISE   610 AM PDT   SUNSET   757 PM PDT


-  INDICATES NEGATIVE NUMBERS.
R  INDICATES RECORD WAS SET OR TIED.
MM INDICATES DATA IS MISSING.
T  INDICATES TRACE AMOUNT.




$$
