000
CDUS46 KBOI 190931
CLIREO


CLIMATE REPORT
NATIONAL WEATHER SERVICE BOISE ID
330 AM MDT WED JUN 19 2019


...................................

...THE ROME OR CLIMATE SUMMARY FOR JUNE 18 2019...

CLIMATE NORMAL PERIOD 1981 TO 2010
CLIMATE RECORD PERIOD 9999 TO 9999


WEATHER ITEM   OBSERVED TIME   NORMAL DEPARTURE LAST
                VALUE   (LST)  VALUE  FROM      YEAR
                                      NORMAL
......................................................
TEMPERATURE (F)
 YESTERDAY
  MAXIMUM         89    410 PM  82      7       61
  MINIMUM         50    545 AM  45      5       51
  AVERAGE         70            64      6       56

PRECIPITATION (IN)
  YESTERDAY        0.00          0.02  -0.02     0.78
  MONTH TO DATE    0.39          0.60  -0.21     1.11
  SINCE OCT 1      8.94          7.59   1.35     5.65
  SINCE JAN 1      7.12          5.40   1.72     3.77

DEGREE DAYS
 HEATING
  YESTERDAY        0             3     -3        9
  MONTH TO DATE   61           100    -39       52
  SINCE JUN 1     61           100    -39       52
  SINCE JUL 1   6058          6556   -498     5761

 COOLING
  YESTERDAY        5             2      3        0
  MONTH TO DATE   41            23     18       37
  SINCE JUN 1     41            23     18       37
  SINCE JAN 1     46            33     13       48
......................................................


WIND (MPH)
  RESULTANT WIND SPEED   4   RESULTANT WIND DIRECTION  NW (300)
  HIGHEST WIND SPEED    21   HIGHEST WIND DIRECTION    NW (320)
  HIGHEST GUST SPEED    26   HIGHEST GUST DIRECTION    NW (320)
  AVERAGE WIND SPEED     9.5


SKY COVER
  AVERAGE SKY COVER 0.0


WEATHER CONDITIONS
 THE FOLLOWING WEATHER WAS RECORDED YESTERDAY.
  NO SIGNIFICANT WEATHER WAS OBSERVED.


RELATIVE HUMIDITY (PERCENT)
 HIGHEST    63           300 AM
 LOWEST     12           100 PM
 AVERAGE    38

..........................................................


THE ROME OR CLIMATE NORMALS FOR TODAY
                         NORMAL    RECORD    YEAR
 MAXIMUM TEMPERATURE (F)   83        MM        MM
 MINIMUM TEMPERATURE (F)   46        MM        MM


SUNRISE AND SUNSET
JUNE 19 2019..........SUNRISE   514 AM PDT   SUNSET   832 PM PDT
JUNE 20 2019..........SUNRISE   514 AM PDT   SUNSET   832 PM PDT


-  INDICATES NEGATIVE NUMBERS.
R  INDICATES RECORD WAS SET OR TIED.
MM INDICATES DATA IS MISSING.
T  INDICATES TRACE AMOUNT.




$$
