000
CDUS46 KBOI 200933
CLIREO


CLIMATE REPORT
NATIONAL WEATHER SERVICE BOISE ID
333 AM MDT FRI APR 20 2018


...................................

...THE ROME OR CLIMATE SUMMARY FOR APRIL 19 2018...

CLIMATE NORMAL PERIOD 1981 TO 2010
CLIMATE RECORD PERIOD 9999 TO 9999


WEATHER ITEM   OBSERVED TIME   NORMAL DEPARTURE LAST
                VALUE   (LST)  VALUE  FROM      YEAR
                                      NORMAL
......................................................
TEMPERATURE (F)
 YESTERDAY
  MAXIMUM         65    537 PM  62      3       67
  MINIMUM         36    633 AM  31      5       32
  AVERAGE         51            46      5       50

PRECIPITATION (IN)
  YESTERDAY        0.03          0.04  -0.01     0.00
  MONTH TO DATE    0.27          0.59  -0.32     0.43
  SINCE OCT 1      3.37          5.17  -1.80     6.80
  SINCE JAN 1      1.49          2.98  -1.49     4.42

DEGREE DAYS
 HEATING
  YESTERDAY       14            19     -5       15
  MONTH TO DATE  321           393    -72      342
  SINCE MAR 1   1056          1174   -118      889
  SINCE JUL 1   5404          5908   -504     5469

 COOLING
  YESTERDAY        0             0      0        0
  MONTH TO DATE    0             0      0        0
  SINCE MAR 1      0             0      0        0
  SINCE JAN 1      0             0      0        0
......................................................


WIND (MPH)
  RESULTANT WIND SPEED   8   RESULTANT WIND DIRECTION  NW (320)
  HIGHEST WIND SPEED    24   HIGHEST WIND DIRECTION    NW (310)
  HIGHEST GUST SPEED    32   HIGHEST GUST DIRECTION     N (340)
  AVERAGE WIND SPEED    12.4


SKY COVER
  AVERAGE SKY COVER 0.0


WEATHER CONDITIONS
 THE FOLLOWING WEATHER WAS RECORDED YESTERDAY.
  LIGHT RAIN


RELATIVE HUMIDITY (PERCENT)
 HIGHEST    92           300 AM
 LOWEST     17           500 PM
 AVERAGE    55

..........................................................


THE ROME OR CLIMATE NORMALS FOR TODAY
                         NORMAL    RECORD    YEAR
 MAXIMUM TEMPERATURE (F)   62        MM        MM
 MINIMUM TEMPERATURE (F)   31        MM        MM


SUNRISE AND SUNSET
APRIL 20 2018.........SUNRISE   602 AM PDT   SUNSET   739 PM PDT
APRIL 21 2018.........SUNRISE   601 AM PDT   SUNSET   740 PM PDT


-  INDICATES NEGATIVE NUMBERS.
R  INDICATES RECORD WAS SET OR TIED.
MM INDICATES DATA IS MISSING.
T  INDICATES TRACE AMOUNT.




$$
