000
CDUS43 KLOT 152133
CLIRFD


CLIMATE REPORT
NATIONAL WEATHER SERVICE CHICAGO IL
432 PM CDT SAT JUN 15 2019


...................................

...THE ROCKFORD IL CLIMATE SUMMARY FOR JUNE 15 2019...
VALID TODAY AS OF 0400 PM LOCAL TIME.

CLIMATE NORMAL PERIOD 1981 TO 2010
CLIMATE RECORD PERIOD 1905 TO 2019


WEATHER ITEM   OBSERVED TIME   RECORD YEAR NORMAL DEPARTURE LAST
                VALUE   (LST)  VALUE       VALUE  FROM      YEAR
                                                  NORMAL
..................................................................
TEMPERATURE (F)
 TODAY
  MAXIMUM         72   1004 AM  95    1994  81     -9       87
  MINIMUM         61    431 AM  39    1927  59      2       61
  AVERAGE         67                        70     -3       74

PRECIPITATION (IN)
  TODAY            T             2.59 2018   0.16  -0.16     2.59
  MONTH TO DATE    1.71                      2.43  -0.72     6.18
  SINCE JUN 1      1.71                      2.43  -0.72     6.18
  SINCE JAN 1     23.29                     14.90   8.39    18.19

SNOWFALL (IN)
  TODAY            0.0           0.0    MM   0.0    0.0      0.0
  MONTH TO DATE    0.0                       0.0    0.0      0.0
  SINCE JUN 1      0.0                       0.0    0.0      0.0
  SINCE JUL 1     57.8                      36.7   21.1     34.8

DEGREE DAYS
 HEATING
  TODAY            0                         1     -1        0
  MONTH TO DATE   15                        24     -9        1
  SINCE JUN 1     15                        24     -9        1
  SINCE JUL 1   6915                      6562    353     6634

 COOLING
  TODAY            2                         6     -4        9
  MONTH TO DATE   53                        65    -12       57
  SINCE JUN 1     53                        65    -12       57
  SINCE JAN 1     78                       120    -42      172
..................................................................


WIND (MPH)
  HIGHEST WIND SPEED    15   HIGHEST WIND DIRECTION     S (180)
  HIGHEST GUST SPEED    19   HIGHEST GUST DIRECTION     S (200)
  AVERAGE WIND SPEED     7.4


SKY COVER
  POSSIBLE SUNSHINE  MM
  AVERAGE SKY COVER 1.0


WEATHER CONDITIONS
 THE FOLLOWING WEATHER WAS RECORDED TODAY.
  THUNDERSTORM


RELATIVE HUMIDITY (PERCENT)
 HIGHEST    93           100 PM
 LOWEST     73           900 AM
 AVERAGE    83

..........................................................


THE ROCKFORD IL CLIMATE NORMALS FOR TOMORROW
                         NORMAL    RECORD    YEAR
 MAXIMUM TEMPERATURE (F)   82        96      1994
 MINIMUM TEMPERATURE (F)   59        40      1917
                                             1914


SUNRISE AND SUNSET
JUNE 15 2019..........SUNRISE   520 AM CDT   SUNSET   834 PM CDT
JUNE 16 2019..........SUNRISE   520 AM CDT   SUNSET   835 PM CDT


-  INDICATES NEGATIVE NUMBERS.
R  INDICATES RECORD WAS SET OR TIED.
MM INDICATES DATA IS MISSING.
T  INDICATES TRACE AMOUNT.




$$
