000
CDUS43 KGRB 162132
CLIRHI


CLIMATE REPORT
NATIONAL WEATHER SERVICE GREEN BAY
432 PM CDT SUN JUN 16 2019


...................................

...THE RHINELANDER WI CLIMATE SUMMARY FOR JUNE 16 2019...
VALID TODAY AS OF 0400 PM LOCAL TIME.

CLIMATE NORMAL PERIOD 1981 TO 2010
CLIMATE RECORD PERIOD 1908 TO 2019


WEATHER ITEM   OBSERVED TIME   RECORD YEAR NORMAL DEPARTURE LAST
                VALUE   (LST)  VALUE       VALUE  FROM      YEAR
                                                  NORMAL
..................................................................
TEMPERATURE (F)
 TODAY
  MAXIMUM         73    240 PM  91    1987  75     -2       78
  MINIMUM         47    412 AM  32    1924  51     -4       62
  AVERAGE         60                        63     -3       70

PRECIPITATION (IN)
  TODAY            0.00          1.79 1979   0.12  -0.12     0.22
  MONTH TO DATE    3.42                      2.03   1.39     4.85
  SINCE JUN 1      3.42                      2.03   1.39     4.85
  SINCE JAN 1     18.88                     11.71   7.17    13.32

SNOWFALL (IN)
  TODAY            0.0           0.0    MM  MM     MM        0.0
  MONTH TO DATE    0.0                      MM     MM        0.0
  SINCE JUN 1      0.0                      MM     MM        0.0
  SINCE JUL 1    116.3                      MM     MM       99.9
  SNOW DEPTH       0

DEGREE DAYS
 HEATING
  TODAY            5                         4      1        0
  MONTH TO DATE   68                        94    -26       42
  SINCE JUN 1     68                        94    -26       42
  SINCE JUL 1   9002                      8980     22     9000

 COOLING
  TODAY            0                         2     -2        5
  MONTH TO DATE   24                        18      6       16
  SINCE JUN 1     24                        18      6       16
  SINCE JAN 1     33                        30      3       99
..................................................................


WIND (MPH)
  HIGHEST WIND SPEED    12   HIGHEST WIND DIRECTION     E (90)
  HIGHEST GUST SPEED    17   HIGHEST GUST DIRECTION     E (80)
  AVERAGE WIND SPEED     5.3


SKY COVER
  POSSIBLE SUNSHINE  MM
  AVERAGE SKY COVER 0.3


WEATHER CONDITIONS
 THE FOLLOWING WEATHER WAS RECORDED TODAY.
  NO SIGNIFICANT WEATHER WAS OBSERVED.


RELATIVE HUMIDITY (PERCENT)
 HIGHEST    66           500 AM
 LOWEST     29           300 PM
 AVERAGE    48

..........................................................


THE RHINELANDER WI CLIMATE NORMALS FOR TOMORROW
                         NORMAL    RECORD    YEAR
 MAXIMUM TEMPERATURE (F)   75        95      1910
 MINIMUM TEMPERATURE (F)   51        37      1950


SUNRISE AND SUNSET
JUNE 16 2019..........SUNRISE   508 AM CDT   SUNSET   849 PM CDT
JUNE 17 2019..........SUNRISE   508 AM CDT   SUNSET   850 PM CDT


-  INDICATES NEGATIVE NUMBERS.
R  INDICATES RECORD WAS SET OR TIED.
MM INDICATES DATA IS MISSING.
T  INDICATES TRACE AMOUNT.




$$
