000
CDUS43 KGRB 220746
CLIRHI


CLIMATE REPORT
NATIONAL WEATHER SERVICE GREEN BAY
246 AM CDT MON APR 22 2019


...................................

...THE RHINELANDER WI CLIMATE SUMMARY FOR APRIL 21 2019...

CLIMATE NORMAL PERIOD 1981 TO 2010
CLIMATE RECORD PERIOD 1908 TO 2019


WEATHER ITEM   OBSERVED TIME   RECORD YEAR NORMAL DEPARTURE LAST
                VALUE   (LST)  VALUE       VALUE  FROM      YEAR
                                                  NORMAL
..................................................................
TEMPERATURE (F)
 YESTERDAY
  MAXIMUM         65   1146 AM  89    1987  57      8       57
  MINIMUM         44   1159 PM  15    1928  32     12       27
  AVERAGE         55                        44     11       42

PRECIPITATION (IN)
  YESTERDAY        T             1.42 1912   0.09  -0.09     0.00
  MONTH TO DATE    3.30                      1.70   1.60     2.52
  SINCE MAR 1      4.34                      3.27   1.07     4.37
  SINCE JAN 1     10.34                      5.31   5.03     6.66

SNOWFALL (IN)
  YESTERDAY        0.0           3.3  2009  MM     MM        0.0
  MONTH TO DATE   11.9                      MM     MM       27.8
  SINCE MAR 1     19.2                      MM     MM       44.3
  SINCE JUL 1    116.3                      MM     MM       99.9
  SNOW DEPTH       0

DEGREE DAYS
 HEATING
  YESTERDAY       10                        21    -11       23
  MONTH TO DATE  541                       534      7      806
  SINCE MAR 1   1817                      1707    110     2046
  SINCE JUL 1   8334                      8329      5     8621

 COOLING
  YESTERDAY        0                         0      0        0
  MONTH TO DATE    0                         0      0        0
  SINCE MAR 1      0                         0      0        0
  SINCE JAN 1      0                         0      0        0
..................................................................


WIND (MPH)
  HIGHEST WIND SPEED    20   HIGHEST WIND DIRECTION     E (70)
  HIGHEST GUST SPEED    27   HIGHEST GUST DIRECTION     E (70)
  AVERAGE WIND SPEED     7.5


SKY COVER
  POSSIBLE SUNSHINE  MM
  AVERAGE SKY COVER 0.6


WEATHER CONDITIONS
 THE FOLLOWING WEATHER WAS RECORDED YESTERDAY.
  LIGHT RAIN


RELATIVE HUMIDITY (PERCENT)
 HIGHEST    65          1100 PM
 LOWEST     36          1000 AM
 AVERAGE    51

..........................................................


THE RHINELANDER WI CLIMATE NORMALS FOR TODAY
                         NORMAL    RECORD    YEAR
 MAXIMUM TEMPERATURE (F)   57        89      1980
 MINIMUM TEMPERATURE (F)   32        18      1936
                                             1927


SUNRISE AND SUNSET
APRIL 22 2019.........SUNRISE   600 AM CDT   SUNSET   753 PM CDT
APRIL 23 2019.........SUNRISE   559 AM CDT   SUNSET   754 PM CDT


-  INDICATES NEGATIVE NUMBERS.
R  INDICATES RECORD WAS SET OR TIED.
MM INDICATES DATA IS MISSING.
T  INDICATES TRACE AMOUNT.




$$
