000
CDUS41 KAKQ 252139
CLIRIC


CLIMATE REPORT
NATIONAL WEATHER SERVICE WAKEFIELD, VA
538 PM EDT TUE JUN 25 2019


...................................

...THE RICHMOND VA CLIMATE SUMMARY FOR JUNE 25 2019...
VALID TODAY AS OF 0500 PM LOCAL TIME.

CLIMATE NORMAL PERIOD 1981 TO 2010
CLIMATE RECORD PERIOD 1871 TO 2019


WEATHER ITEM   OBSERVED TIME   RECORD YEAR NORMAL DEPARTURE LAST
                VALUE   (LST)  VALUE       VALUE  FROM      YEAR
                                                  NORMAL
..................................................................
TEMPERATURE (F)
 TODAY
  MAXIMUM         91    122 PM 100    1952  89      2       86
  MINIMUM         76    422 AM  51    1979  67      9       70
  AVERAGE         84

PRECIPITATION (IN)
  TODAY            0.00          2.06 1967   0.13  -0.13      T
  MONTH TO DATE    5.14                      3.28   1.86    13.32
  SINCE JUN 1      5.14                      3.28   1.86    13.32
  SINCE JAN 1     24.22                     20.17   4.05    35.03

SNOWFALL (IN)
  TODAY            0.0
  MONTH TO DATE    0.0
  SINCE NOV 1     13.1
  SINCE JUL 1     13.1
  SNOW DEPTH       0

DEGREE DAYS
 HEATING
  TODAY            0                         0      0        0
  MONTH TO DATE    0                         5     -5        0
  SINCE JUN 1      0                         5     -5        0
  SINCE JUL 1   3492                      3771   -279     3711

 COOLING
  TODAY           19                        13      6       13
  MONTH TO DATE  242                       249     -7      287
  SINCE JUN 1    242                       249     -7      287
  SINCE JAN 1    571                       410    161      588
..................................................................


WIND (MPH)
  RESULTANT WIND SPEED   5   RESULTANT WIND DIRECTION   W (260)
  HIGHEST WIND SPEED    14   HIGHEST WIND DIRECTION     W (260)
  HIGHEST GUST SPEED    19   HIGHEST GUST DIRECTION     S (190)


SKY COVER
  POSSIBLE SUNSHINE  MM
  AVERAGE SKY COVER 0.7


WEATHER CONDITIONS
 THE FOLLOWING WEATHER WAS RECORDED TODAY.
  NO SIGNIFICANT WEATHER WAS OBSERVED.


RELATIVE HUMIDITY (PERCENT)
 HIGHEST    82
 LOWEST     44
 AVERAGE    63

..........................................................


THE RICHMOND VA CLIMATE NORMALS FOR TOMORROW
                         NORMAL    RECORD    YEAR
 MAXIMUM TEMPERATURE (F)   89       104      1952
 MINIMUM TEMPERATURE (F)   67        51      1979


SUNRISE AND SUNSET
JUNE 25 2019..........SUNRISE   550 AM EDT   SUNSET   834 PM EDT
JUNE 26 2019..........SUNRISE   550 AM EDT   SUNSET   834 PM EDT


-  INDICATES NEGATIVE NUMBERS.
R  INDICATES RECORD WAS SET OR TIED.
MM INDICATES DATA IS MISSING.
T  INDICATES TRACE AMOUNT.




$$
