000
CDUS41 KAKQ 182138
CLIRIC


CLIMATE REPORT
NATIONAL WEATHER SERVICE WAKEFIELD, VA
537 PM EDT THU APR 18 2019


...................................

...THE RICHMOND VA CLIMATE SUMMARY FOR APRIL 18 2019...
VALID TODAY AS OF 0500 PM LOCAL TIME.

CLIMATE NORMAL PERIOD 1981 TO 2010
CLIMATE RECORD PERIOD 1871 TO 2019


WEATHER ITEM   OBSERVED TIME   RECORD YEAR NORMAL DEPARTURE LAST
                VALUE   (LST)  VALUE       VALUE  FROM      YEAR
                                                  NORMAL
..................................................................
TEMPERATURE (F)
 TODAY
  MAXIMUM         83    302 PM  95    1976  71     12       74
  MINIMUM         52    603 AM  29    1951  47      5       38
  AVERAGE         68

PRECIPITATION (IN)
  TODAY            0.00          1.87 1910   0.10  -0.10     0.00
  MONTH TO DATE    2.02                      1.99   0.03     1.96
  SINCE MAR 1      5.88                      6.03  -0.15     4.29
  SINCE JAN 1     12.19                     11.83   0.36     9.74

SNOWFALL (IN)
  TODAY            0.0
  MONTH TO DATE    0.0
  SINCE NOV 1     13.1
  SINCE JUL 1     13.1
  SNOW DEPTH       0

DEGREE DAYS
 HEATING
  TODAY            0                         7     -7        9
  MONTH TO DATE  112                       170    -58      199
  SINCE MAR 1    661                       686    -25      852
  SINCE JUL 1   3451                      3622   -171     3616

 COOLING
  TODAY            3                         1      2        0
  MONTH TO DATE   25                        17      8       19
  SINCE MAR 1     30                        23      7       22
  SINCE JAN 1     30                        23      7       28
..................................................................


WIND (MPH)
  RESULTANT WIND SPEED   6   RESULTANT WIND DIRECTION   S (190)
  HIGHEST WIND SPEED    24   HIGHEST WIND DIRECTION     S (180)
  HIGHEST GUST SPEED    31   HIGHEST GUST DIRECTION     S (170)


SKY COVER
  POSSIBLE SUNSHINE  MM
  AVERAGE SKY COVER 0.8


WEATHER CONDITIONS
 THE FOLLOWING WEATHER WAS RECORDED TODAY.
  NO SIGNIFICANT WEATHER WAS OBSERVED.


RELATIVE HUMIDITY (PERCENT)
 HIGHEST    93
 LOWEST     33
 AVERAGE    63

..........................................................


THE RICHMOND VA CLIMATE NORMALS FOR TOMORROW
                         NORMAL    RECORD    YEAR
 MAXIMUM TEMPERATURE (F)   72        93      1985
                                             1941
 MINIMUM TEMPERATURE (F)   47        29      2001


SUNRISE AND SUNSET
APRIL 18 2019.........SUNRISE   631 AM EDT   SUNSET   747 PM EDT
APRIL 19 2019.........SUNRISE   629 AM EDT   SUNSET   748 PM EDT


-  INDICATES NEGATIVE NUMBERS.
R  INDICATES RECORD WAS SET OR TIED.
MM INDICATES DATA IS MISSING.
T  INDICATES TRACE AMOUNT.




$$
