000
CDUS41 KAKQ 260545
CLIRIC


CLIMATE REPORT
NATIONAL WEATHER SERVICE WAKEFIELD, VA
145 AM EDT SAT MAY 26 2018


...................................

...THE RICHMOND VA CLIMATE SUMMARY FOR MAY 25 2018...

CLIMATE NORMAL PERIOD 1981 TO 2010
CLIMATE RECORD PERIOD 1871 TO 2018


WEATHER ITEM   OBSERVED TIME   RECORD YEAR NORMAL DEPARTURE LAST
                VALUE   (LST)  VALUE       VALUE  FROM      YEAR
                                                  NORMAL
..................................................................
TEMPERATURE (F)
 YESTERDAY
  MAXIMUM         85    430 PM  93    2004  80      5       77
                                      1991
  MINIMUM         63    523 AM  39    1967  58      5       58
  AVERAGE         74                        69      5       68

PRECIPITATION (IN)
  YESTERDAY        0.00          2.25 1958   0.13  -0.13     0.22
  MONTH TO DATE   10.25                      3.00   7.25     5.35
  SINCE MAR 1     16.16                     10.31   5.85    11.31
  SINCE JAN 1     21.61                     16.11   5.50    16.31

SNOWFALL (IN)
  YESTERDAY        0.0           0.0  2002   0.0    0.0
                                      2001
  MONTH TO DATE    0.0                       0.0    0.0
  SINCE NOV 1     12.4                      10.3    2.1
  SINCE JUL 1     12.4                      10.3    2.1
  SNOW DEPTH       0

DEGREE DAYS
 HEATING
  YESTERDAY        0                         1     -1        0
  MONTH TO DATE    4                        68    -64       83
  SINCE MAR 1    947                       824    123      687
  SINCE JUL 1   3711                      3760    -49     3169

 COOLING
  YESTERDAY        9                         5      4        3
  MONTH TO DATE  196                        81    115       65
  SINCE MAR 1    218                       123     95      170
  SINCE JAN 1    224                       123    101      170
..................................................................


WIND (MPH)
  HIGHEST WIND SPEED    17   HIGHEST WIND DIRECTION     S (200)
  HIGHEST GUST SPEED    22   HIGHEST GUST DIRECTION    SW (220)
  AVERAGE WIND SPEED     7.0


SKY COVER
  POSSIBLE SUNSHINE  MM
  AVERAGE SKY COVER 0.3


WEATHER CONDITIONS
 THE FOLLOWING WEATHER WAS RECORDED YESTERDAY.
  NO SIGNIFICANT WEATHER WAS OBSERVED.


RELATIVE HUMIDITY (PERCENT)
 HIGHEST    90           500 AM
 LOWEST     48           300 PM
 AVERAGE    69

..........................................................


THE RICHMOND VA CLIMATE NORMALS FOR TODAY
                         NORMAL    RECORD    YEAR
 MAXIMUM TEMPERATURE (F)   80        94      1991
                                             1984
                                             1953
 MINIMUM TEMPERATURE (F)   58        42      1925


SUNRISE AND SUNSET
MAY 26 2018...........SUNRISE   553 AM EDT   SUNSET   821 PM EDT
MAY 27 2018...........SUNRISE   552 AM EDT   SUNSET   821 PM EDT


-  INDICATES NEGATIVE NUMBERS.
R  INDICATES RECORD WAS SET OR TIED.
MM INDICATES DATA IS MISSING.
T  INDICATES TRACE AMOUNT.




$$
