000
CDUS45 KGJT 160726
CLIRIL


CLIMATE REPORT
NATIONAL WEATHER SERVICE GRAND JUNCTION CO
125 AM MDT SUN JUN 16 2019


...................................

...THE RIFLE CO CLIMATE SUMMARY FOR JUNE 15 2019...

CLIMATE NORMAL PERIOD 1981 TO 2010
CLIMATE RECORD PERIOD 9999 TO 9999


WEATHER ITEM   OBSERVED TIME   RECORD YEAR NORMAL DEPARTURE LAST
                VALUE   (LST)  VALUE       VALUE  FROM      YEAR
                                                  NORMAL
..................................................................
TEMPERATURE (F)
 YESTERDAY
  MAXIMUM         84    211 PM  MM      MM  85     -1       93
  MINIMUM         47    510 AM  MM      MM  47      0       61
  AVERAGE         66                        66      0       77

PRECIPITATION (IN)
  YESTERDAY        0.09         MM      MM   0.04   0.05     0.00
  MONTH TO DATE    0.13                      0.61  -0.48     0.00
  SINCE JUN 1      0.13                      0.61  -0.48     0.00
  SINCE JAN 1      7.73                      6.03   1.70     3.97

SNOWFALL (IN)
  YESTERDAY       MM            MM      MM  MM     MM       MM
  MONTH TO DATE   MM                        MM     MM       MM
  SINCE JUN 1     MM                        MM     MM       MM
  SINCE JUL 1     MM                        MM     MM       MM
  SNOW DEPTH      MM

DEGREE DAYS
 HEATING
  YESTERDAY        0                         2     -2        0
  MONTH TO DATE   19                        48    -29        1
  SINCE JUN 1     19                        48    -29        1
  SINCE JUL 1   6632                      6614     18     5693

 COOLING
  YESTERDAY        1                         3     -2       12
  MONTH TO DATE   14                        30    -16       83
  SINCE JUN 1     14                        30    -16       83
  SINCE JAN 1     14                        37    -23      101
..................................................................


WIND (MPH)
  HIGHEST WIND SPEED    22   HIGHEST WIND DIRECTION     N (350)
  HIGHEST GUST SPEED    31   HIGHEST GUST DIRECTION     N (340)
  AVERAGE WIND SPEED     4.0


SKY COVER
  POSSIBLE SUNSHINE  MM
  AVERAGE SKY COVER 0.1


WEATHER CONDITIONS
 THE FOLLOWING WEATHER WAS RECORDED YESTERDAY.
  THUNDERSTORM
  RAIN
  LIGHT RAIN


RELATIVE HUMIDITY (PERCENT)
 HIGHEST    71           400 AM
 LOWEST     17           200 PM
 AVERAGE    44

..........................................................


THE RIFLE CO CLIMATE NORMALS FOR TODAY
                         NORMAL    RECORD    YEAR
 MAXIMUM TEMPERATURE (F)   85        MM        MM
 MINIMUM TEMPERATURE (F)   48        MM        MM


SUNRISE AND SUNSET
JUNE 16 2019..........SUNRISE   543 AM MDT   SUNSET   840 PM MDT
JUNE 17 2019..........SUNRISE   543 AM MDT   SUNSET   841 PM MDT


-  INDICATES NEGATIVE NUMBERS.
R  INDICATES RECORD WAS SET OR TIED.
MM INDICATES DATA IS MISSING.
T  INDICATES TRACE AMOUNT.




$$
