000
CDUS45 KRIW 240745
CLIRIW


CLIMATE REPORT
NATIONAL WEATHER SERVICE RIVERTON WY
144 AM MDT MON JUN 24 2019


...................................

...THE RIVERTON WY CLIMATE SUMMARY FOR JUNE 23 2019...

CLIMATE NORMAL PERIOD 1981 TO 2010
CLIMATE RECORD PERIOD 1995 TO 2019


WEATHER ITEM   OBSERVED TIME   RECORD YEAR NORMAL DEPARTURE LAST
                VALUE   (LST)  VALUE       VALUE  FROM      YEAR
                                                  NORMAL
..................................................................
TEMPERATURE (F)
 YESTERDAY
  MAXIMUM         70    521 PM  98    2007  81    -11       77
  MINIMUM         44    457 AM  41    2013  51     -7       49
  AVERAGE         57                        66     -9       63

PRECIPITATION (IN)
  YESTERDAY        T             0.66 2003   0.04  -0.04     0.06
  MONTH TO DATE    0.16                      1.03  -0.87     1.12
  SINCE JUN 1      0.16                      1.03  -0.87     1.12
  SINCE JAN 1      7.69                      5.11   2.58     7.12

SNOWFALL (IN)
  YESTERDAY        0.0                                        T
  MONTH TO DATE    0.0                                        T
  SINCE JUN 1      0.0                                        T
  SINCE JUL 1     49.1                                      48.3
  SNOW DEPTH       0

DEGREE DAYS
 HEATING
  YESTERDAY        8                         2      6        2
  MONTH TO DATE  110                       107      3       68
  SINCE JUN 1    110                       107      3       68
  SINCE JUL 1   8501                      7858    643     7669

 COOLING
  YESTERDAY        0                         3     -3        0
  MONTH TO DATE    6                        40    -34       41
  SINCE JUN 1      6                        40    -34       41
  SINCE JAN 1      6                        49    -43       45
..................................................................


WIND (MPH)
  HIGHEST WIND SPEED    21   HIGHEST WIND DIRECTION     W (290)
  HIGHEST GUST SPEED    23   HIGHEST GUST DIRECTION     S (200)
  AVERAGE WIND SPEED     6.7


SKY COVER
  POSSIBLE SUNSHINE  MM
  AVERAGE SKY COVER 0.5


WEATHER CONDITIONS
 THE FOLLOWING WEATHER WAS RECORDED YESTERDAY.
  LIGHT RAIN


RELATIVE HUMIDITY (PERCENT)
 HIGHEST    76           400 AM
 LOWEST     24           100 PM
 AVERAGE    50

..........................................................


THE RIVERTON WY CLIMATE NORMALS FOR TODAY
                         NORMAL    RECORD    YEAR
 MAXIMUM TEMPERATURE (F)   81        99      2012
 MINIMUM TEMPERATURE (F)   51        41      2017
                                             2003


SUNRISE AND SUNSET
JUNE 24 2019..........SUNRISE   535 AM MDT   SUNSET   857 PM MDT
JUNE 25 2019..........SUNRISE   536 AM MDT   SUNSET   857 PM MDT


-  INDICATES NEGATIVE NUMBERS.
R  INDICATES RECORD WAS SET OR TIED.
MM INDICATES DATA IS MISSING.
T  INDICATES TRACE AMOUNT.




$$
