000
CDUS45 KRIW 250737
CLIRKS


CLIMATE REPORT
NATIONAL WEATHER SERVICE RIVERTON WY
136 AM MDT FRI MAY 25 2018


...................................

...THE ROCK SPRINGS WY CLIMATE SUMMARY FOR MAY 24 2018...

CLIMATE NORMAL PERIOD 1981 TO 2010
CLIMATE RECORD PERIOD 1948 TO 2018


WEATHER ITEM   OBSERVED TIME   RECORD YEAR NORMAL DEPARTURE LAST
                VALUE   (LST)  VALUE       VALUE  FROM      YEAR
                                                  NORMAL
..................................................................
TEMPERATURE (F)
 YESTERDAY
  MAXIMUM         74    254 PM  80    2003  67      7       76
                                      2001
  MINIMUM         43    455 AM  30    2007  40      3       49
  AVERAGE         59                        53      6       63

PRECIPITATION (IN)
  YESTERDAY        0.00          0.94 1957   0.03  -0.03      T
  MONTH TO DATE    1.10                      0.94   0.16     0.62
  SINCE MAR 1      1.60                      2.53  -0.93     2.60
  SINCE JAN 1      1.79                      3.46  -1.67     3.50

DEGREE DAYS
 HEATING
  YESTERDAY        6                        12     -6        2
  MONTH TO DATE  289                       368    -79      344
  SINCE MAR 1   1873                      2048   -175     1798
  SINCE JUL 1   7139                      7900   -761     7536

 COOLING
  YESTERDAY        0                         0      0        0
  MONTH TO DATE    0                         0      0        0
  SINCE MAR 1      0                         0      0        0
  SINCE JAN 1      0                         0      0        0
..................................................................


WIND (MPH)
  HIGHEST WIND SPEED    21   HIGHEST WIND DIRECTION     W (270)
  HIGHEST GUST SPEED    29   HIGHEST GUST DIRECTION     W (250)
  AVERAGE WIND SPEED     9.3


SKY COVER
  POSSIBLE SUNSHINE  MM
  AVERAGE SKY COVER 0.2


WEATHER CONDITIONS
 THE FOLLOWING WEATHER WAS RECORDED YESTERDAY.
  NO SIGNIFICANT WEATHER WAS OBSERVED.


RELATIVE HUMIDITY (PERCENT)
 HIGHEST    76           200 AM
 LOWEST     23           300 PM
 AVERAGE    50

..........................................................


THE ROCK SPRINGS WY CLIMATE NORMALS FOR TODAY
                         NORMAL    RECORD    YEAR
 MAXIMUM TEMPERATURE (F)   67        82      2003
 MINIMUM TEMPERATURE (F)   40        26      1975


SUNRISE AND SUNSET
MAY 25 2018...........SUNRISE   548 AM MDT   SUNSET   838 PM MDT
MAY 26 2018...........SUNRISE   548 AM MDT   SUNSET   839 PM MDT


-  INDICATES NEGATIVE NUMBERS.
R  INDICATES RECORD WAS SET OR TIED.
MM INDICATES DATA IS MISSING.
T  INDICATES TRACE AMOUNT.




$$
