000
CDUS45 KRIW 190743
CLIRKS


CLIMATE REPORT
NATIONAL WEATHER SERVICE RIVERTON WY
142 AM MDT FRI APR 19 2019


...................................

...THE ROCK SPRINGS WY CLIMATE SUMMARY FOR APRIL 18 2019...

CLIMATE NORMAL PERIOD 1981 TO 2010
CLIMATE RECORD PERIOD 1948 TO 2019


WEATHER ITEM   OBSERVED TIME   RECORD YEAR NORMAL DEPARTURE LAST
                VALUE   (LST)  VALUE       VALUE  FROM      YEAR
                                                  NORMAL
..................................................................
TEMPERATURE (F)
 YESTERDAY
  MAXIMUM         61    416 PM  73    1981  54      7       50
  MINIMUM         34    556 AM  12    2013  30      4       19
                                      1966
  AVERAGE         48                        42      6       35

PRECIPITATION (IN)
  YESTERDAY        0.00          0.72 1966   0.03  -0.03     0.00
  MONTH TO DATE    0.40                      0.50  -0.10     0.14
  SINCE MAR 1      0.61                      1.18  -0.57     0.48
  SINCE JAN 1      0.99                      2.11  -1.12     0.67

DEGREE DAYS
 HEATING
  YESTERDAY       17                        23     -6       30
  MONTH TO DATE  454                       451      3      454
  SINCE MAR 1   1639                      1428    211     1375
  SINCE JUL 1   7761                      7280    481     6641

 COOLING
  YESTERDAY        0                         0      0        0
  MONTH TO DATE    0                         0      0        0
  SINCE MAR 1      0                         0      0        0
  SINCE JAN 1      0                         0      0        0
..................................................................


WIND (MPH)
  HIGHEST WIND SPEED    29   HIGHEST WIND DIRECTION     W (270)
  HIGHEST GUST SPEED    37   HIGHEST GUST DIRECTION     W (280)
  AVERAGE WIND SPEED    18.3


SKY COVER
  POSSIBLE SUNSHINE  MM
  AVERAGE SKY COVER 0.1


WEATHER CONDITIONS
 THE FOLLOWING WEATHER WAS RECORDED YESTERDAY.
  NO SIGNIFICANT WEATHER WAS OBSERVED.


RELATIVE HUMIDITY (PERCENT)
 HIGHEST    82           600 AM
 LOWEST     25           200 PM
 AVERAGE    54

..........................................................


THE ROCK SPRINGS WY CLIMATE NORMALS FOR TODAY
                         NORMAL    RECORD    YEAR
 MAXIMUM TEMPERATURE (F)   55        75      1989
 MINIMUM TEMPERATURE (F)   30         7      1966


SUNRISE AND SUNSET
APRIL 19 2019.........SUNRISE   630 AM MDT   SUNSET   801 PM MDT
APRIL 20 2019.........SUNRISE   629 AM MDT   SUNSET   802 PM MDT


-  INDICATES NEGATIVE NUMBERS.
R  INDICATES RECORD WAS SET OR TIED.
MM INDICATES DATA IS MISSING.
T  INDICATES TRACE AMOUNT.




$$
