000
CDUS45 KRIW 190731
CLIRKS


CLIMATE REPORT
NATIONAL WEATHER SERVICE RIVERTON WY
130 AM MDT WED JUN 19 2019


...................................

...THE ROCK SPRINGS WY CLIMATE SUMMARY FOR JUNE 18 2019...

CLIMATE NORMAL PERIOD 1981 TO 2010
CLIMATE RECORD PERIOD 1948 TO 2019


WEATHER ITEM   OBSERVED TIME   RECORD YEAR NORMAL DEPARTURE LAST
                VALUE   (LST)  VALUE       VALUE  FROM      YEAR
                                                  NORMAL
..................................................................
TEMPERATURE (F)
 YESTERDAY
  MAXIMUM         70    436 PM  89    1974  76     -6       67
  MINIMUM         46    334 AM  29    1973  47     -1       49
  AVERAGE         58                        62     -4       58

PRECIPITATION (IN)
  YESTERDAY        0.05          0.39 1964   0.02   0.03     0.10
  MONTH TO DATE    0.21                      0.53  -0.32     0.11
  SINCE JUN 1      0.21                      0.53  -0.32     0.11
  SINCE JAN 1      2.59                      4.26  -1.67     2.39

DEGREE DAYS
 HEATING
  YESTERDAY        7                         5      2        7
  MONTH TO DATE  135                       128      7       57
  SINCE JUN 1    135                       128      7       57
  SINCE JUL 1   8703                      8103    600     7225

 COOLING
  YESTERDAY        0                         1     -1        0
  MONTH TO DATE    0                        10    -10       37
  SINCE JUN 1      0                        10    -10       37
  SINCE JAN 1      0                        11    -11       37
..................................................................


WIND (MPH)
  HIGHEST WIND SPEED    36   HIGHEST WIND DIRECTION     W (260)
  HIGHEST GUST SPEED    48   HIGHEST GUST DIRECTION     W (270)
  AVERAGE WIND SPEED     9.6


SKY COVER
  POSSIBLE SUNSHINE  MM
  AVERAGE SKY COVER 0.4


WEATHER CONDITIONS
 THE FOLLOWING WEATHER WAS RECORDED YESTERDAY.
  RAIN
  LIGHT RAIN


RELATIVE HUMIDITY (PERCENT)
 HIGHEST   100           400 AM
 LOWEST     34           100 PM
 AVERAGE    67

..........................................................


THE ROCK SPRINGS WY CLIMATE NORMALS FOR TODAY
                         NORMAL    RECORD    YEAR
 MAXIMUM TEMPERATURE (F)   76        91      1989
 MINIMUM TEMPERATURE (F)   48        32      1973


SUNRISE AND SUNSET
JUNE 19 2019..........SUNRISE   542 AM MDT   SUNSET   853 PM MDT
JUNE 20 2019..........SUNRISE   542 AM MDT   SUNSET   854 PM MDT


-  INDICATES NEGATIVE NUMBERS.
R  INDICATES RECORD WAS SET OR TIED.
MM INDICATES DATA IS MISSING.
T  INDICATES TRACE AMOUNT.




$$
