000
CDUS41 KRNK 152116
CLIRNK


CLIMATE REPORT
NATIONAL WEATHER SERVICE BLACKSBURG VA
514 PM EDT SAT JUN 15 2019


...................................

...THE BLACKSBURG VA CLIMATE SUMMARY FOR JUNE 15 2019...
VALID TODAY AS OF 0500 PM LOCAL TIME.

CLIMATE NORMAL PERIOD 1981 TO 2010
CLIMATE RECORD PERIOD 1952 TO 2019


WEATHER ITEM   OBSERVED RECORD YEAR NORMAL DEPARTURE LAST
                VALUE   VALUE       VALUE  FROM      YEAR
                                           NORMAL
...........................................................
TEMPERATURE (F)
 TODAY
  MAXIMUM         79     89    1954  79      0       81
  MINIMUM         47     40    1978  57    -10       52
  AVERAGE         63                 68     -5       67

PRECIPITATION (IN)
  TODAY            0.00   0.53 1969   0.13  -0.13     0.00
  MONTH TO DATE    4.49               2.16   2.33     0.62
  SINCE JUN 1      4.49               2.16   2.33     0.62
  SINCE JAN 1     22.12              19.50   2.62    21.93

SNOWFALL (IN)
  TODAY            0.0                                0.0
  MONTH TO DATE    0.0                                0.0
  SINCE JUN 1      0.0                                0.0
  SINCE JUL 1     22.2                               31.3
  SNOW DEPTH       0

DEGREE DAYS
 HEATING
  TODAY            2                  1      1        0
  MONTH TO DATE   24                 30     -6        4
  SINCE JUN 1     24                 30     -6        4
  SINCE JUL 1   4880               5438   -558     4994

 COOLING
  TODAY            0                  4     -4        2
  MONTH TO DATE   16                 43    -27       54
  SINCE JUN 1     16                 43    -27       54
  SINCE JAN 1    129                 72     57      147
...........................................................


WIND (MPH)
  HIGHEST WIND SPEED     9   HIGHEST WIND DIRECTION     S (170)
  HIGHEST GUST SPEED    MM   HIGHEST GUST DIRECTION    MM
  AVERAGE WIND SPEED     2.3


SKY COVER
  AVERAGE SKY COVER 0.0


WEATHER CONDITIONS
 THE FOLLOWING WEATHER WAS RECORDED TODAY.
  NO SIGNIFICANT WEATHER WAS OBSERVED.


RELATIVE HUMIDITY (PERCENT)
 HIGHEST   100           500 AM
 LOWEST     37           100 PM
 AVERAGE    69

..........................................................


THE BLACKSBURG VA CLIMATE NORMALS FOR TOMORROW
                         NORMAL    RECORD    YEAR
 MAXIMUM TEMPERATURE (F)   79        88      2015
                                             1994
 MINIMUM TEMPERATURE (F)   57        42      1978


SUNRISE AND SUNSET
JUNE 15 2019..........SUNRISE   601 AM EDT   SUNSET   844 PM EDT
JUNE 16 2019..........SUNRISE   601 AM EDT   SUNSET   844 PM EDT


-  INDICATES NEGATIVE NUMBERS.
R  INDICATES RECORD WAS SET OR TIED.
MM INDICATES DATA IS MISSING.
T  INDICATES TRACE AMOUNT.




$$
