192
CDUS41 KRNK 202116
CLIRNK


CLIMATE REPORT
NATIONAL WEATHER SERVICE BLACKSBURG VA
516 PM EDT SAT APR 20 2019


...................................

...THE BLACKSBURG VA CLIMATE SUMMARY FOR APRIL 20 2019...
VALID TODAY AS OF 0500 PM LOCAL TIME.

CLIMATE NORMAL PERIOD 1981 TO 2010
CLIMATE RECORD PERIOD 1952 TO 2019


WEATHER ITEM   OBSERVED RECORD YEAR NORMAL DEPARTURE LAST
                VALUE   VALUE       VALUE  FROM      YEAR
                                           NORMAL
...........................................................
TEMPERATURE (F)
 TODAY
  MAXIMUM         57     85    1976  65     -8       59
  MINIMUM         46     22    1983  40      6       33
  AVERAGE         52                 52      0       46

PRECIPITATION (IN)
  TODAY            T      1.33 1998   0.11  -0.11     0.00
  MONTH TO DATE    4.06               2.31   1.75     2.68
  SINCE MAR 1      6.37               5.95   0.42     7.34
  SINCE JAN 1     14.86              11.84   3.02    13.61

SNOWFALL (IN)
  TODAY            0.0                                0.0
  MONTH TO DATE    0.0                                1.2
  SINCE MAR 1      0.8                               23.9
  SINCE JUL 1     22.2                               31.3
  SNOW DEPTH       0

DEGREE DAYS
 HEATING
  TODAY           13                 13      0       19
  MONTH TO DATE  200                316   -116      345
  SINCE MAR 1    945               1043    -98     1165
  SINCE JUL 1   4734               5091   -357     4826

 COOLING
  TODAY            0                  0      0        0
  MONTH TO DATE    0                  0      0        0
  SINCE MAR 1      0                  0      0        0
  SINCE JAN 1      0                  0      0        1
...........................................................


WIND (MPH)
  HIGHEST WIND SPEED    13   HIGHEST WIND DIRECTION    SE (150)
  HIGHEST GUST SPEED    21   HIGHEST GUST DIRECTION     S (170)
  AVERAGE WIND SPEED     6.5


SKY COVER
  AVERAGE SKY COVER 0.7


WEATHER CONDITIONS
 THE FOLLOWING WEATHER WAS RECORDED TODAY.
  LIGHT RAIN


RELATIVE HUMIDITY (PERCENT)
 HIGHEST    93          1200 AM
 LOWEST     56           200 PM
 AVERAGE    75

..........................................................


THE BLACKSBURG VA CLIMATE NORMALS FOR TOMORROW
                         NORMAL    RECORD    YEAR
 MAXIMUM TEMPERATURE (F)   65        85      1985
 MINIMUM TEMPERATURE (F)   40        26      1962


SUNRISE AND SUNSET
APRIL 20 2019.........SUNRISE   641 AM EDT   SUNSET   801 PM EDT
APRIL 21 2019.........SUNRISE   639 AM EDT   SUNSET   802 PM EDT


-  INDICATES NEGATIVE NUMBERS.
R  INDICATES RECORD WAS SET OR TIED.
MM INDICATES DATA IS MISSING.
T  INDICATES TRACE AMOUNT.




$$
