000
CDUS46 KSGX 170018
CLIRNM


CLIMATE REPORT
NATIONAL WEATHER SERVICE SAN DIEGO, CA
518 PM PDT SUN JUN 16 2019


...................................

...THE RAMONA AIRPORT CA CLIMATE SUMMARY FOR JUNE 16 2019...
VALID TODAY AS OF 0500 PM LOCAL TIME.

CLIMATE NORMAL PERIOD 1981 TO 2010
CLIMATE RECORD PERIOD 1974 TO 2019


WEATHER ITEM   OBSERVED TIME   RECORD YEAR NORMAL DEPARTURE LAST
                VALUE   (LST)  VALUE       VALUE  FROM      YEAR
                                                  NORMAL
..................................................................
TEMPERATURE (F)
 TODAY
  MAXIMUM         79    121 PM 104    1981  83     -4       72
  MINIMUM         58    628 AM  42    1982  51      7       57
  AVERAGE         69                        67      2       65

PRECIPITATION (IN)
  TODAY            0.00          0.38 1995   0.00   0.00     0.00
  MONTH TO DATE    0.00                      0.10  -0.10     0.00
  SINCE OCT 1     20.34                     15.45   4.89     5.80
  SINCE JAN 1     15.31                     11.31   4.00     5.76

DEGREE DAYS
 HEATING
  TODAY            0                         1     -1        0
  MONTH TO DATE    2                        22    -20        0
  SINCE JUN 1      2                        22    -20        0
  SINCE JUL 1   2251                      2546   -295     1708

 COOLING
  TODAY            4                         3      1        0
  MONTH TO DATE   82                        29     53       64
  SINCE JUN 1     82                        29     53       64
  SINCE JAN 1     97                        56     41      118
..................................................................


WIND (MPH)
  RESULTANT WIND SPEED   3   RESULTANT WIND DIRECTION   W (280)
  HIGHEST WIND SPEED    13   HIGHEST WIND DIRECTION     W (280)
  HIGHEST GUST SPEED    18   HIGHEST GUST DIRECTION     W (290)
  AVERAGE WIND SPEED     4.0


SKY COVER
  POSSIBLE SUNSHINE  MM
  AVERAGE SKY COVER 0.7


WEATHER CONDITIONS
 THE FOLLOWING WEATHER WAS RECORDED TODAY.
  FOG
  HAZE


RELATIVE HUMIDITY (PERCENT)
 HIGHEST    93           400 AM
 LOWEST     54           100 PM
 AVERAGE    74

..........................................................


THE RAMONA AIRPORT CA CLIMATE NORMALS FOR TOMORROW
                         NORMAL    RECORD    YEAR
 MAXIMUM TEMPERATURE (F)   83       108      1981
 MINIMUM TEMPERATURE (F)   52        41      2010


SUNRISE AND SUNSET
JUNE 16 2019..........SUNRISE   539 AM PDT   SUNSET   758 PM PDT
JUNE 17 2019..........SUNRISE   539 AM PDT   SUNSET   759 PM PDT


-  INDICATES NEGATIVE NUMBERS.
R  INDICATES RECORD WAS SET OR TIED.
MM INDICATES DATA IS MISSING.
T  INDICATES TRACE AMOUNT.




$$
