000
CDUS45 KREV 170847
CLIRNO


CLIMATE REPORT
NATIONAL WEATHER SERVICE RENO NV
146 AM PDT WED JUL 17 2019


...................................

...THE RENO-TAHOE INTL AIRPORT NV CLIMATE SUMMARY FOR JULY 16 2019...

CLIMATE NORMAL PERIOD 1981 TO 2010
CLIMATE RECORD PERIOD 1888 TO 2019


WEATHER ITEM   OBSERVED TIME   RECORD YEAR NORMAL DEPARTURE LAST
                VALUE   (LST)  VALUE       VALUE  FROM      YEAR
                                                  NORMAL
..................................................................
TEMPERATURE (F)
 YESTERDAY
  MAXIMUM         91    315 PM 104    2005  93     -2       99
  MINIMUM         61    539 AM  38    1974  58      3       69
                                      1966
  AVERAGE         76                        76      0       84

PRECIPITATION (IN)
  YESTERDAY        0.00          0.34 2010   0.00   0.00     0.00
  MONTH TO DATE    0.00                      0.08  -0.08      T
  SINCE OCT 1     10.78                      6.72   4.06     7.27
  SINCE JAN 1      8.51                      4.36   4.15     5.70

SNOWFALL (IN)
  YESTERDAY        0.0           0.0    MM   0.0    0.0      0.0
  MONTH TO DATE    0.0                       0.0    0.0      0.0
  SINCE JUN 1      0.0                       T      0.0      0.0
  SINCE JUL 1      0.0                       0.0    0.0      0.0
  SNOW DEPTH       0

DEGREE DAYS
 HEATING
  YESTERDAY        0                         0      0        0
  MONTH TO DATE    0                         0      0        0
  SINCE JUN 1     15                        56    -41       18
  SINCE JUL 1      0                         0      0        0

 COOLING
  YESTERDAY       11                        11      0       19
  MONTH TO DATE  158                       149      9      256
  SINCE JUN 1    360                       285     75      473
  SINCE JAN 1    374                       322     52      496
..................................................................


WIND (MPH)
  RESULTANT WIND SPEED   4   RESULTANT WIND DIRECTION  NW (310)
  HIGHEST WIND SPEED    22   HIGHEST WIND DIRECTION    NW (300)
  HIGHEST GUST SPEED    28   HIGHEST GUST DIRECTION     W (290)
  AVERAGE WIND SPEED     6.3



WEATHER CONDITIONS
 THE FOLLOWING WEATHER WAS RECORDED YESTERDAY.
  NO SIGNIFICANT WEATHER WAS OBSERVED.


RELATIVE HUMIDITY (PERCENT)
 HIGHEST    46           500 AM
 LOWEST     17           200 PM
 AVERAGE    32

..........................................................


THE RENO-TAHOE INTL AIRPORT NV CLIMATE NORMALS FOR TODAY
                         NORMAL    RECORD    YEAR
 MAXIMUM TEMPERATURE (F)   93       104      1998
 MINIMUM TEMPERATURE (F)   58        39      1974
                                             1966


SUNRISE AND SUNSET
JULY 17 2019..........SUNRISE   546 AM PDT   SUNSET   824 PM PDT
JULY 18 2019..........SUNRISE   547 AM PDT   SUNSET   824 PM PDT


-  INDICATES NEGATIVE NUMBERS.
R  INDICATES RECORD WAS SET OR TIED.
MM INDICATES DATA IS MISSING.
T  INDICATES TRACE AMOUNT.




$$
