000
CDUS45 KREV 190839
CLIRNO


CLIMATE REPORT
NATIONAL WEATHER SERVICE RENO NV
139 AM PDT THU APR 19 2018


...................................

...THE RENO-TAHOE INTL AIRPORT NV CLIMATE SUMMARY FOR APRIL 18 2018...

CLIMATE NORMAL PERIOD 1981 TO 2010
CLIMATE RECORD PERIOD 1888 TO 2018


WEATHER ITEM   OBSERVED TIME   RECORD YEAR NORMAL DEPARTURE LAST
                VALUE   (LST)  VALUE       VALUE  FROM      YEAR
                                                  NORMAL
..................................................................
TEMPERATURE (F)
 YESTERDAY
  MAXIMUM         52    116 PM  83    1989  64    -12       63
  MINIMUM         37    615 AM  18    1968  38     -1       43
  AVERAGE         45                        51     -6       53

PRECIPITATION (IN)
  YESTERDAY        0.03          0.40 2002   0.02   0.01     0.04
  MONTH TO DATE    0.43                      0.29   0.14     0.65
  SINCE OCT 1      5.22                      5.46  -0.24    14.30
  SINCE JAN 1      3.65                      3.10   0.55    10.51

SNOWFALL (IN)
  YESTERDAY        0.0           1.1  1979   0.0    0.0      0.0
  MONTH TO DATE    T                         0.4   -0.4       T
  SINCE MAR 1     19.9                       2.4   17.5      2.9
  SINCE JUL 1     24.7                      21.4    3.3     27.0
  SNOW DEPTH       0

DEGREE DAYS
 HEATING
  YESTERDAY       20                        14      6       12
  MONTH TO DATE  239                       281    -42      257
  SINCE MAR 1    930                       879     51      758
  SINCE JUL 1   4197                      4517   -320     4131

 COOLING
  YESTERDAY        0                         0      0        0
  MONTH TO DATE    0                         0      0        0
  SINCE MAR 1      0                         0      0        0
  SINCE JAN 1      0                         0      0        0
..................................................................


WIND (MPH)
  RESULTANT WIND SPEED   5   RESULTANT WIND DIRECTION   N (20)
  HIGHEST WIND SPEED    22   HIGHEST WIND DIRECTION    NE (50)
  HIGHEST GUST SPEED    29   HIGHEST GUST DIRECTION    NE (50)
  AVERAGE WIND SPEED     7.1



WEATHER CONDITIONS
 THE FOLLOWING WEATHER WAS RECORDED YESTERDAY.
  LIGHT RAIN
  FOG
  HAZE


RELATIVE HUMIDITY (PERCENT)
 HIGHEST    85          1000 PM
 LOWEST     24          1100 AM
 AVERAGE    55

..........................................................


THE RENO-TAHOE INTL AIRPORT NV CLIMATE NORMALS FOR TODAY
                         NORMAL    RECORD    YEAR
 MAXIMUM TEMPERATURE (F)   65        82      1980
 MINIMUM TEMPERATURE (F)   38        20      1955


SUNRISE AND SUNSET
APRIL 19 2018.........SUNRISE   616 AM PDT   SUNSET   741 PM PDT
APRIL 20 2018.........SUNRISE   615 AM PDT   SUNSET   742 PM PDT


-  INDICATES NEGATIVE NUMBERS.
R  INDICATES RECORD WAS SET OR TIED.
MM INDICATES DATA IS MISSING.
T  INDICATES TRACE AMOUNT.




$$
