000
CDUS45 KREV 240036
CLIRNO


CLIMATE REPORT
NATIONAL WEATHER SERVICE RENO NV
536 PM PDT TUE APR 23 2019


...................................

...THE RENO-TAHOE INTL AIRPORT NV CLIMATE SUMMARY FOR APRIL 23 2019...
VALID TODAY AS OF 0500 PM LOCAL TIME.

CLIMATE NORMAL PERIOD 1981 TO 2010
CLIMATE RECORD PERIOD 1888 TO 2019


WEATHER ITEM   OBSERVED TIME   RECORD YEAR NORMAL DEPARTURE LAST
                VALUE   (LST)  VALUE       VALUE  FROM      YEAR
                                                  NORMAL
..................................................................
TEMPERATURE (F)
 TODAY
  MAXIMUM         78    310 PM  84    1910  66     12       74
  MINIMUM         43    600 AM  19    1963  39      4       44
                                      1958
  AVERAGE         61                        53      8       59

PRECIPITATION (IN)
  TODAY            0.00          0.14 1971   0.02  -0.02     0.00
  MONTH TO DATE    0.24                      0.36  -0.12     0.51
  SINCE OCT 1     10.39                      5.53   4.86     5.30
  SINCE JAN 1      8.12                      3.17   4.95     3.73

SNOWFALL (IN)
  TODAY            0.0           9.4  1931   0.0    0.0      0.0
  MONTH TO DATE    T                         0.4   -0.4      0.2
  SINCE MAR 1      0.4                       2.4   -2.0     20.1
  SINCE JUL 1     28.2                      21.4    6.8     24.9
  SNOW DEPTH       0

DEGREE DAYS
 HEATING
  TODAY            4                        13     -9        6
  MONTH TO DATE  264                       347    -83      287
  SINCE MAR 1    884                       945    -61      978
  SINCE JUL 1   4333                      4583   -250     4245

 COOLING
  TODAY            0                         0      0        0
  MONTH TO DATE    0                         0      0        0
  SINCE MAR 1      0                         0      0        0
  SINCE JAN 1      0                         0      0        0
..................................................................


WIND (MPH)
  RESULTANT WIND SPEED   1   RESULTANT WIND DIRECTION   N (20)
  HIGHEST WIND SPEED    12   HIGHEST WIND DIRECTION     S (180)
  HIGHEST GUST SPEED    18   HIGHEST GUST DIRECTION     S (170)
  AVERAGE WIND SPEED     3.0



WEATHER CONDITIONS
 THE FOLLOWING WEATHER WAS RECORDED TODAY.
  NO SIGNIFICANT WEATHER WAS OBSERVED.


RELATIVE HUMIDITY (PERCENT)
 HIGHEST    53           600 AM
 LOWEST     17          1100 AM
 AVERAGE    35

..........................................................


THE RENO-TAHOE INTL AIRPORT NV CLIMATE NORMALS FOR TOMORROW
                         NORMAL    RECORD    YEAR
 MAXIMUM TEMPERATURE (F)   66        87      1946
 MINIMUM TEMPERATURE (F)   40        18      1958


SUNRISE AND SUNSET
APRIL 23 2019.........SUNRISE   611 AM PDT   SUNSET   745 PM PDT
APRIL 24 2019.........SUNRISE   609 AM PDT   SUNSET   746 PM PDT


-  INDICATES NEGATIVE NUMBERS.
R  INDICATES RECORD WAS SET OR TIED.
MM INDICATES DATA IS MISSING.
T  INDICATES TRACE AMOUNT.




$$
