703
CDUS41 KRNK 212114
CLIROA


CLIMATE REPORT
NATIONAL WEATHER SERVICE BLACKSBURG VA
514 PM EDT SUN APR 21 2019


...................................

...THE ROANOKE VA CLIMATE SUMMARY FOR APRIL 21 2019...
VALID TODAY AS OF 0500 PM LOCAL TIME.

CLIMATE NORMAL PERIOD 1981 TO 2010
CLIMATE RECORD PERIOD 1912 TO 2019


WEATHER ITEM   OBSERVED TIME   RECORD YEAR NORMAL DEPARTURE LAST
                VALUE   (LST)  VALUE       VALUE  FROM      YEAR
                                                  NORMAL
..................................................................
TEMPERATURE (F)
 TODAY
  MAXIMUM         64    404 PM  91    1985  70     -6       67
  MINIMUM         44    450 AM  31    1956  47     -3       34
                                      1934
                                      1913
  AVERAGE         54                        58     -4       51

PRECIPITATION (IN)
  TODAY            0.00          3.80 1992   0.11  -0.11     0.00
  MONTH TO DATE    4.43                      2.35   2.08     1.66
  SINCE MAR 1      6.25                      5.81   0.44     5.04
  SINCE JAN 1     14.37                     11.62   2.75    11.16

SNOWFALL (IN)
  TODAY            0.0                                       0.0
  MONTH TO DATE    0.0                                        T
  SINCE MAR 1      0.1                                      10.6
  SINCE JUL 1     19.6                                      15.7
  SNOW DEPTH       0

DEGREE DAYS
 HEATING
  TODAY           11                         8      3       14
  MONTH TO DATE  140                       215    -75      252
  SINCE MAR 1    720                       767    -47      920
  SINCE JUL 1   3751                      3972   -221     3920

 COOLING
  TODAY            0                         1     -1        0
  MONTH TO DATE   14                        13      1        8
  SINCE MAR 1     14                        18     -4        8
  SINCE JAN 1     14                        18     -4       12
..................................................................


WIND (MPH)
  HIGHEST WIND SPEED    16   HIGHEST WIND DIRECTION     N (360)
  HIGHEST GUST SPEED    21   HIGHEST GUST DIRECTION    NW (310)
  AVERAGE WIND SPEED     6.4


SKY COVER
  AVERAGE SKY COVER 0.6


WEATHER CONDITIONS
 THE FOLLOWING WEATHER WAS RECORDED TODAY.
  NO SIGNIFICANT WEATHER WAS OBSERVED.


RELATIVE HUMIDITY (PERCENT)
 HIGHEST    89          1200 AM
 LOWEST     43           300 PM
 AVERAGE    66

..........................................................


THE ROANOKE VA CLIMATE NORMALS FOR TOMORROW
                         NORMAL    RECORD    YEAR
 MAXIMUM TEMPERATURE (F)   70        92      1985
 MINIMUM TEMPERATURE (F)   47        30      1953
                                             1934


SUNRISE AND SUNSET
APRIL 21 2019.........SUNRISE   638 AM EDT   SUNSET   800 PM EDT
APRIL 22 2019.........SUNRISE   636 AM EDT   SUNSET   801 PM EDT


-  INDICATES NEGATIVE NUMBERS.
R  INDICATES RECORD WAS SET OR TIED.
MM INDICATES DATA IS MISSING.
T  INDICATES TRACE AMOUNT.




$$
