000
CDUS41 KBUF 232040
CLIROC


CLIMATE REPORT
NATIONAL WEATHER SERVICE BUFFALO NY
440 PM EDT TUE JUL 23 2019


...................................

...THE ROCHESTER NY CLIMATE SUMMARY FOR JULY 23 2019...
VALID TODAY AS OF 0400 PM LOCAL TIME.

CLIMATE NORMAL PERIOD 1981 TO 2010
CLIMATE RECORD PERIOD 1871 TO 2019


WEATHER ITEM   OBSERVED TIME   RECORD YEAR NORMAL DEPARTURE LAST
                VALUE   (LST)  VALUE       VALUE  FROM      YEAR
                                                  NORMAL
..................................................................
TEMPERATURE (F)
 TODAY
  MAXIMUM         79    234 PM  99    1933  81     -2       83
  MINIMUM         62    437 AM  48    1985  61      1       71
  AVERAGE         71                        71      0       77

PRECIPITATION (IN)
  TODAY            T             1.56 1898   0.11  -0.11     0.57
  MONTH TO DATE    2.63                      2.43   0.20     2.00
  SINCE JUN 1      6.57                      5.77   0.80     4.22
  SINCE JAN 1     19.10                     18.23   0.87    17.70

SNOWFALL (IN)
  TODAY            0.0           0.0    MM   0.0    0.0      0.0
  MONTH TO DATE    0.0                       0.0    0.0      0.0
  SINCE JUN 1      0.0                       0.0    0.0      0.0
  SINCE JUL 1      0.0                       0.0    0.0      0.0
  SNOW DEPTH       0

DEGREE DAYS
 HEATING
  TODAY            0                         0      0        0
  MONTH TO DATE    0                         6     -6        0
  SINCE JUN 1     48                        74    -26       32
  SINCE JUL 1      0                         6     -6        0

 COOLING
  TODAY            6                         6      0       12
  MONTH TO DATE  218                       138     80      252
  SINCE JUN 1    301                       244     57      368
  SINCE JAN 1    311                       274     37      455
..................................................................


WIND (MPH)
  HIGHEST WIND SPEED    15   HIGHEST WIND DIRECTION     N (340)
  HIGHEST GUST SPEED    19   HIGHEST GUST DIRECTION     N (10)
  AVERAGE WIND SPEED     4.8


SKY COVER
  AVERAGE SKY COVER 0.7


WEATHER CONDITIONS
 THE FOLLOWING WEATHER WAS RECORDED TODAY.
  FOG


RELATIVE HUMIDITY (PERCENT)
 HIGHEST    93           300 AM
 LOWEST     43           200 PM
 AVERAGE    68

..........................................................


THE ROCHESTER NY CLIMATE NORMALS FOR TOMORROW
                         NORMAL    RECORD    YEAR
 MAXIMUM TEMPERATURE (F)   81        97      1941
 MINIMUM TEMPERATURE (F)   61        47      1985


SUNRISE AND SUNSET
JULY 23 2019..........SUNRISE   552 AM EDT   SUNSET   842 PM EDT
JULY 24 2019..........SUNRISE   553 AM EDT   SUNSET   841 PM EDT


-  INDICATES NEGATIVE NUMBERS.
R  INDICATES RECORD WAS SET OR TIED.
MM INDICATES DATA IS MISSING.
T  INDICATES TRACE AMOUNT.




$$
