000
CDUS45 KABQ 180831
CLIROW


CLIMATE REPORT
NATIONAL WEATHER SERVICE ALBUQUERQUE NM
230 AM MDT THU APR 18 2019


...................................

...THE ROSWELL NM CLIMATE SUMMARY FOR APRIL 17 2019...

CLIMATE NORMAL PERIOD 1981 TO 2010
CLIMATE RECORD PERIOD 1893 TO 2019


WEATHER ITEM   OBSERVED TIME   RECORD YEAR NORMAL DEPARTURE
                VALUE   (LST)  VALUE       VALUE  FROM
                                                  NORMAL
...............................................................
TEMPERATURE (F)
 YESTERDAY
  MAXIMUM         74   1038 AM  94    1948  77     -3
  MINIMUM         54   1153 PM  30    2009  45      9
                                      1924
                                      1901
  AVERAGE         64                        61      3

PRECIPITATION (IN)
  YESTERDAY        0.05          0.88 1931   0.02   0.03
  MONTH TO DATE    0.05                      0.28  -0.23
  SINCE MAR 1      0.47                      0.79  -0.32
  SINCE JAN 1      0.50                      1.59  -1.09

SNOWFALL (IN)
  YESTERDAY        0.0
  MONTH TO DATE    0.0
  SINCE MAR 1      0.0
  SINCE JUL 1      5.8

DEGREE DAYS
 HEATING
  YESTERDAY        1                         5     -4
  MONTH TO DATE   76                       116    -40
  SINCE MAR 1    476                       503    -27
  SINCE JUL 1   3059                      3210   -151

 COOLING
  YESTERDAY        0                         1     -1
  MONTH TO DATE   30                        12     18
  SINCE MAR 1     43                        15     28
  SINCE JAN 1     43                        15     28
...............................................................


WIND (MPH)
  HIGHEST WIND SPEED    29   HIGHEST WIND DIRECTION     W (270)
  HIGHEST GUST SPEED    35   HIGHEST GUST DIRECTION     W (280)
  AVERAGE WIND SPEED    12.4


SKY COVER
  AVERAGE SKY COVER 0.3


WEATHER CONDITIONS
 THE FOLLOWING WEATHER WAS RECORDED YESTERDAY.
  THUNDERSTORM
  RAIN
  LIGHT RAIN


RELATIVE HUMIDITY (PERCENT)
 HIGHEST    62           600 PM
 LOWEST     19          1200 AM
 AVERAGE    41

..........................................................


THE ROSWELL NM CLIMATE NORMALS FOR TODAY
                         NORMAL    RECORD    YEAR
 MAXIMUM TEMPERATURE (F)   78        95      2000
 MINIMUM TEMPERATURE (F)   45        25      1896


SUNRISE AND SUNSET
APRIL 18 2019.........SUNRISE   625 AM MDT   SUNSET   731 PM MDT
APRIL 19 2019.........SUNRISE   623 AM MDT   SUNSET   732 PM MDT


-  INDICATES NEGATIVE NUMBERS.
R  INDICATES RECORD WAS SET OR TIED.
MM INDICATES DATA IS MISSING.
T  INDICATES TRACE AMOUNT.




$$
