000
CDUS45 KABQ 170839
CLIROW


CLIMATE REPORT
NATIONAL WEATHER SERVICE ALBUQUERQUE NM
237 AM MDT MON JUN 17 2019


...................................

...THE ROSWELL NM CLIMATE SUMMARY FOR JUNE 16 2019...

CLIMATE NORMAL PERIOD 1981 TO 2010
CLIMATE RECORD PERIOD 1893 TO 2019


WEATHER ITEM   OBSERVED TIME   RECORD YEAR NORMAL DEPARTURE
                VALUE   (LST)  VALUE       VALUE  FROM
                                                  NORMAL
...............................................................
TEMPERATURE (F)
 YESTERDAY
  MAXIMUM         94    329 PM 107    2017  94      0
                                      2011
                                      1977
  MINIMUM         66    511 AM  50    1901  64      2
  AVERAGE         80                        79      1

PRECIPITATION (IN)
  YESTERDAY        T             1.04 1899   0.06  -0.06
  MONTH TO DATE    0.83                      0.75   0.08
  SINCE JUN 1      0.83                      0.75   0.08
  SINCE JAN 1      1.95                      3.92  -1.97

SNOWFALL (IN)
  YESTERDAY        0.0
  MONTH TO DATE    0.0
  SINCE JUN 1      0.0
  SINCE JUL 1      5.8

DEGREE DAYS
 HEATING
  YESTERDAY        0                         0      0
  MONTH TO DATE    0                         0      0
  SINCE JUN 1      0                         0      0
  SINCE JUL 1   3106                      3287   -181

 COOLING
  YESTERDAY       15                        14      1
  MONTH TO DATE  192                       191      1
  SINCE JUN 1    192                       191      1
  SINCE JAN 1    502                       416     86
...............................................................


WIND (MPH)
  HIGHEST WIND SPEED    32   HIGHEST WIND DIRECTION     N (340)
  HIGHEST GUST SPEED    40   HIGHEST GUST DIRECTION    NW (330)
  AVERAGE WIND SPEED     8.7


SKY COVER
  AVERAGE SKY COVER 0.1


WEATHER CONDITIONS
 THE FOLLOWING WEATHER WAS RECORDED YESTERDAY.
  LIGHT RAIN


RELATIVE HUMIDITY (PERCENT)
 HIGHEST    44           700 AM
 LOWEST     21           300 PM
 AVERAGE    33

..........................................................


THE ROSWELL NM CLIMATE NORMALS FOR TODAY
                         NORMAL    RECORD    YEAR
 MAXIMUM TEMPERATURE (F)   94       110      2017
 MINIMUM TEMPERATURE (F)   64        50      1997
                                             1962


SUNRISE AND SUNSET
JUNE 17 2019..........SUNRISE   548 AM MDT   SUNSET   810 PM MDT
JUNE 18 2019..........SUNRISE   549 AM MDT   SUNSET   810 PM MDT


-  INDICATES NEGATIVE NUMBERS.
R  INDICATES RECORD WAS SET OR TIED.
MM INDICATES DATA IS MISSING.
T  INDICATES TRACE AMOUNT.




$$
