556
CDUS43 KARX 210633
CLIRST


CLIMATE REPORT
NATIONAL WEATHER SERVICE LA CROSSE WI
132 AM CDT SUN APR 21 2019


...................................

...THE ROCHESTER MN CLIMATE SUMMARY FOR APRIL 20 2019...

CLIMATE NORMAL PERIOD 1981 TO 2010
CLIMATE RECORD PERIOD 1886 TO 2019


WEATHER ITEM   OBSERVED TIME   RECORD YEAR NORMAL DEPARTURE LAST
                VALUE   (LST)  VALUE       VALUE  FROM      YEAR
                                                  NORMAL
..................................................................
TEMPERATURE (F)
 YESTERDAY
  MAXIMUM         72    441 PM  85    1987  60     12       45
  MINIMUM         35    544 AM  21    1956  38     -3       23
  AVERAGE         54                        49      5       34

PRECIPITATION (IN)
  YESTERDAY        0.00          1.40 1893   0.12  -0.12     0.00
  MONTH TO DATE    2.78                      2.03   0.75     3.18
  SINCE MAR 1      4.25                      3.91   0.34     4.09
  SINCE JAN 1      8.45                      5.60   2.85     6.59

SNOWFALL (IN)
  YESTERDAY        0.0          14.0  1893   0.1   -0.1      0.0
  MONTH TO DATE    6.1                       2.6    3.5     17.0
  SINCE JUL 1     84.7                      51.2   33.5     60.2
  SNOW DEPTH       0

DEGREE DAYS
 HEATING
  YESTERDAY       11                        16     -5       31
  MONTH TO DATE  444                       413     31      756
  SINCE JUL 1   8005                      7285    720     7786

 COOLING
  YESTERDAY        0                         0      0        0
  MONTH TO DATE    0                         0      0        0
  SINCE JAN 1      0                         0      0        0
..................................................................


WIND (MPH)
  HIGHEST WIND SPEED    20   HIGHEST WIND DIRECTION     S (200)
  HIGHEST GUST SPEED    26   HIGHEST GUST DIRECTION    SW (210)
  AVERAGE WIND SPEED    11.2


SKY COVER
  POSSIBLE SUNSHINE  MM
  AVERAGE SKY COVER 0.0


WEATHER CONDITIONS
 THE FOLLOWING WEATHER WAS RECORDED YESTERDAY.
  NO SIGNIFICANT WEATHER WAS OBSERVED.


RELATIVE HUMIDITY (PERCENT)
 HIGHEST    75           200 AM
 LOWEST     31           300 PM
 AVERAGE    53

..........................................................


THE ROCHESTER MN CLIMATE NORMALS FOR TODAY
                         NORMAL    RECORD    YEAR
 MAXIMUM TEMPERATURE (F)   60        91      1980
 MINIMUM TEMPERATURE (F)   39        18      1934


SUNRISE AND SUNSET
APRIL 21 2019.........SUNRISE   617 AM CDT   SUNSET   801 PM CDT
APRIL 22 2019.........SUNRISE   616 AM CDT   SUNSET   802 PM CDT


-  INDICATES NEGATIVE NUMBERS.
R  INDICATES RECORD WAS SET OR TIED.
MM INDICATES DATA IS MISSING.
T  INDICATES TRACE AMOUNT.




$$
