000
CDUS45 KPIH 240734
CLIRXE


CLIMATE REPORT
NATIONAL WEATHER SERVICE POCATELLO ID
132 AM MDT WED APR 24 2019


...................................

...THE REXBURG ID CLIMATE SUMMARY FOR APRIL 23 2019...

CLIMATE NORMAL PERIOD 1981 TO 2010
CLIMATE RECORD PERIOD 1998 TO 2019


WEATHER ITEM   OBSERVED TIME   RECORD YEAR NORMAL DEPARTURE LAST
                VALUE   (LST)  VALUE       VALUE  FROM      YEAR
                                                  NORMAL
..................................................................
TEMPERATURE (F)
 YESTERDAY
  MAXIMUM         66    220 PM  85    2012  59      7       47
  MINIMUM         38    556 AM  18    2013  33      5       35
  AVERAGE         52                        46      6       41

PRECIPITATION (IN)
  YESTERDAY        0.00         MM      MM   0.05  -0.05     0.29
  MONTH TO DATE    1.46                      1.10   0.36     1.91
  SINCE OCT 1      7.77                      6.94   0.83     7.68
  SINCE JAN 1      5.12                      3.73   1.39     5.58

SNOWFALL (IN)
  YESTERDAY       MM
  MONTH TO DATE   MM
  SINCE MAR 1     MM
  SINCE JUL 1     MM
  SNOW DEPTH      MM

DEGREE DAYS
 HEATING
  YESTERDAY       13                        19     -6       24
  MONTH TO DATE  426                       509    -83      496
  SINCE MAR 1   1438                      1465    -27     1470
  SINCE JUL 1   7171                      7438   -267     6927

 COOLING
  YESTERDAY        0                         0      0        0
  MONTH TO DATE    0                         0      0        0
  SINCE MAR 1      0                         0      0        0
  SINCE JAN 1      0                         0      0        0
..................................................................


WIND (MPH)
  HIGHEST WIND SPEED    14   HIGHEST WIND DIRECTION    SW (220)
  HIGHEST GUST SPEED    19   HIGHEST GUST DIRECTION    SW (210)
  AVERAGE WIND SPEED     7.9


SKY COVER
  POSSIBLE SUNSHINE  MM
  AVERAGE SKY COVER 0.4


WEATHER CONDITIONS
 THE FOLLOWING WEATHER WAS RECORDED YESTERDAY.
  NO SIGNIFICANT WEATHER WAS OBSERVED.


RELATIVE HUMIDITY (PERCENT)
 HIGHEST    85           600 AM
 LOWEST     34           400 PM
 AVERAGE    60

..........................................................


THE REXBURG ID CLIMATE NORMALS FOR TODAY
                         NORMAL    RECORD    YEAR
 MAXIMUM TEMPERATURE (F)   59        79      2012
 MINIMUM TEMPERATURE (F)   33        20      2002


SUNRISE AND SUNSET
APRIL 24 2019.........SUNRISE   630 AM MDT   SUNSET   822 PM MDT
APRIL 25 2019.........SUNRISE   628 AM MDT   SUNSET   823 PM MDT


-  INDICATES NEGATIVE NUMBERS.
R  INDICATES RECORD WAS SET OR TIED.
MM INDICATES DATA IS MISSING.
T  INDICATES TRACE AMOUNT.




$$
