718
CDUS45 KPIH 162327
CLIRXE


CLIMATE REPORT
NATIONAL WEATHER SERVICE POCATELLO ID
525 PM MDT TUE JUL 16 2019


...................................

...THE REXBURG ID CLIMATE SUMMARY FOR JULY 16 2019...
VALID TODAY AS OF 0500 PM LOCAL TIME.

CLIMATE NORMAL PERIOD 1981 TO 2010
CLIMATE RECORD PERIOD 1998 TO 2019


WEATHER ITEM   OBSERVED TIME   RECORD YEAR NORMAL DEPARTURE LAST
                VALUE   (LST)  VALUE       VALUE  FROM      YEAR
                                                  NORMAL
..................................................................
TEMPERATURE (F)
 TODAY
  MAXIMUM         85    316 PM  93    2010  84      1       91
                                      2006
  MINIMUM         53    533 AM  41    1999  51      2       60
  AVERAGE         69                        67      2       76

PRECIPITATION (IN)
  TODAY            0.00         MM      MM   0.02  -0.02     0.05
  MONTH TO DATE    0.10                      0.44  -0.34     0.05
  SINCE OCT 1     10.85                     10.89  -0.04    12.41
  SINCE JAN 1      8.20                      7.68   0.52    10.31

SNOWFALL (IN)
  TODAY           MM
  MONTH TO DATE   MM
  SINCE JUN 1     MM
  SINCE JUL 1     MM
  SNOW DEPTH      MM

DEGREE DAYS
 HEATING
  TODAY            0                         1     -1        0
  MONTH TO DATE    8                        24    -16        9
  SINCE JUN 1    158                       196    -38      134
  SINCE JUL 1      8                        24    -16        9

 COOLING
  TODAY            4                         3      1       11
  MONTH TO DATE   65                        32     33      100
  SINCE JUN 1     74                        50     24      125
  SINCE JAN 1     74                        54     20      125
..................................................................


WIND (MPH)
  HIGHEST WIND SPEED    21   HIGHEST WIND DIRECTION    SW (220)
  HIGHEST GUST SPEED    29   HIGHEST GUST DIRECTION     S (200)
  AVERAGE WIND SPEED     8.2


SKY COVER
  POSSIBLE SUNSHINE  MM
  AVERAGE SKY COVER 0.0


WEATHER CONDITIONS
 THE FOLLOWING WEATHER WAS RECORDED TODAY.
  NO SIGNIFICANT WEATHER WAS OBSERVED.


RELATIVE HUMIDITY (PERCENT)
 HIGHEST    77           500 AM
 LOWEST     28           200 PM
 AVERAGE    53

..........................................................


THE REXBURG ID CLIMATE NORMALS FOR TOMORROW
                         NORMAL    RECORD    YEAR
 MAXIMUM TEMPERATURE (F)   84        96      2003
 MINIMUM TEMPERATURE (F)   51        43      2016


SUNRISE AND SUNSET
JULY 16 2019..........SUNRISE   600 AM MDT   SUNSET   906 PM MDT
JULY 17 2019..........SUNRISE   601 AM MDT   SUNSET   906 PM MDT


-  INDICATES NEGATIVE NUMBERS.
R  INDICATES RECORD WAS SET OR TIED.
MM INDICATES DATA IS MISSING.
T  INDICATES TRACE AMOUNT.




$$
