000
CDUS46 KSTO 200852
CLISAC

CLIMATE REPORT
NATIONAL WEATHER SERVICE SACRAMENTO, CA
145 AM PDT THU JUN 20 2019


................................................................

...THE SACRAMENTO EXEC. AIRPORT CA CLIMATE SUMMARY FOR JUNE 19 2019...

CLIMATE NORMAL PERIOD 1981 TO 2010
CLIMATE RECORD PERIOD 1930 TO 2019


WEATHER ITEM   OBSERVED TIME   RECORD YEAR NORMAL DEPARTURE LAST
                VALUE   (LST)  VALUE       VALUE  FROM      YEAR
                                                  NORMAL
..................................................................
TEMPERATURE (F)
 YESTERDAY
  MAXIMUM         92    333 PM 105    2017  88      4       92
                                      1988
                                      1961
  MINIMUM         59   1159 PM  47    1995  56      3       56
  AVERAGE         76

PRECIPITATION (IN)
  YESTERDAY        0.00          0.50 1974   0.00   0.00     0.00
  MONTH TO DATE    T                         0.18  -0.18     0.00
  SINCE OCT 1     24.25                     18.15   6.10    15.96
  SINCE JAN 1     19.37                     11.87   7.50    13.54

SNOWFALL (IN)
  YESTERDAY        0.0          MM      MM   0.0             0.0
  MONTH TO DATE    0.0                       0.0             0.0
  SINCE JUN 1      0.0                       0.0             0.0
  SINCE JUL 1      0.0                       0.0             0.0

DEGREE DAYS
 HEATING
  YESTERDAY        0

 COOLING
  YESTERDAY       11
..................................................................


WIND (MPH)
  RESULTANT WIND SPEED   6   RESULTANT WIND DIRECTION   S (190)
  HIGHEST WIND SPEED    14   HIGHEST WIND DIRECTION    SW (210)
  HIGHEST GUST SPEED    20   HIGHEST GUST DIRECTION     S (200)


SKY COVER
  POSSIBLE SUNSHINE  MM
  AVERAGE SKY COVER 0.0


WEATHER CONDITIONS
 THE FOLLOWING WEATHER WAS RECORDED YESTERDAY.
  NO SIGNIFICANT WEATHER WAS OBSERVED.


RELATIVE HUMIDITY (PERCENT)
 HIGHEST    87
 LOWEST     38
 AVERAGE    63

..........................................................


THE SACRAMENTO EXEC. AIRPORT CA CLIMATE NORMALS FOR TODAY
                         NORMAL    RECORD    YEAR
 MAXIMUM TEMPERATURE (F)   88       109      1961
 MINIMUM TEMPERATURE (F)   57        50      1991
                                             1955
                                             1952


SUNRISE AND SUNSET
JUNE 20 2019..........SUNRISE   542 AM PDT   SUNSET   833 PM PDT
JUNE 21 2019..........SUNRISE   542 AM PDT   SUNSET   834 PM PDT


-  INDICATES NEGATIVE NUMBERS.
R  INDICATES RECORD WAS SET OR TIED.
MM INDICATES DATA IS MISSING.
T  INDICATES TRACE AMOUNT.

&&
....................................................................

SACRAMENTO CITY CLIMATE DATA FOR WEDNESDAY JUNE 19 2019

HIGH...   95  RECORD HIGH   107 IN 2017    NORMAL    HIGH   89
LOW....   61  RECORD LOW     50 IN 1910    NORMAL    LOW    59

RAIN SINCE MIDNIGHT....  0.00   RECORD THIS DATE....... 0.66 IN 1974
TOTAL THIS MONTH.......  0.00   NORMAL SINCE OCT 1ST.........  19.86
TOTAL SINCE OCT 1ST...  26.11   PERCENT OF NORMAL.............  131%


$$
NNNN
