063
CDUS46 KSTO 200842
CLISAC

CLIMATE REPORT
NATIONAL WEATHER SERVICE SACRAMENTO, CA
142 AM PDT SUN MAY 20 2018


...................................

...THE SACRAMENTO EXEC. AIRPORT CA CLIMATE SUMMARY FOR MAY 19 2018...

CLIMATE NORMAL PERIOD 1981 TO 2010
CLIMATE RECORD PERIOD 1930 TO 2018


WEATHER ITEM   OBSERVED TIME   RECORD YEAR NORMAL DEPARTURE LAST
                VALUE   (LST)  VALUE       VALUE  FROM      YEAR
                                                  NORMAL
..................................................................
TEMPERATURE (F)
 YESTERDAY
  MAXIMUM         77    255 PM  98    2001  81     -4       91
  MINIMUM         53    556 AM  40    1991  52      1       51
                                      1974
  AVERAGE         65

PRECIPITATION (IN)
  YESTERDAY        0.00          0.54 1948   0.02  -0.02     0.00
  MONTH TO DATE    0.42                      0.46  -0.04     0.00
  SINCE OCT 1     15.78                     17.75  -1.97    32.93
  SINCE JAN 1     13.36                     11.47   1.89    23.48

SNOWFALL (IN)
  YESTERDAY        0.0          MM      MM   0.0             0.0
  MONTH TO DATE    0.0                       0.0             0.0
  SINCE MAR 1      0.0                       0.0             0.0
  SINCE JUL 1      0.0                       0.0             0.0

DEGREE DAYS
 HEATING
  YESTERDAY        0

 COOLING
  YESTERDAY        0
..................................................................


WIND (MPH)
  RESULTANT WIND SPEED   9   RESULTANT WIND DIRECTION   S (200)
  HIGHEST WIND SPEED    20   HIGHEST WIND DIRECTION    SW (230)
  HIGHEST GUST SPEED    26   HIGHEST GUST DIRECTION    SW (220)


SKY COVER
  POSSIBLE SUNSHINE  MM
  AVERAGE SKY COVER 0.0


WEATHER CONDITIONS
 THE FOLLOWING WEATHER WAS RECORDED YESTERDAY.
  NO SIGNIFICANT WEATHER WAS OBSERVED.


RELATIVE HUMIDITY (PERCENT)
 HIGHEST    89
 LOWEST     43
 AVERAGE    66

..........................................................


THE SACRAMENTO EXEC. AIRPORT CA CLIMATE NORMALS FOR TODAY
                         NORMAL    RECORD    YEAR
 MAXIMUM TEMPERATURE (F)   81        98      2001
 MINIMUM TEMPERATURE (F)   52        42      1981


SUNRISE AND SUNSET
MAY 20 2018...........SUNRISE   550 AM PDT   SUNSET   815 PM PDT
MAY 21 2018...........SUNRISE   550 AM PDT   SUNSET   816 PM PDT


-  INDICATES NEGATIVE NUMBERS.
R  INDICATES RECORD WAS SET OR TIED.
MM INDICATES DATA IS MISSING.
T  INDICATES TRACE AMOUNT.

&&
....................................................................

SACRAMENTO CITY CLIMATE DATA FOR SATURDAY MAY 19 2018

HIGH...   80  RECORD HIGH    99 IN 2001    NORMAL    HIGH   82
LOW....   54  RECORD LOW     41 IN 1896    NORMAL    LOW    54

RAIN SINCE MIDNIGHT....  0.00   RECORD THIS DATE....... 0.46 IN 1948
TOTAL THIS MONTH.......  0.10   NORMAL SINCE OCT 1ST.........  19.47
TOTAL SINCE OCT 1ST.... 16.37   PERCENT OF NORMAL..............  84%

$$
