019
CDUS46 KSGX 251130
CLISAN


CLIMATE REPORT
NATIONAL WEATHER SERVICE SAN DIEGO, CA
430 AM PDT WED APR 25 2018


...................................

...THE SAN DIEGO INTL AIRPORT CA CLIMATE SUMMARY FOR APRIL 24 2018...

CLIMATE NORMAL PERIOD 1981 TO 2010
CLIMATE RECORD PERIOD 1874 TO 2018


WEATHER ITEM   OBSERVED TIME   RECORD YEAR NORMAL DEPARTURE LAST
                VALUE   (LST)  VALUE       VALUE  FROM      YEAR
                                                  NORMAL
..................................................................
TEMPERATURE (F)
 YESTERDAY
  MAXIMUM         67    249 PM  83    1995  68     -1       68
                                      1910
  MINIMUM         56    525 AM  44    1880  57     -1       61
                                      1877
  AVERAGE         62                        62      0       65

PRECIPITATION (IN)
  YESTERDAY        0.00          0.28 1967   0.02  -0.02     0.00
  MONTH TO DATE    0.01                      0.68  -0.67     0.01
  SINCE OCT 1      3.19                      9.85  -6.66    11.71
  SINCE JAN 1      3.10                      6.74  -3.64     6.81

DEGREE DAYS
 HEATING
  YESTERDAY        3                         3      0        0
  MONTH TO DATE   43                        95    -52       19
  SINCE MAR 1    166                       273   -107       95
  SINCE JUL 1    617                      1131   -514      687

 COOLING
  YESTERDAY        0                         1     -1        0
  MONTH TO DATE   23                         6     17       20
  SINCE MAR 1     24                        11     13       31
  SINCE JAN 1     41                        16     25       31
..................................................................


WIND (MPH)
  RESULTANT WIND SPEED   4   RESULTANT WIND DIRECTION   W (290)
  HIGHEST WIND SPEED    14   HIGHEST WIND DIRECTION    SW (220)
  HIGHEST GUST SPEED    16   HIGHEST GUST DIRECTION    SW (210)
  AVERAGE WIND SPEED     5.6


SKY COVER
  POSSIBLE SUNSHINE  MM
  AVERAGE SKY COVER 0.8


WEATHER CONDITIONS
 THE FOLLOWING WEATHER WAS RECORDED YESTERDAY.
  LIGHT RAIN
  FOG
  HAZE


RELATIVE HUMIDITY (PERCENT)
 HIGHEST    93           300 AM
 LOWEST     58           100 PM
 AVERAGE    76

..........................................................


THE SAN DIEGO INTL AIRPORT CA CLIMATE NORMALS FOR TODAY
                         NORMAL    RECORD    YEAR
 MAXIMUM TEMPERATURE (F)   68        83      1992
 MINIMUM TEMPERATURE (F)   57        44      1883
                                             1880


SUNRISE AND SUNSET
APRIL 25 2018.........SUNRISE   608 AM PDT   SUNSET   726 PM PDT
APRIL 26 2018.........SUNRISE   607 AM PDT   SUNSET   727 PM PDT


-  INDICATES NEGATIVE NUMBERS.
R  INDICATES RECORD WAS SET OR TIED.
MM INDICATES DATA IS MISSING.
T  INDICATES TRACE AMOUNT.




$$
