000
CDUS46 KSGX 241220
CLISAN


CLIMATE REPORT
NATIONAL WEATHER SERVICE SAN DIEGO, CA
519 AM PDT WED APR 24 2019


...................................

...THE SAN DIEGO INTL AIRPORT CA CLIMATE SUMMARY FOR APRIL 23 2019...

CLIMATE NORMAL PERIOD 1981 TO 2010
CLIMATE RECORD PERIOD 1874 TO 2019


WEATHER ITEM   OBSERVED TIME   RECORD YEAR NORMAL DEPARTURE LAST
                VALUE   (LST)  VALUE       VALUE  FROM      YEAR
                                                  NORMAL
..................................................................
TEMPERATURE (F)
 YESTERDAY
  MAXIMUM         69    405 PM  96    1910  68      1       70
  MINIMUM         60    422 AM  46    1963  57      3       56
                                      1896
                                      1877
  AVERAGE         65                        62      3       63

PRECIPITATION (IN)
  YESTERDAY        0.00          0.25 1980   0.02  -0.02     0.00
  MONTH TO DATE    0.07                      0.66  -0.59     0.01
  SINCE OCT 1     11.92                      9.83   2.09     3.19
  SINCE JAN 1      7.52                      6.72   0.80     3.10

DEGREE DAYS
 HEATING
  YESTERDAY        0                         3     -3        2
  MONTH TO DATE   27                        92    -65       40
  SINCE MAR 1    163                       270   -107      163
  SINCE JUL 1    775                      1128   -353      614

 COOLING
  YESTERDAY        0                         1     -1        0
  MONTH TO DATE   18                         5     13       23
  SINCE MAR 1     22                        10     12       24
  SINCE JAN 1     22                        15      7       41
..................................................................


WIND (MPH)
  RESULTANT WIND SPEED   3   RESULTANT WIND DIRECTION  SW (230)
  HIGHEST WIND SPEED    13   HIGHEST WIND DIRECTION     W (250)
  HIGHEST GUST SPEED    17   HIGHEST GUST DIRECTION     W (290)
  AVERAGE WIND SPEED     5.2


SKY COVER
  POSSIBLE SUNSHINE  MM
  AVERAGE SKY COVER 0.5


WEATHER CONDITIONS
 THE FOLLOWING WEATHER WAS RECORDED YESTERDAY.
  FOG


RELATIVE HUMIDITY (PERCENT)
 HIGHEST    84           100 AM
 LOWEST     63           100 PM
 AVERAGE    74

..........................................................


THE SAN DIEGO INTL AIRPORT CA CLIMATE NORMALS FOR TODAY
                         NORMAL    RECORD    YEAR
 MAXIMUM TEMPERATURE (F)   68        83      1995
                                             1910
 MINIMUM TEMPERATURE (F)   57        44      1880
                                             1877


SUNRISE AND SUNSET
APRIL 24 2019.........SUNRISE   609 AM PDT   SUNSET   725 PM PDT
APRIL 25 2019.........SUNRISE   608 AM PDT   SUNSET   726 PM PDT


-  INDICATES NEGATIVE NUMBERS.
R  INDICATES RECORD WAS SET OR TIED.
MM INDICATES DATA IS MISSING.
T  INDICATES TRACE AMOUNT.




$$
