000
CDUS46 KSGX 170023
CLISAN


CLIMATE REPORT
NATIONAL WEATHER SERVICE SAN DIEGO, CA
523 PM PDT TUE JUL 16 2019


...................................

...THE SAN DIEGO INTL AIRPORT CA CLIMATE SUMMARY FOR JULY 16 2019...
VALID TODAY AS OF 0500 PM LOCAL TIME.

CLIMATE NORMAL PERIOD 1981 TO 2010
CLIMATE RECORD PERIOD 1874 TO 2019


WEATHER ITEM   OBSERVED TIME   RECORD YEAR NORMAL DEPARTURE LAST
                VALUE   (LST)  VALUE       VALUE  FROM      YEAR
                                                  NORMAL
..................................................................
TEMPERATURE (F)
 TODAY
  MAXIMUM         71    131 PM  88    2003  75     -4       79
  MINIMUM         63    630 AM  54    1884  66     -3       68
  AVERAGE         67                        70     -3       74

PRECIPITATION (IN)
  TODAY            0.00          0.05 1995   0.00   0.00     0.00
  MONTH TO DATE    0.00                      0.01  -0.01      T
  SINCE OCT 1     12.82                     10.15   2.67     3.32
  SINCE JAN 1      8.42                      7.04   1.38     3.23

DEGREE DAYS
 HEATING
  TODAY            0                         0      0        0
  MONTH TO DATE    0                         0      0        0
  SINCE JUN 1      4                        18    -14        0
  SINCE JUL 1      0                         0      0        0

 COOLING
  TODAY            2                         5     -3        9
  MONTH TO DATE   60                        72    -12      154
  SINCE JUN 1    111                       132    -21      235
  SINCE JAN 1    143                       181    -38      287
..................................................................


WIND (MPH)
  RESULTANT WIND SPEED   5   RESULTANT WIND DIRECTION   S (190)
  HIGHEST WIND SPEED    13   HIGHEST WIND DIRECTION     S (190)
  HIGHEST GUST SPEED    25   HIGHEST GUST DIRECTION     S (180)
  AVERAGE WIND SPEED     6.6


SKY COVER
  POSSIBLE SUNSHINE  MM
  AVERAGE SKY COVER 0.8


WEATHER CONDITIONS
 THE FOLLOWING WEATHER WAS RECORDED TODAY.
  FOG


RELATIVE HUMIDITY (PERCENT)
 HIGHEST   100           300 AM
 LOWEST     73          1200 PM
 AVERAGE    87

..........................................................


THE SAN DIEGO INTL AIRPORT CA CLIMATE NORMALS FOR TOMORROW
                         NORMAL    RECORD    YEAR
 MAXIMUM TEMPERATURE (F)   75        86      1984
 MINIMUM TEMPERATURE (F)   66        56      1884


SUNRISE AND SUNSET
JULY 16 2019..........SUNRISE   552 AM PDT   SUNSET   757 PM PDT
JULY 17 2019..........SUNRISE   553 AM PDT   SUNSET   757 PM PDT


-  INDICATES NEGATIVE NUMBERS.
R  INDICATES RECORD WAS SET OR TIED.
MM INDICATES DATA IS MISSING.
T  INDICATES TRACE AMOUNT.




$$
