000
CDUS44 KEWX 152244
CLISAT


CLIMATE REPORT
NATIONAL WEATHER SERVICE AUSTIN/SAN ANTONIO, TX
543 PM CDT SAT JUN 15 2019


...................................

...THE SAN ANTONIO CLIMATE SUMMARY FOR JUNE 15 2019...
VALID TODAY AS OF 0500 PM LOCAL TIME.

CLIMATE NORMAL PERIOD 1981 TO 2010
CLIMATE RECORD PERIOD 1886 TO 2019


WEATHER ITEM   OBSERVED TIME   RECORD YEAR NORMAL DEPARTURE LAST
                VALUE   (LST)  VALUE       VALUE  FROM      YEAR
                                                  NORMAL
..................................................................
TEMPERATURE (F)
 TODAY
  MAXIMUM         95    405 PM 107    1998  93      2       96
  MINIMUM         76    601 AM  60    1940  73      3       75
  AVERAGE         86                        83      3       86

PRECIPITATION (IN)
  TODAY            0.00          1.68 1894   0.14  -0.14     0.36
  MONTH TO DATE    1.68                      2.11  -0.43     0.36
  SINCE JUN 1      1.68                      2.11  -0.43     0.36
  SINCE JAN 1     11.01                     14.08  -3.07     7.90

SNOWFALL (IN)
  TODAY            0.0
  MONTH TO DATE    0.0
  SINCE JUN 1      0.0
  SINCE JUL 1      T
  SNOW DEPTH       0

DEGREE DAYS
 HEATING
  TODAY            0                         0      0        0
  MONTH TO DATE    0                         0      0        0
  SINCE JUN 1      0                         0      0        0
  SINCE JUL 1   1539                      1496     43     1303

 COOLING
  TODAY           21                        18      3       21
  MONTH TO DATE  251                       249      2      337
  SINCE JUN 1    251                       249      2      337
  SINCE JAN 1    888                       878     10     1123
..................................................................


WIND (MPH)
  HIGHEST WIND SPEED    22   HIGHEST WIND DIRECTION     S (160)
  HIGHEST GUST SPEED    27   HIGHEST GUST DIRECTION     S (180)
  AVERAGE WIND SPEED    13.4


SKY COVER
  AVERAGE SKY COVER 0.8


WEATHER CONDITIONS
 THE FOLLOWING WEATHER WAS RECORDED TODAY.
  NO SIGNIFICANT WEATHER WAS OBSERVED.


RELATIVE HUMIDITY (PERCENT)
 HIGHEST    87           500 AM
 LOWEST     41           300 PM
 AVERAGE    64

..........................................................


THE SAN ANTONIO CLIMATE NORMALS FOR TOMORROW
                         NORMAL    RECORD    YEAR
 MAXIMUM TEMPERATURE (F)   93       103      1934
 MINIMUM TEMPERATURE (F)   73        61      1989


SUNRISE AND SUNSET
JUNE 15 2019..........SUNRISE   633 AM CDT   SUNSET   835 PM CDT
JUNE 16 2019..........SUNRISE   634 AM CDT   SUNSET   836 PM CDT


-  INDICATES NEGATIVE NUMBERS.
R  INDICATES RECORD WAS SET OR TIED.
MM INDICATES DATA IS MISSING.
T  INDICATES TRACE AMOUNT.




$$
