664
CDUS44 KEWX 212229
CLISAT


CLIMATE REPORT
NATIONAL WEATHER SERVICE AUSTIN/SAN ANTONIO, TX
529 PM CDT SUN APR 21 2019


...................................

...THE SAN ANTONIO CLIMATE SUMMARY FOR APRIL 21 2019...
VALID TODAY AS OF 0500 PM LOCAL TIME.

CLIMATE NORMAL PERIOD 1981 TO 2010
CLIMATE RECORD PERIOD 1886 TO 2019


WEATHER ITEM   OBSERVED TIME   RECORD YEAR NORMAL DEPARTURE LAST
                VALUE   (LST)  VALUE       VALUE  FROM      YEAR
                                                  NORMAL
..................................................................
TEMPERATURE (F)
 TODAY
  MAXIMUM         83    301 PM  94    1995  82      1       79
  MINIMUM         58    321 AM  43    1978  60     -2       62
                                      1953
  AVERAGE         71                        71      0       71

PRECIPITATION (IN)
  TODAY            0.00          0.85 1946   0.08  -0.08     0.01
  MONTH TO DATE    3.03                      1.33   1.70     0.02
  SINCE MAR 1      3.49                      3.64  -0.15     4.04
  SINCE JAN 1      5.59                      7.19  -1.60     6.23

SNOWFALL (IN)
  TODAY            0.0
  MONTH TO DATE    0.0
  SINCE MAR 1      0.0
  SINCE JUL 1      T
  SNOW DEPTH       0

DEGREE DAYS
 HEATING
  TODAY            0                         1     -1        0
  MONTH TO DATE   36                        36      0       37
  SINCE MAR 1    234                       190     44       87
  SINCE JUL 1   1533                      1491     42     1303

 COOLING
  TODAY            6                         6      0        6
  MONTH TO DATE   89                       102    -13       94
  SINCE MAR 1    158                       167     -9      216
  SINCE JAN 1    185                       193     -8      262
..................................................................


WIND (MPH)
  HIGHEST WIND SPEED    24   HIGHEST WIND DIRECTION    SE (150)
  HIGHEST GUST SPEED    33   HIGHEST GUST DIRECTION    SE (130)
  AVERAGE WIND SPEED    12.3


SKY COVER
  AVERAGE SKY COVER 0.5


WEATHER CONDITIONS
 THE FOLLOWING WEATHER WAS RECORDED TODAY.
  NO SIGNIFICANT WEATHER WAS OBSERVED.


RELATIVE HUMIDITY (PERCENT)
 HIGHEST    97           600 AM
 LOWEST     51           300 PM
 AVERAGE    74

..........................................................


THE SAN ANTONIO CLIMATE NORMALS FOR TOMORROW
                         NORMAL    RECORD    YEAR
 MAXIMUM TEMPERATURE (F)   82        96      2009
                                             1963
 MINIMUM TEMPERATURE (F)   60        43      1993
                                             1931


SUNRISE AND SUNSET
APRIL 21 2019.........SUNRISE   701 AM CDT   SUNSET   804 PM CDT
APRIL 22 2019.........SUNRISE   700 AM CDT   SUNSET   805 PM CDT


-  INDICATES NEGATIVE NUMBERS.
R  INDICATES RECORD WAS SET OR TIED.
MM INDICATES DATA IS MISSING.
T  INDICATES TRACE AMOUNT.




$$
