000
CDUS44 KEWX 190634
CLISAT


CLIMATE REPORT
NATIONAL WEATHER SERVICE AUSTIN/SAN ANTONIO, TX
134 AM CDT THU APR 19 2018


...................................

...THE SAN ANTONIO CLIMATE SUMMARY FOR APRIL 18 2018...

CLIMATE NORMAL PERIOD 1981 TO 2010
CLIMATE RECORD PERIOD 1886 TO 2018


WEATHER ITEM   OBSERVED TIME   RECORD YEAR NORMAL DEPARTURE LAST
                VALUE   (LST)  VALUE       VALUE  FROM      YEAR
                                                  NORMAL
..................................................................
TEMPERATURE (F)
 YESTERDAY
  MAXIMUM         84    427 PM 100    2006  81      3       80
  MINIMUM         64   1157 PM  42    1999  59      5       59
                                      1947
                                      1921
  AVERAGE         74                        70      4       70

PRECIPITATION (IN)
  YESTERDAY        0.00          6.78 1915   0.07  -0.07     0.00
  MONTH TO DATE    0.01                      1.11  -1.10     2.76
  SINCE MAR 1      4.03                      3.42   0.61     4.85
  SINCE JAN 1      6.22                      6.97  -0.75    11.18

SNOWFALL (IN)
  YESTERDAY        0.0
  MONTH TO DATE    0.0
  SINCE MAR 1      T
  SINCE JUL 1      1.9
  SNOW DEPTH       0

DEGREE DAYS
 HEATING
  YESTERDAY        0                         1     -1        0
  MONTH TO DATE   33                        33      0        7
  SINCE MAR 1     83                       187   -104       58
  SINCE JUL 1   1299                      1488   -189      776

 COOLING
  YESTERDAY        9                         6      3        5
  MONTH TO DATE   84                        84      0      105
  SINCE MAR 1    206                       149     57      239
  SINCE JAN 1    252                       175     77      339
..................................................................


WIND (MPH)
  HIGHEST WIND SPEED    17   HIGHEST WIND DIRECTION    NE (50)
  HIGHEST GUST SPEED    22   HIGHEST GUST DIRECTION    NE (50)
  AVERAGE WIND SPEED     9.1


SKY COVER
  AVERAGE SKY COVER 0.6


WEATHER CONDITIONS
 THE FOLLOWING WEATHER WAS RECORDED YESTERDAY.
  NO SIGNIFICANT WEATHER WAS OBSERVED.


RELATIVE HUMIDITY (PERCENT)
 HIGHEST    93           200 AM
 LOWEST     24           500 PM
 AVERAGE    59

..........................................................


THE SAN ANTONIO CLIMATE NORMALS FOR TODAY
                         NORMAL    RECORD    YEAR
 MAXIMUM TEMPERATURE (F)   81       101      1996
 MINIMUM TEMPERATURE (F)   59        42      1901


SUNRISE AND SUNSET
APRIL 19 2018.........SUNRISE   703 AM CDT   SUNSET   803 PM CDT
APRIL 20 2018.........SUNRISE   702 AM CDT   SUNSET   804 PM CDT


-  INDICATES NEGATIVE NUMBERS.
R  INDICATES RECORD WAS SET OR TIED.
MM INDICATES DATA IS MISSING.
T  INDICATES TRACE AMOUNT.




$$
