000
CDUS42 KCHS 160606
CLISAV


CLIMATE REPORT
NATIONAL WEATHER SERVICE CHARLESTON SC
206 AM EDT WED OCT 16 2019


...................................

...THE SAVANNAH GA CLIMATE SUMMARY FOR OCTOBER 15 2019...

CLIMATE NORMAL PERIOD 1981 TO 2010
CLIMATE RECORD PERIOD 1871 TO 2019


WEATHER ITEM   OBSERVED TIME   RECORD YEAR NORMAL DEPARTURE LAST
                VALUE   (LST)  VALUE       VALUE  FROM      YEAR
                                                  NORMAL
..................................................................
TEMPERATURE (F)
 YESTERDAY
  MAXIMUM         73    449 PM  90    1925  79     -6       86
  MINIMUM         67    849 AM  41    1988  58      9       66
  AVERAGE         70                        68      2       76

PRECIPITATION (IN)
  YESTERDAY        0.97          3.03 1971   0.12   0.85     0.00
  MONTH TO DATE    3.82                      2.14   1.68     2.51
  SINCE SEP 1      5.09                      6.72  -1.63     4.61
  SINCE JAN 1     34.89                     41.09  -6.20    30.95

SNOWFALL (IN)
  YESTERDAY        0.0                       0.0    0.0
  SINCE SEP 1      0.0                       0.0    0.0
  SINCE JUL 1      0.0                       0.0    0.0

DEGREE DAYS
 HEATING
  YESTERDAY        0                         2     -2        0
  MONTH TO DATE    0                        14    -14        0
  SINCE SEP 1      0                        16    -16        0
  SINCE JUL 1      0                        16    -16        0

 COOLING
  YESTERDAY        5                         5      0       11
  MONTH TO DATE  180                        96     84      198
  SINCE SEP 1    680                       455    225      709
  SINCE JAN 1   3037                      2362    675     2882
..................................................................


WIND (MPH)
  HIGHEST WIND SPEED     8   HIGHEST WIND DIRECTION     W (260)
  HIGHEST GUST SPEED    10   HIGHEST GUST DIRECTION     W (250)
  AVERAGE WIND SPEED     2.2


SKY COVER
  POSSIBLE SUNSHINE  MM
  AVERAGE SKY COVER 0.9


WEATHER CONDITIONS
 THE FOLLOWING WEATHER WAS RECORDED YESTERDAY.
  HEAVY RAIN
  RAIN
  LIGHT RAIN
  FOG


RELATIVE HUMIDITY (PERCENT)
 HIGHEST   100           800 AM
 LOWEST     84           100 AM
 AVERAGE    92

..........................................................


THE SAVANNAH GA CLIMATE NORMALS FOR TODAY
                         NORMAL    RECORD    YEAR
 MAXIMUM TEMPERATURE (F)   78        91      2018
 MINIMUM TEMPERATURE (F)   57        41      1978
                                             1961


SUNRISE AND SUNSET
OCTOBER 16 2019.......SUNRISE   729 AM EDT   SUNSET   651 PM EDT
OCTOBER 17 2019.......SUNRISE   730 AM EDT   SUNSET   650 PM EDT


-  INDICATES NEGATIVE NUMBERS.
R  INDICATES RECORD WAS SET OR TIED.
MM INDICATES DATA IS MISSING.
T  INDICATES TRACE AMOUNT.




$$
