000
CDUS42 KCHS 260622
CLISAV


CLIMATE REPORT
NATIONAL WEATHER SERVICE CHARLESTON SC
222 AM EDT FRI APR 26 2019


...................................

...THE SAVANNAH GA CLIMATE SUMMARY FOR APRIL 25 2019...

CLIMATE NORMAL PERIOD 1981 TO 2010
CLIMATE RECORD PERIOD 1871 TO 2019


WEATHER ITEM   OBSERVED TIME   RECORD YEAR NORMAL DEPARTURE LAST
                VALUE   (LST)  VALUE       VALUE  FROM      YEAR
                                                  NORMAL
..................................................................
TEMPERATURE (F)
 YESTERDAY
  MAXIMUM         86    149 PM  94    1958  80      6       79
  MINIMUM         58    536 AM  39    2005  56      2       58
  AVERAGE         72                        68      4       69

PRECIPITATION (IN)
  YESTERDAY        0.00          2.98 1982   0.09  -0.09     0.00
  MONTH TO DATE    2.49                      2.63  -0.14     4.33
  SINCE MAR 1      4.19                      6.36  -2.17     5.55
  SINCE JAN 1      7.63                     12.84  -5.21     8.38

SNOWFALL (IN)
  YESTERDAY        0.0                       0.0    0.0
  SINCE MAR 1      0.0                       T      0.0
  SINCE JUL 1      0.0                       0.3   -0.3

DEGREE DAYS
 HEATING
  YESTERDAY        0                         1     -1        0
  MONTH TO DATE   53                        71    -18       85
  SINCE MAR 1    225                       281    -56      327
  SINCE JUL 1   1366                      1798   -432     1602

 COOLING
  YESTERDAY        7                         4      3        4
  MONTH TO DATE  114                        71     43       61
  SINCE MAR 1    154                       103     51       93
  SINCE JAN 1    196                       113     83      175
..................................................................


WIND (MPH)
  HIGHEST WIND SPEED    20   HIGHEST WIND DIRECTION    SE (150)
  HIGHEST GUST SPEED    29   HIGHEST GUST DIRECTION    SE (150)
  AVERAGE WIND SPEED     7.5


SKY COVER
  POSSIBLE SUNSHINE  MM
  AVERAGE SKY COVER 0.6


WEATHER CONDITIONS
 THE FOLLOWING WEATHER WAS RECORDED YESTERDAY.
  HAZE


RELATIVE HUMIDITY (PERCENT)
 HIGHEST    90          1100 PM
 LOWEST     43          1100 AM
 AVERAGE    67

..........................................................


THE SAVANNAH GA CLIMATE NORMALS FOR TODAY
                         NORMAL    RECORD    YEAR
 MAXIMUM TEMPERATURE (F)   80        92      1989
 MINIMUM TEMPERATURE (F)   56        38      1910


SUNRISE AND SUNSET
APRIL 26 2019.........SUNRISE   644 AM EDT   SUNSET   802 PM EDT
APRIL 27 2019.........SUNRISE   643 AM EDT   SUNSET   803 PM EDT


-  INDICATES NEGATIVE NUMBERS.
R  INDICATES RECORD WAS SET OR TIED.
MM INDICATES DATA IS MISSING.
T  INDICATES TRACE AMOUNT.




$$
