000
CDUS42 KCHS 152103
CLISAV


CLIMATE REPORT
NATIONAL WEATHER SERVICE CHARLESTON SC
503 PM EDT SAT JUN 15 2019


...................................

...THE SAVANNAH GA CLIMATE SUMMARY FOR JUNE 15 2019...
VALID TODAY AS OF 0500 PM LOCAL TIME.

CLIMATE NORMAL PERIOD 1981 TO 2010
CLIMATE RECORD PERIOD 1871 TO 2019


WEATHER ITEM   OBSERVED TIME   RECORD YEAR NORMAL DEPARTURE LAST
                VALUE   (LST)  VALUE       VALUE  FROM      YEAR
                                                  NORMAL
..................................................................
TEMPERATURE (F)
 TODAY
  MAXIMUM         87    112 PM 102    1971  90     -3       90
  MINIMUM         62    522 AM  59    1933  70     -8       71
  AVERAGE         75                        80     -5       81

PRECIPITATION (IN)
  TODAY            0.00          2.10 1872   0.22  -0.22     0.00
  MONTH TO DATE   10.95                      2.84   8.11     0.89
  SINCE JUN 1     10.95                      2.84   8.11     0.89
  SINCE JAN 1     21.62                     19.10   2.52    15.98

DEGREE DAYS
 HEATING
  TODAY            0                         0      0        0
  MONTH TO DATE    0                         0      0        0
  SINCE JUN 1      0                         0      0        0
  SINCE JUL 1   1366                      1812   -446     1607

 COOLING
  TODAY           10                        15     -5       16
  MONTH TO DATE  230                       206     24      235
  SINCE JUN 1    230                       206     24      235
  SINCE JAN 1    905                       609    296      782
..................................................................


WIND (MPH)
  HIGHEST WIND SPEED    15   HIGHEST WIND DIRECTION     E (100)
  HIGHEST GUST SPEED    20   HIGHEST GUST DIRECTION     E (110)
  AVERAGE WIND SPEED     4.6


SKY COVER
  POSSIBLE SUNSHINE  MM
  AVERAGE SKY COVER 0.3


WEATHER CONDITIONS
 THE FOLLOWING WEATHER WAS RECORDED TODAY.
  NO SIGNIFICANT WEATHER WAS OBSERVED.


RELATIVE HUMIDITY (PERCENT)
 HIGHEST   100           500 AM
 LOWEST     44          1200 PM
 AVERAGE    72

..........................................................


THE SAVANNAH GA CLIMATE NORMALS FOR TOMORROW
                         NORMAL    RECORD    YEAR
 MAXIMUM TEMPERATURE (F)   90       101      1981
 MINIMUM TEMPERATURE (F)   70        53      1955


SUNRISE AND SUNSET
JUNE 15 2019..........SUNRISE   618 AM EDT   SUNSET   833 PM EDT
JUNE 16 2019..........SUNRISE   618 AM EDT   SUNSET   833 PM EDT


-  INDICATES NEGATIVE NUMBERS.
R  INDICATES RECORD WAS SET OR TIED.
MM INDICATES DATA IS MISSING.
T  INDICATES TRACE AMOUNT.




$$
