404
CDUS46 KLOX 210910
CLISBA


CLIMATE REPORT
NATIONAL WEATHER SERVICE LOS ANGELES/OXNARD CA
209 AM PDT SAT APR 21 2018


...................................

...THE SANTA BARBARA AIRPORT CA CLIMATE SUMMARY FOR APRIL 20 2018...

CLIMATE NORMAL PERIOD 1981 TO 2010
CLIMATE RECORD PERIOD 1940 TO 2018


WEATHER ITEM   OBSERVED TIME   RECORD YEAR NORMAL DEPARTURE LAST
                VALUE   (LST)  VALUE       VALUE  FROM      YEAR
                                                  NORMAL
..................................................................
TEMPERATURE (F)
 YESTERDAY
  MAXIMUM         68    129 PM  94    1958  68      0       83
  MINIMUM         45    519 AM  37    1961  48     -3       53
  AVERAGE         57                        58     -1       68

PRECIPITATION (IN)
  YESTERDAY        0.00          1.06 1983   0.03  -0.03     0.00
  MONTH TO DATE    T                         0.76  -0.76     0.41
  SINCE OCT 1      8.30                     16.70  -8.40    24.11
  SINCE JAN 1      8.23                     11.40  -3.17    19.30

SNOWFALL (IN)
  YESTERDAY        0.0
  MONTH TO DATE    0.0
  SINCE MAR 1      0.0
  SINCE JUL 1      0.0

DEGREE DAYS
 HEATING
  YESTERDAY        8                         7      1        0
  MONTH TO DATE  110                       162    -52      128
  SINCE MAR 1    425                       458    -33      333
  SINCE JUL 1   1676                      2059   -383     1701

 COOLING
  YESTERDAY        0                         0      0        3
  MONTH TO DATE   10                         0     10        3
  SINCE MAR 1     10                         2      8        3
  SINCE JAN 1     10                         2      8        3
..................................................................


WIND (MPH)
  HIGHEST WIND SPEED    17   HIGHEST WIND DIRECTION    SW (210)
  HIGHEST GUST SPEED    23   HIGHEST GUST DIRECTION    SW (210)
  AVERAGE WIND SPEED     6.8


SKY COVER
  POSSIBLE SUNSHINE  MM
  AVERAGE SKY COVER 0.0


WEATHER CONDITIONS
 THE FOLLOWING WEATHER WAS RECORDED YESTERDAY.
  NO SIGNIFICANT WEATHER WAS OBSERVED.


RELATIVE HUMIDITY (PERCENT)
 HIGHEST    86           700 PM
 LOWEST     52           100 PM
 AVERAGE    69

..........................................................


THE SANTA BARBARA AIRPORT CA CLIMATE NORMALS FOR TODAY
                         NORMAL    RECORD    YEAR
 MAXIMUM TEMPERATURE (F)   68        87      1987
 MINIMUM TEMPERATURE (F)   49        37      1968


SUNRISE AND SUNSET
APRIL 21 2018.........SUNRISE   621 AM PDT   SUNSET   736 PM PDT
APRIL 22 2018.........SUNRISE   619 AM PDT   SUNSET   737 PM PDT


-  INDICATES NEGATIVE NUMBERS.
R  INDICATES RECORD WAS SET OR TIED.
MM INDICATES DATA IS MISSING.
T  INDICATES TRACE AMOUNT.




$$
