000
CDUS46 KLOX 230112
CLISBA


CLIMATE REPORT
NATIONAL WEATHER SERVICE LOS ANGELES/OXNARD CA
611 PM PDT MON JUL 22 2019


...................................

...THE SANTA BARBARA AIRPORT CA CLIMATE SUMMARY FOR JULY 22 2019...
VALID TODAY AS OF 0600 PM LOCAL TIME.

CLIMATE NORMAL PERIOD 1981 TO 2010
CLIMATE RECORD PERIOD 1940 TO 2019


WEATHER ITEM   OBSERVED TIME   RECORD YEAR NORMAL DEPARTURE LAST
                VALUE   (LST)  VALUE       VALUE  FROM      YEAR
                                                  NORMAL
..................................................................
TEMPERATURE (F)
 TODAY
  MAXIMUM         70    258 PM  94    2016  74     -4       80
  MINIMUM         59    529 AM  51    2002  58      1       62
  AVERAGE         65                        66     -1       71

PRECIPITATION (IN)
  TODAY            0.00          0.07 2013   0.00   0.00     0.00
  MONTH TO DATE    0.00                      0.03  -0.03      T
  SINCE OCT 1     21.92                     17.38   4.54     8.30
  SINCE JAN 1     18.37                     12.08   6.29     8.23

SNOWFALL (IN)
  TODAY            0.0
  MONTH TO DATE    0.0
  SINCE JUN 1      0.0
  SINCE JUL 1      0.0

DEGREE DAYS
 HEATING
  TODAY            0                         1     -1        0
  MONTH TO DATE   18                        22     -4        0
  SINCE JUN 1     95                       112    -17       63
  SINCE JUL 1     18                        22     -4        0

 COOLING
  TODAY            0                         2     -2        6
  MONTH TO DATE    9                        32    -23      120
  SINCE JUN 1     18                        46    -28      130
  SINCE JAN 1     29                        60    -31      140
..................................................................


WIND (MPH)
  HIGHEST WIND SPEED    13   HIGHEST WIND DIRECTION     W (250)
  HIGHEST GUST SPEED    15   HIGHEST GUST DIRECTION     W (250)
  AVERAGE WIND SPEED     6.1


SKY COVER
  POSSIBLE SUNSHINE  MM
  AVERAGE SKY COVER 0.7


WEATHER CONDITIONS
 THE FOLLOWING WEATHER WAS RECORDED TODAY.
  FOG


RELATIVE HUMIDITY (PERCENT)
 HIGHEST    97          1200 AM
 LOWEST     70           100 PM
 AVERAGE    84

..........................................................


THE SANTA BARBARA AIRPORT CA CLIMATE NORMALS FOR TOMORROW
                         NORMAL    RECORD    YEAR
 MAXIMUM TEMPERATURE (F)   74        93      2006
 MINIMUM TEMPERATURE (F)   58        51      1987


SUNRISE AND SUNSET
JULY 22 2019..........SUNRISE   603 AM PDT   SUNSET   809 PM PDT
JULY 23 2019..........SUNRISE   603 AM PDT   SUNSET   808 PM PDT


-  INDICATES NEGATIVE NUMBERS.
R  INDICATES RECORD WAS SET OR TIED.
MM INDICATES DATA IS MISSING.
T  INDICATES TRACE AMOUNT.




$$
