000
CDUS46 KLOX 250913
CLISBA


CLIMATE REPORT
NATIONAL WEATHER SERVICE LOS ANGELES/OXNARD CA
213 AM PDT THU APR 25 2019


...................................

...THE SANTA BARBARA AIRPORT CA CLIMATE SUMMARY FOR APRIL 24 2019...

CLIMATE NORMAL PERIOD 1981 TO 2010
CLIMATE RECORD PERIOD 1940 TO 2019


WEATHER ITEM   OBSERVED TIME   RECORD YEAR NORMAL DEPARTURE LAST
                VALUE   (LST)  VALUE       VALUE  FROM      YEAR
                                                  NORMAL
..................................................................
TEMPERATURE (F)
 YESTERDAY
  MAXIMUM         65    237 PM  87    1985  68     -3       61
  MINIMUM         53    545 AM  36    1960  49      4       51
  AVERAGE         59                        58      1       56

PRECIPITATION (IN)
  YESTERDAY        0.00          0.05 1975   0.03  -0.03     0.00
  MONTH TO DATE    0.02                      0.87  -0.85      T
  SINCE OCT 1     19.97                     16.81   3.16     8.30
  SINCE JAN 1     16.42                     11.51   4.91     8.23

SNOWFALL (IN)
  YESTERDAY        0.0
  MONTH TO DATE    0.0
  SINCE MAR 1      0.0
  SINCE JUL 1      0.0

DEGREE DAYS
 HEATING
  YESTERDAY        6                         7     -1        9
  MONTH TO DATE  122                       190    -68      134
  SINCE MAR 1    411                       486    -75      449
  SINCE JUL 1   1750                      2087   -337     1700

 COOLING
  YESTERDAY        0                         0      0        0
  MONTH TO DATE   11                         0     11       10
  SINCE MAR 1     11                         2      9       10
  SINCE JAN 1     11                         2      9       10
..................................................................


WIND (MPH)
  HIGHEST WIND SPEED    17   HIGHEST WIND DIRECTION    SE (150)
  HIGHEST GUST SPEED    20   HIGHEST GUST DIRECTION    SE (150)
  AVERAGE WIND SPEED     6.6


SKY COVER
  POSSIBLE SUNSHINE  MM
  AVERAGE SKY COVER 0.4


WEATHER CONDITIONS
 THE FOLLOWING WEATHER WAS RECORDED YESTERDAY.
  FOG
  HAZE


RELATIVE HUMIDITY (PERCENT)
 HIGHEST   100           600 AM
 LOWEST     78          1000 AM
 AVERAGE    89

..........................................................


THE SANTA BARBARA AIRPORT CA CLIMATE NORMALS FOR TODAY
                         NORMAL    RECORD    YEAR
 MAXIMUM TEMPERATURE (F)   68        88      1948
 MINIMUM TEMPERATURE (F)   49        39      2009


SUNRISE AND SUNSET
APRIL 25 2019.........SUNRISE   616 AM PDT   SUNSET   739 PM PDT
APRIL 26 2019.........SUNRISE   615 AM PDT   SUNSET   740 PM PDT


-  INDICATES NEGATIVE NUMBERS.
R  INDICATES RECORD WAS SET OR TIED.
MM INDICATES DATA IS MISSING.
T  INDICATES TRACE AMOUNT.




$$
