000
CDUS43 KIWX 190021
CLISBN


CLIMATE REPORT
NATIONAL WEATHER SERVICE NORTHERN INDIANA
820 PM EDT THU APR 18 2019


...................................

...THE SOUTH BEND CLIMATE SUMMARY FOR APRIL 18 2019...
VALID AS OF 0800 PM LOCAL TIME.

CLIMATE NORMAL PERIOD 1981 TO 2010
CLIMATE RECORD PERIOD 1893 TO 2019


WEATHER ITEM   OBSERVED TIME   RECORD YEAR NORMAL DEPARTURE LAST
                VALUE   (LST)  VALUE       VALUE  FROM      YEAR
                                                  NORMAL
..................................................................
TEMPERATURE (F)
 TODAY
  MAXIMUM         67   1222 AM  87    2004  61      6       41
  MINIMUM         41    659 PM  20    2018  40      1       20
  AVERAGE         54                        50      4       31

PRECIPITATION (IN)
  TODAY            0.45          1.95 1975   0.11   0.34     0.11
  MONTH TO DATE    1.87                      1.90  -0.03     2.78
  SINCE MAR 1      4.71                      4.32   0.39     4.56
  SINCE JAN 1      8.70                      8.56   0.14    14.57

SNOWFALL (IN)
  TODAY            0.0           5.0  1910   0.1   -0.1      0.0
  MONTH TO DATE    0.2                       1.2   -1.0      1.3
  SINCE MAR 1      0.7                       8.3   -7.6      8.9
  SINCE JUL 1     44.8                      66.4  -21.6     92.9
  SNOW DEPTH       0

DEGREE DAYS
 HEATING
  TODAY           11                        15     -4       34
  MONTH TO DATE  305                       331    -26      520
  SINCE MAR 1   1289                      1186    103     1467
  SINCE JUL 1   6136                      5875    261     6160

 COOLING
  TODAY            0                         0      0        0
  MONTH TO DATE    0                         0      0        0
  SINCE MAR 1      0                         1     -1        0
  SINCE JAN 1      0                         1     -1        0
..................................................................


WIND (MPH)
  RESULTANT WIND SPEED   9   RESULTANT WIND DIRECTION  SW (240)
  HIGHEST WIND SPEED    24   HIGHEST WIND DIRECTION    SW (210)
  HIGHEST GUST SPEED    34   HIGHEST GUST DIRECTION    SW (210)
  AVERAGE WIND SPEED    15.9


SKY COVER
  POSSIBLE SUNSHINE  MM
  AVERAGE SKY COVER 0.8


WEATHER CONDITIONS
 THE FOLLOWING WEATHER WAS RECORDED TODAY.
  HEAVY RAIN
  RAIN
  LIGHT RAIN
  FOG


RELATIVE HUMIDITY (PERCENT)
 HIGHEST   100           700 AM
 LOWEST     58          1200 AM
 AVERAGE    79

..........................................................


THE SOUTH BEND CLIMATE NORMALS FOR TOMORROW
                         NORMAL    RECORD    YEAR
 MAXIMUM TEMPERATURE (F)   61        84      1985
 MINIMUM TEMPERATURE (F)   40        20      1926


SUNRISE AND SUNSET
APRIL 18 2019.........SUNRISE   701 AM EDT   SUNSET   829 PM EDT
APRIL 19 2019.........SUNRISE   659 AM EDT   SUNSET   830 PM EDT


-  INDICATES NEGATIVE NUMBERS.
R  INDICATES RECORD WAS SET OR TIED.
MM INDICATES DATA IS MISSING.
T  INDICATES TRACE AMOUNT.




$$
