000
CDUS46 KSTO 240040
CLISCK


CLIMATE REPORT
NATIONAL WEATHER SERVICE SACRAMENTO, CA
540 PM PDT TUE APR 23 2019


...................................

...THE STOCKTON AIRPORT CA CLIMATE SUMMARY FOR APRIL 23 2019...
VALID TODAY AS OF 0500 PM LOCAL TIME.

CLIMATE NORMAL PERIOD 1981 TO 2010
CLIMATE RECORD PERIOD 1948 TO 2019


WEATHER ITEM   OBSERVED TIME   RECORD YEAR NORMAL DEPARTURE LAST
                VALUE   (LST)  VALUE       VALUE  FROM      YEAR
                                                  NORMAL
..................................................................
TEMPERATURE (F)
 TODAY
  MAXIMUM         91    356 PM  93    1962  75     16       89
  MINIMUM         48    503 AM  39    1976  47      1       51
                                      1963
  AVERAGE         70

PRECIPITATION (IN)
  TODAY            0.00          0.38 1994   0.03  -0.03     0.00
  MONTH TO DATE    0.59                      0.81  -0.22     1.72
  SINCE OCT 1     15.79                     12.98   2.81     9.09
  SINCE JAN 1      9.91                      8.25   1.66     8.13

SNOWFALL (IN)
  TODAY           MM            MM      MM
  MONTH TO DATE    0.0
  SINCE MAR 1      0.0
  SINCE JUL 1      0.0

DEGREE DAYS
 HEATING
  TODAY            0                         5     -5        0
  MONTH TO DATE   71                       159    -88      107
  SINCE MAR 1    374                       483   -109      407
  SINCE JUL 1   2002                      2545   -543     1992

 COOLING
  TODAY            5                         1      4        5
  MONTH TO DATE   16                         6     10        9
  SINCE MAR 1     16                         6     10       11
  SINCE JAN 1     16                         6     10       11
..................................................................


WIND (MPH)
  RESULTANT WIND SPEED   1   RESULTANT WIND DIRECTION   E (100)
  HIGHEST WIND SPEED    12   HIGHEST WIND DIRECTION     W (270)
  HIGHEST GUST SPEED    12   HIGHEST GUST DIRECTION     W (270)


SKY COVER
  POSSIBLE SUNSHINE  MM
  AVERAGE SKY COVER 0.0


WEATHER CONDITIONS
 THE FOLLOWING WEATHER WAS RECORDED TODAY.
  NO SIGNIFICANT WEATHER WAS OBSERVED.


RELATIVE HUMIDITY (PERCENT)
 HIGHEST    86           500 AM
 LOWEST     21           400 PM
 AVERAGE    54

..........................................................


THE STOCKTON AIRPORT CA CLIMATE NORMALS FOR TOMORROW
                         NORMAL    RECORD    YEAR
 MAXIMUM TEMPERATURE (F)   75        90      1966
 MINIMUM TEMPERATURE (F)   47        32      1964


SUNRISE AND SUNSET
APRIL 23 2019.........SUNRISE   619 AM PDT   SUNSET   748 PM PDT
APRIL 24 2019.........SUNRISE   618 AM PDT   SUNSET   749 PM PDT


-  INDICATES NEGATIVE NUMBERS.
R  INDICATES RECORD WAS SET OR TIED.
MM INDICATES DATA IS MISSING.
T  INDICATES TRACE AMOUNT.




$$
