000
CDUS46 KLOX 250902
CLISDB


CLIMATE REPORT
NATIONAL WEATHER SERVICE LOS ANGELES/OXNARD CA
202 AM PDT TUE JUN 25 2019


...................................

...THE SANDBERG CA CLIMATE SUMMARY FOR JUNE 24 2019...

CLIMATE NORMAL PERIOD 1981 TO 2010
CLIMATE RECORD PERIOD 1934 TO 2019


WEATHER ITEM   OBSERVED TIME   RECORD YEAR NORMAL DEPARTURE LAST
                VALUE   (LST)  VALUE       VALUE  FROM      YEAR
                                                  NORMAL
..................................................................
TEMPERATURE (F)
 YESTERDAY
  MAXIMUM         83    114 PM  96    2017  79      4       81
                                      1957
  MINIMUM         63    441 AM  40    2003  59      4       61
  AVERAGE         73                        69      4       71

PRECIPITATION (IN)
  YESTERDAY        0.00          0.05 1988   0.00   0.00     0.00
  MONTH TO DATE    T                         0.06  -0.06     0.00
  SINCE OCT 1     17.48                     12.11   5.37     6.95
  SINCE JAN 1     14.94                      8.48   6.46     6.90

DEGREE DAYS
 HEATING
  YESTERDAY        0                         1     -1        0
  MONTH TO DATE   14                        77    -63       54
  SINCE JUN 1     14                        77    -63       54
  SINCE JUL 1   3610                      4105   -495     2841

 COOLING
  YESTERDAY        8                         6      2        6
  MONTH TO DATE  158                        93     65      157
  SINCE JUN 1    158                        93     65      157
  SINCE JAN 1    183                       138     45      182
..................................................................


WIND (MPH)
  HIGHEST WIND SPEED    22   HIGHEST WIND DIRECTION    NW (320)
  HIGHEST GUST SPEED    29   HIGHEST GUST DIRECTION    NW (320)
  AVERAGE WIND SPEED    10.8


SKY COVER
  POSSIBLE SUNSHINE  MM
  AVERAGE SKY COVER 0.0


WEATHER CONDITIONS
 THE FOLLOWING WEATHER WAS RECORDED YESTERDAY.
  NO SIGNIFICANT WEATHER WAS OBSERVED.


RELATIVE HUMIDITY (PERCENT)
 HIGHEST    48          1100 PM
 LOWEST     23          1100 AM
 AVERAGE    36

..........................................................


THE SANDBERG CA CLIMATE NORMALS FOR TODAY
                         NORMAL    RECORD    YEAR
 MAXIMUM TEMPERATURE (F)   80        97      2017
 MINIMUM TEMPERATURE (F)   59        35      1965


SUNRISE AND SUNSET
JUNE 25 2019..........SUNRISE   543 AM PDT   SUNSET   812 PM PDT
JUNE 26 2019..........SUNRISE   543 AM PDT   SUNSET   812 PM PDT


-  INDICATES NEGATIVE NUMBERS.
R  INDICATES RECORD WAS SET OR TIED.
MM INDICATES DATA IS MISSING.
T  INDICATES TRACE AMOUNT.




$$
