000
CDUS46 KLOX 270904
CLISDB


CLIMATE REPORT
NATIONAL WEATHER SERVICE LOS ANGELES/OXNARD CA
204 AM PDT SUN MAY 27 2018


...................................

...THE SANDBERG CA CLIMATE SUMMARY FOR MAY 26 2018...

CLIMATE NORMAL PERIOD 1981 TO 2010
CLIMATE RECORD PERIOD 1934 TO 2018


WEATHER ITEM   OBSERVED TIME   RECORD YEAR NORMAL DEPARTURE LAST
                VALUE   (LST)  VALUE       VALUE  FROM      YEAR
                                                  NORMAL
..................................................................
TEMPERATURE (F)
 YESTERDAY
  MAXIMUM         56    409 PM  90    1974  70    -14       61
  MINIMUM         42    458 AM  30    1953  51     -9       44
  AVERAGE         49                        61    -12       53

PRECIPITATION (IN)
  YESTERDAY        0.03          0.32 1946   0.00   0.03     0.01
  MONTH TO DATE    0.28                      0.37  -0.09     0.03
  SINCE OCT 1      6.95                     12.01  -5.06    12.79
  SINCE JAN 1      6.90                      8.38  -1.48     8.95

DEGREE DAYS
 HEATING
  YESTERDAY       16                         6     10       12
  MONTH TO DATE  235                       224     11      181
  SINCE MAR 1   1165                      1240    -75      785
  SINCE JUL 1   2764                      3999  -1235     3042

 COOLING
  YESTERDAY        0                         2     -2        0
  MONTH TO DATE   12                        28    -16       96
  SINCE MAR 1     14                        36    -22      117
  SINCE JAN 1     16                        36    -20      117
..................................................................


WIND (MPH)
  HIGHEST WIND SPEED    36   HIGHEST WIND DIRECTION     N (340)
  HIGHEST GUST SPEED    44   HIGHEST GUST DIRECTION     N (340)
  AVERAGE WIND SPEED    18.9


SKY COVER
  POSSIBLE SUNSHINE  MM
  AVERAGE SKY COVER 0.6


WEATHER CONDITIONS
 THE FOLLOWING WEATHER WAS RECORDED YESTERDAY.
  LIGHT RAIN
  FOG
  FOG W/VISIBILITY <= 1/4 MILE


RELATIVE HUMIDITY (PERCENT)
 HIGHEST   100           300 AM
 LOWEST     61           300 PM
 AVERAGE    81

..........................................................


THE SANDBERG CA CLIMATE NORMALS FOR TODAY
                         NORMAL    RECORD    YEAR
 MAXIMUM TEMPERATURE (F)   71        88      2014
                                             2003
 MINIMUM TEMPERATURE (F)   51        33      1971


SUNRISE AND SUNSET
MAY 27 2018...........SUNRISE   545 AM PDT   SUNSET   800 PM PDT
MAY 28 2018...........SUNRISE   544 AM PDT   SUNSET   801 PM PDT


-  INDICATES NEGATIVE NUMBERS.
R  INDICATES RECORD WAS SET OR TIED.
MM INDICATES DATA IS MISSING.
T  INDICATES TRACE AMOUNT.




$$
