000
CDUS46 KLOX 200137
CLISDB


CLIMATE REPORT
NATIONAL WEATHER SERVICE LOS ANGELES/OXNARD CA
636 PM PDT FRI APR 19 2019


...................................

...THE SANDBERG CA CLIMATE SUMMARY FOR APRIL 19 2019...
VALID TODAY AS OF 0600 PM LOCAL TIME.

CLIMATE NORMAL PERIOD 1981 TO 2010
CLIMATE RECORD PERIOD 1934 TO 2019


WEATHER ITEM   OBSERVED TIME   RECORD YEAR NORMAL DEPARTURE LAST
                VALUE   (LST)  VALUE       VALUE  FROM      YEAR
                                                  NORMAL
..................................................................
TEMPERATURE (F)
 TODAY
  MAXIMUM         79    116 PM  81    1950  59     20       48
  MINIMUM         60    406 AM  22    1967  42     18       32
  AVERAGE         70                        51     19       40

PRECIPITATION (IN)
  TODAY            0.00          0.61 1988   0.02  -0.02     0.00
  MONTH TO DATE    0.11                      0.46  -0.35     0.01
  SINCE OCT 1     15.34                     11.47   3.87     6.67
  SINCE JAN 1     12.80                      7.84   4.96     6.62

DEGREE DAYS
 HEATING
  TODAY            0                        14    -14       25
  MONTH TO DATE  221                       303    -82      245
  SINCE MAR 1    796                       873    -77      834
  SINCE JUL 1   3163                      3632   -469     2433

 COOLING
  TODAY            5                         0      5        0
  MONTH TO DATE    8                         0      8        0
  SINCE MAR 1      8                         1      7        0
  SINCE JAN 1      8                         1      7        2
..................................................................


WIND (MPH)
  HIGHEST WIND SPEED    23   HIGHEST WIND DIRECTION     S (170)
  HIGHEST GUST SPEED    29   HIGHEST GUST DIRECTION    SE (140)
  AVERAGE WIND SPEED     9.7


SKY COVER
  POSSIBLE SUNSHINE  MM
  AVERAGE SKY COVER 0.0


WEATHER CONDITIONS
 THE FOLLOWING WEATHER WAS RECORDED TODAY.
  NO SIGNIFICANT WEATHER WAS OBSERVED.


RELATIVE HUMIDITY (PERCENT)
 HIGHEST    46          1200 AM
 LOWEST     21           100 PM
 AVERAGE    34

..........................................................


THE SANDBERG CA CLIMATE NORMALS FOR TOMORROW
                         NORMAL    RECORD    YEAR
 MAXIMUM TEMPERATURE (F)   59        82      1994
 MINIMUM TEMPERATURE (F)   43        23      1967


SUNRISE AND SUNSET
APRIL 19 2019.........SUNRISE   618 AM PDT   SUNSET   730 PM PDT
APRIL 20 2019.........SUNRISE   617 AM PDT   SUNSET   731 PM PDT


-  INDICATES NEGATIVE NUMBERS.
R  INDICATES RECORD WAS SET OR TIED.
MM INDICATES DATA IS MISSING.
T  INDICATES TRACE AMOUNT.




$$
