000
CDUS46 KSGX 170018
CLISDM


CLIMATE REPORT
NATIONAL WEATHER SERVICE SAN DIEGO, CA
518 PM PDT SUN JUN 16 2019


...................................

...THE SAN DIEGO/BROWN CLIMATE SUMMARY FOR JUNE 16 2019...
VALID TODAY AS OF 0500 PM LOCAL TIME.

CLIMATE NORMAL PERIOD 1981 TO 2010
CLIMATE RECORD PERIOD 1943 TO 2019


WEATHER ITEM   OBSERVED RECORD YEAR NORMAL DEPARTURE
                VALUE   VALUE       VALUE  FROM
                                           NORMAL
........................................................
TEMPERATURE (F)
 TODAY
  MAXIMUM         70     86    2017  74
  MINIMUM         62     53    2010  57
  AVERAGE         66

PRECIPITATION (IN)
  TODAY            0.00   T    2009   0.01  -0.01
                               2009
                               2018
  MONTH TO DATE    T                  0.08  -0.08
  SINCE OCT 1     12.17              11.88   0.29
  SINCE JAN 1      8.90               8.32   0.58

SNOWFALL (IN)
  TODAY            0.0   MM      MM  MM
  MONTH TO DATE    0.0               MM
  SINCE JUN 1      0.0               MM
  SINCE JUL 1      0.0               MM

DEGREE DAYS
 HEATING
  TODAY            0

 COOLING
  TODAY            1
........................................................







THE SAN DIEGO/BROWN CLIMATE NORMALS FOR TOMORROW
                         NORMAL    RECORD    YEAR
 MAXIMUM TEMPERATURE (F)   74        93      1957
 MINIMUM TEMPERATURE (F)   57        54      2016
                                             2010
                                             1955


SUNRISE AND SUNSET
JUNE 16 2019..........SUNRISE   540 AM PDT   SUNSET   757 PM PDT
JUNE 17 2019..........SUNRISE   540 AM PDT   SUNSET   758 PM PDT


-  INDICATES NEGATIVE NUMBERS.
R  INDICATES RECORD WAS SET OR TIED.
MM INDICATES DATA IS MISSING.
T  INDICATES TRACE AMOUNT.




$$
