000
CDUS46 KSGX 211228
CLISDM


CLIMATE REPORT
NATIONAL WEATHER SERVICE SAN DIEGO, CA
518 AM PDT SUN APR 21 2019


...................................

...THE SAN DIEGO/BROWN CLIMATE SUMMARY FOR APRIL 20 2019...

CLIMATE NORMAL PERIOD 1981 TO 2010
CLIMATE RECORD PERIOD 1943 TO 2019


WEATHER ITEM   OBSERVED TIME   RECORD YEAR NORMAL DEPARTURE LAST
                VALUE   (LST)  VALUE       VALUE  FROM      YEAR
                                                  NORMAL
..................................................................
TEMPERATURE (F)
 YESTERDAY
  MAXIMUM         67   1152 AM  97    2009  69     -2       71
  MINIMUM         54   1145 PM  40    1955  50      4       46
  AVERAGE         61                        60      1       59

PRECIPITATION (IN)
  YESTERDAY        0.00          0.67 1957   0.03  -0.03     0.00
  MONTH TO DATE    0.13                      0.67  -0.54     0.06
  SINCE OCT 1     10.96                     11.32  -0.36     4.00
  SINCE JAN 1      7.69                      7.76  -0.07     3.60

DEGREE DAYS
 HEATING
  YESTERDAY        4                         6     -2        6
  MONTH TO DATE   84                       137    -53       77
  SINCE MAR 1    337                       399    -62      293
  SINCE JUL 1   1338                      1568   -230      948

 COOLING
  YESTERDAY        0                         0      0        0
  MONTH TO DATE    7                         0      7        9
  SINCE MAR 1      8                         5      3       12
  SINCE JAN 1      8                        11     -3       39
..................................................................


WIND (MPH)
  RESULTANT WIND SPEED   5   RESULTANT WIND DIRECTION   W (270)
  HIGHEST WIND SPEED    14   HIGHEST WIND DIRECTION     W (290)
  HIGHEST GUST SPEED    20   HIGHEST GUST DIRECTION     W (270)
  AVERAGE WIND SPEED     5.9


SKY COVER
  POSSIBLE SUNSHINE  MM
  AVERAGE SKY COVER 0.6


WEATHER CONDITIONS
 THE FOLLOWING WEATHER WAS RECORDED YESTERDAY.
  NO SIGNIFICANT WEATHER WAS OBSERVED.


RELATIVE HUMIDITY (PERCENT)
 HIGHEST    93          1200 AM
 LOWEST     56           900 AM
 AVERAGE    75

..........................................................


THE SAN DIEGO/BROWN CLIMATE NORMALS FOR TODAY
                         NORMAL    RECORD    YEAR
 MAXIMUM TEMPERATURE (F)   70        85      2009
 MINIMUM TEMPERATURE (F)   51        44      2007
                                             1955


SUNRISE AND SUNSET
APRIL 21 2019.........SUNRISE   612 AM PDT   SUNSET   722 PM PDT
APRIL 22 2019.........SUNRISE   611 AM PDT   SUNSET   723 PM PDT


-  INDICATES NEGATIVE NUMBERS.
R  INDICATES RECORD WAS SET OR TIED.
MM INDICATES DATA IS MISSING.
T  INDICATES TRACE AMOUNT.




$$
