000
CDUS46 KSEW 250730
CLISEW


CLIMATE REPORT
NATIONAL WEATHER SERVICE SEATTLE WA
1230 AM PDT THU APR 25 2019


...................................

...THE SEATTLE WA WFO CLIMATE SUMMARY FOR APRIL 24 2019...
VALID TODAY AS OF 1200 AM LOCAL TIME.

CLIMATE NORMAL PERIOD 1981 TO 2010
CLIMATE RECORD PERIOD 1986 TO 2019


WEATHER ITEM   OBSERVED TIME   RECORD YEAR     LAST
                VALUE   (LST)  VALUE           YEAR
....................................................
TEMPERATURE (F)
 TODAY
  MAXIMUM         62        MM  73    2018    73
  MINIMUM         45        MM  34    2009    44
  AVERAGE         54                          59

PRECIPITATION (IN)
  TODAY            T             0.54 2016     0.00
  MONTH TO DATE    2.20                        5.35
  SINCE OCT 1     24.04                       36.57
  SINCE JAN 1     10.65                       19.70

SNOWFALL (IN)
  TODAY            0.0                         0.0
  MONTH TO DATE    0.0                         0.0
  SINCE OCT 1     11.5                         4.0
  SINCE JUL 1     11.5                         4.0
  SNOW DEPTH       0

DEGREE DAYS
 HEATING
  TODAY           11                           6
  MONTH TO DATE  302                         367
  SINCE MAR 1    842                         942
  SINCE JUL 1   3887                        3937

 COOLING
  TODAY            0                           0
  MONTH TO DATE    0                           0
  SINCE MAR 1      0                           0
  SINCE JAN 1      0                           0
....................................................


WIND (MPH)
  HIGHEST WIND SPEED    MM   HIGHEST WIND DIRECTION    MM
  HIGHEST GUST SPEED    MM   HIGHEST GUST DIRECTION    MM
  AVERAGE WIND SPEED    MM



WEATHER CONDITIONS
 THE FOLLOWING WEATHER WAS RECORDED TODAY.
  LIGHT RAIN






-  INDICATES NEGATIVE NUMBERS.
R  INDICATES RECORD WAS SET OR TIED.
MM INDICATES DATA IS MISSING.
T  INDICATES TRACE AMOUNT.




$$
