172
CDUS46 KOTX 230837
CLISFF


CLIMATE REPORT
NATIONAL WEATHER SERVICE SPOKANE, WA
137 AM PDT TUE APR 23 2019


...................................

...THE SPOKANE WA FELTS AIRPORT CLIMATE SUMMARY FOR APRIL 22 2019...

CLIMATE NORMAL PERIOD 1981 TO 2010
CLIMATE RECORD PERIOD 9999 TO 9999


WEATHER ITEM   OBSERVED TIME   RECORD YEAR NORMAL DEPARTURE LAST
                VALUE   (LST)  VALUE       VALUE  FROM      YEAR
                                                  NORMAL
..................................................................
TEMPERATURE (F)
 YESTERDAY
  MAXIMUM         68    240 PM  MM      MM  60      8       59
  MINIMUM         40    505 AM  MM      MM  36      4       33
  AVERAGE         54                        48      6       46

PRECIPITATION (IN)
  YESTERDAY        0.01         MM      MM   0.04  -0.03     0.00
  MONTH TO DATE    1.26                      0.94   0.32     2.34
  SINCE OCT 1     11.41                     12.04  -0.63    14.25
  SINCE JAN 1      5.18                      5.84  -0.66     7.35

SNOWFALL (IN)
  YESTERDAY       MM

DEGREE DAYS
 HEATING
  YESTERDAY       11                        17     -6       19
  MONTH TO DATE  351                       409    -58      428
  SINCE MAR 1   1216                      1159     57     1173
  SINCE JUL 1   5716                      5730    -14     5490

 COOLING
  YESTERDAY        0                         0      0        0
  MONTH TO DATE    0                         0      0        0
  SINCE MAR 1      0                         0      0        0
  SINCE JAN 1      0                         0      0        0
..................................................................


WIND (MPH)
  HIGHEST WIND SPEED    18   HIGHEST WIND DIRECTION    SW (230)
  HIGHEST GUST SPEED    23   HIGHEST GUST DIRECTION    SW (230)
  AVERAGE WIND SPEED     6.7


SKY COVER
  POSSIBLE SUNSHINE  MM
  AVERAGE SKY COVER 0.3


WEATHER CONDITIONS
 THE FOLLOWING WEATHER WAS RECORDED YESTERDAY.
  LIGHT RAIN


RELATIVE HUMIDITY (PERCENT)
 HIGHEST    76           600 AM
 LOWEST     24           600 PM
 AVERAGE    50

..........................................................


THE SPOKANE WA FELTS AIRPORT CLIMATE NORMALS FOR TODAY
                         NORMAL    RECORD    YEAR
 MAXIMUM TEMPERATURE (F)   61        MM        MM
 MINIMUM TEMPERATURE (F)   36        MM        MM


SUNRISE AND SUNSET
APRIL 23 2019.........SUNRISE   546 AM PDT   SUNSET   750 PM PDT
APRIL 24 2019.........SUNRISE   544 AM PDT   SUNSET   752 PM PDT


-  INDICATES NEGATIVE NUMBERS.
R  INDICATES RECORD WAS SET OR TIED.
MM INDICATES DATA IS MISSING.
T  INDICATES TRACE AMOUNT.




$$
