000
CDUS46 KMTR 260038
CLISFO


CLIMATE REPORT
NATIONAL WEATHER SERVICE SAN FRANCISCO BAY AREA
538 PM PDT TUE JUN 25 2019


...................................

...THE SAN FRANCISCO AIRPORT CLIMATE SUMMARY FOR JUNE 25 2019...
VALID TODAY AS OF 0500 PM LOCAL TIME.

CLIMATE NORMAL PERIOD 1981 TO 2010
CLIMATE RECORD PERIOD 1927 TO 2019


WEATHER ITEM   OBSERVED TIME   RECORD YEAR NORMAL DEPARTURE LAST
                VALUE   (LST)  VALUE       VALUE  FROM      YEAR
                                                  NORMAL
..................................................................
TEMPERATURE (F)
 TODAY
  MAXIMUM         73   1247 PM  96    1993  72      1       MM
  MINIMUM         55    436 AM  44    1950  54      1       MM
  AVERAGE         64                        63      1       MM

PRECIPITATION (IN)
  TODAY            0.00          0.10 2001   0.00   0.00     0.00
  MONTH TO DATE    0.00                      0.10  -0.10     0.00
  SINCE OCT 1     23.31                     20.43   2.88    13.86
  SINCE JAN 1     18.43                     13.07   5.36    10.81

SNOWFALL (IN)
  TODAY            0.0           0.0
  MONTH TO DATE    0.0
  SINCE JUN 1      0.0
  SINCE JUL 1      0.0
  SNOW DEPTH       0

DEGREE DAYS
 HEATING
  TODAY            1                         3     -2       MM
  MONTH TO DATE   40                        90    -50       49
  SINCE JUN 1     40                        90    -50       49
  SINCE JUL 1   2351                      2638   -287     2043

 COOLING
  TODAY            0                         1     -1       MM
  MONTH TO DATE   65                        22     43       11
  SINCE JUN 1     65                        22     43       11
  SINCE JAN 1     74                        41     33       22
..................................................................


WIND (MPH)
  RESULTANT WIND SPEED  12   RESULTANT WIND DIRECTION   W (290)
  HIGHEST WIND SPEED    28   HIGHEST WIND DIRECTION     W (270)
  HIGHEST GUST SPEED    35   HIGHEST GUST DIRECTION     W (270)
  AVERAGE WIND SPEED    11.9


SKY COVER
  POSSIBLE SUNSHINE  MM
  AVERAGE SKY COVER 0.4


WEATHER CONDITIONS
 THE FOLLOWING WEATHER WAS RECORDED TODAY.
  HAZE


RELATIVE HUMIDITY (PERCENT)
 HIGHEST    86           300 AM
 LOWEST     44          1200 PM
 AVERAGE    65

..........................................................


THE SAN FRANCISCO AIRPORT CLIMATE NORMALS FOR TOMORROW
                         NORMAL    RECORD    YEAR
 MAXIMUM TEMPERATURE (F)   72        96      2003
 MINIMUM TEMPERATURE (F)   54        45      1950


SUNRISE AND SUNSET
JUNE 25 2019..........SUNRISE   549 AM PDT   SUNSET   835 PM PDT
JUNE 26 2019..........SUNRISE   550 AM PDT   SUNSET   835 PM PDT


-  INDICATES NEGATIVE NUMBERS.
R  INDICATES RECORD WAS SET OR TIED.
MM INDICATES DATA IS MISSING.
T  INDICATES TRACE AMOUNT.




$$
