000
CDUS43 KSGF 190631
CLISGF


CLIMATE REPORT
NATIONAL WEATHER SERVICE SPRINGFIELD MO
131 AM CDT FRI APR 19 2019


...................................

...THE SPRINGFIELD MO CLIMATE SUMMARY FOR APRIL 18 2019...

CLIMATE NORMAL PERIOD 1981 TO 2010
CLIMATE RECORD PERIOD 1888 TO 2019


WEATHER ITEM   OBSERVED TIME   RECORD YEAR NORMAL DEPARTURE LAST
                VALUE   (LST)  VALUE       VALUE  FROM      YEAR
                                                  NORMAL
..................................................................
TEMPERATURE (F)
 YESTERDAY
  MAXIMUM         66   1228 AM  92    2006  68     -2       70
  MINIMUM         44   1145 PM  26    1953  45     -1       38
  AVERAGE         55                        56     -1       54

PRECIPITATION (IN)
  YESTERDAY        0.35          2.13 1941   0.14   0.21     0.00
  MONTH TO DATE    2.31                      2.37  -0.06     0.97
  SINCE MAR 1      5.67                      5.99  -0.32     4.58
  SINCE JAN 1     11.41                     10.98   0.43    14.11

SNOWFALL (IN)
  YESTERDAY        0.0
  MONTH TO DATE    T
  SINCE MAR 1      0.8
  SINCE JUL 1      5.9
  SNOW DEPTH       0

DEGREE DAYS
 HEATING
  YESTERDAY       10                         9      1       11
  MONTH TO DATE  147                       211    -64      325
  SINCE MAR 1    806                       792     14      861
  SINCE JUL 1   4358                      4385    -27     4150

 COOLING
  YESTERDAY        0                         1     -1        0
  MONTH TO DATE   18                        11      7       10
  SINCE MAR 1     18                        14      4       10
  SINCE JAN 1     18                        14      4       11
..................................................................


WIND (MPH)
  HIGHEST WIND SPEED    29   HIGHEST WIND DIRECTION     W (280)
  HIGHEST GUST SPEED    46   HIGHEST GUST DIRECTION     W (290)
  AVERAGE WIND SPEED    13.0


SKY COVER
  AVERAGE SKY COVER 0.9


WEATHER CONDITIONS
 THE FOLLOWING WEATHER WAS RECORDED YESTERDAY.
  THUNDERSTORM
  HEAVY RAIN
  RAIN
  LIGHT RAIN
  FOG


RELATIVE HUMIDITY (PERCENT)
 HIGHEST    93           400 AM
 LOWEST     64           800 PM
 AVERAGE    79

..........................................................


THE SPRINGFIELD MO CLIMATE NORMALS FOR TODAY
                         NORMAL    RECORD    YEAR
 MAXIMUM TEMPERATURE (F)   68        89      1987
 MINIMUM TEMPERATURE (F)   45        28      1953


SUNRISE AND SUNSET
APRIL 19 2019.........SUNRISE   634 AM CDT   SUNSET   752 PM CDT
APRIL 20 2019.........SUNRISE   633 AM CDT   SUNSET   753 PM CDT


-  INDICATES NEGATIVE NUMBERS.
R  INDICATES RECORD WAS SET OR TIED.
MM INDICATES DATA IS MISSING.
T  INDICATES TRACE AMOUNT.




$$
