000
CDUS45 KBYZ 160722
CLISHR


CLIMATE REPORT
NATIONAL WEATHER SERVICE BILLINGS MT
121 AM MDT SUN JUN 16 2019


...................................

...THE SHERIDAN WY CLIMATE SUMMARY FOR JUNE 15 2019...

CLIMATE NORMAL PERIOD 1981 TO 2010
CLIMATE RECORD PERIOD 1907 TO 2019


WEATHER ITEM   OBSERVED TIME   RECORD YEAR NORMAL DEPARTURE LAST
                VALUE   (LST)  VALUE       VALUE  FROM      YEAR
                                                  NORMAL
..................................................................
TEMPERATURE (F)
 YESTERDAY
  MAXIMUM         77    435 PM  98    1931  76      1       69
  MINIMUM         49    334 AM  36    1991  46      3       52
                                      1957
  AVERAGE         63                        61      2       61

PRECIPITATION (IN)
  YESTERDAY        0.10          1.90 1992   0.08   0.02     0.18
  MONTH TO DATE    0.60                      1.23  -0.63     0.67
  SINCE OCT 1     13.15                      9.94   3.21    12.72
  SINCE JAN 1     10.31                      7.26   3.05     9.73

DEGREE DAYS
 HEATING
  YESTERDAY        2                         5     -3        4
  MONTH TO DATE   79                        99    -20       62
  SINCE JUN 1     79                        99    -20       62
  SINCE JUL 1   7996                      7593    403     7739

 COOLING
  YESTERDAY        0                         1     -1        0
  MONTH TO DATE    6                        13     -7       20
  SINCE JUN 1      6                        13     -7       20
  SINCE JAN 1      6                        17    -11       25
..................................................................


WIND (MPH)
  HIGHEST WIND SPEED    29   HIGHEST WIND DIRECTION     W (270)
  HIGHEST GUST SPEED    34   HIGHEST GUST DIRECTION     W (260)
  AVERAGE WIND SPEED     6.5


SKY COVER
  POSSIBLE SUNSHINE  MM
  AVERAGE SKY COVER 0.3


WEATHER CONDITIONS
 THE FOLLOWING WEATHER WAS RECORDED YESTERDAY.
  THUNDERSTORM
  RAIN


RELATIVE HUMIDITY (PERCENT)
 HIGHEST    89           300 AM
 LOWEST     41           400 PM
 AVERAGE    65

..........................................................


THE SHERIDAN WY CLIMATE NORMALS FOR TODAY
                         NORMAL    RECORD    YEAR
 MAXIMUM TEMPERATURE (F)   77        98      1931
 MINIMUM TEMPERATURE (F)   47        34      1966


SUNRISE AND SUNSET
JUNE 16 2019..........SUNRISE   521 AM MDT   SUNSET   856 PM MDT
JUNE 17 2019..........SUNRISE   522 AM MDT   SUNSET   856 PM MDT


-  INDICATES NEGATIVE NUMBERS.
R  INDICATES RECORD WAS SET OR TIED.
MM INDICATES DATA IS MISSING.
T  INDICATES TRACE AMOUNT.




$$
