000
CDUS45 KBYZ 190908
CLISHR


CLIMATE REPORT
NATIONAL WEATHER SERVICE BILLINGS MT
307 AM MDT FRI APR 19 2019


...................................

...THE SHERIDAN WY CLIMATE SUMMARY FOR APRIL 18 2019...

CLIMATE NORMAL PERIOD 1981 TO 2010
CLIMATE RECORD PERIOD 1907 TO 2019


WEATHER ITEM   OBSERVED TIME   RECORD YEAR NORMAL DEPARTURE LAST
                VALUE   (LST)  VALUE       VALUE  FROM      YEAR
                                                  NORMAL
..................................................................
TEMPERATURE (F)
 YESTERDAY
  MAXIMUM         65    438 PM  81    1946  58      7       54
  MINIMUM         37    439 AM  13    2013  30      7       28
  AVERAGE         51                        44      7       41

PRECIPITATION (IN)
  YESTERDAY        0.00          1.08 1948   0.06  -0.06     0.00
  MONTH TO DATE    1.07                      0.82   0.25     1.12
  SINCE OCT 1      5.42                      5.58  -0.16     7.77
  SINCE JAN 1      2.58                      2.90  -0.32     4.78

DEGREE DAYS
 HEATING
  YESTERDAY       14                        21     -7       24
  MONTH TO DATE  401                       414    -13      516
  SINCE MAR 1   1501                      1338    163     1520
  SINCE JUL 1   7181                      6873    308     7260

 COOLING
  YESTERDAY        0                         0      0        0
  MONTH TO DATE    0                         0      0        0
  SINCE MAR 1      0                         0      0        0
  SINCE JAN 1      0                         0      0        0
..................................................................


WIND (MPH)
  HIGHEST WIND SPEED    29   HIGHEST WIND DIRECTION     N (350)
  HIGHEST GUST SPEED    37   HIGHEST GUST DIRECTION    NW (330)
  AVERAGE WIND SPEED    12.2


SKY COVER
  POSSIBLE SUNSHINE  MM
  AVERAGE SKY COVER 0.4


WEATHER CONDITIONS
 THE FOLLOWING WEATHER WAS RECORDED YESTERDAY.
  NO SIGNIFICANT WEATHER WAS OBSERVED.


RELATIVE HUMIDITY (PERCENT)
 HIGHEST    76          1000 PM
 LOWEST     27          1200 PM
 AVERAGE    52

..........................................................


THE SHERIDAN WY CLIMATE NORMALS FOR TODAY
                         NORMAL    RECORD    YEAR
 MAXIMUM TEMPERATURE (F)   58        83      1962
 MINIMUM TEMPERATURE (F)   31         5      1966


SUNRISE AND SUNSET
APRIL 19 2019.........SUNRISE   617 AM MDT   SUNSET   758 PM MDT
APRIL 20 2019.........SUNRISE   615 AM MDT   SUNSET   759 PM MDT


-  INDICATES NEGATIVE NUMBERS.
R  INDICATES RECORD WAS SET OR TIED.
MM INDICATES DATA IS MISSING.
T  INDICATES TRACE AMOUNT.




$$
