000
CDUS44 KSHV 240750
CLISHV


CLIMATE REPORT
NATIONAL WEATHER SERVICE SHREVEPORT, LA
250 AM CDT MON JUN 24 2019


...................................

...THE SHREVEPORT CLIMATE SUMMARY FOR JUNE 23 2019...

CLIMATE NORMAL PERIOD 1981 TO 2010
CLIMATE RECORD PERIOD 1874 TO 2019


WEATHER ITEM   OBSERVED TIME   RECORD YEAR NORMAL DEPARTURE LAST
                VALUE   (LST)  VALUE       VALUE  FROM      YEAR
                                                  NORMAL
..................................................................
TEMPERATURE (F)
 YESTERDAY
  MAXIMUM         93    220 PM 102    1875  91      2       96
  MINIMUM         67   1148 PM  58    1902  71     -4       79
  AVERAGE         80                        81     -1       88

PRECIPITATION (IN)
  YESTERDAY        2.06R         1.93 1900   0.19   1.87     0.00
  MONTH TO DATE    6.56                      4.23   2.33     1.74
  SINCE DEC 1     40.56                     31.21   9.35    29.60
  SINCE JAN 1     29.29                     26.44   2.85    25.48

SNOWFALL (IN)
  YESTERDAY        0.0
  MONTH TO DATE    0.0
  SINCE JUN 1      0.0
  SINCE JUL 1      T
  SNOW DEPTH       0

DEGREE DAYS
 HEATING
  YESTERDAY        0                         0      0        0
  MONTH TO DATE    0                         0      0        0
  SINCE JUN 1      0                         0      0        0
  SINCE JUL 1   2168                      2226    -58     2040

 COOLING
  YESTERDAY       15                        16     -1       23
  MONTH TO DATE  328                       328      0      413
  SINCE JUN 1    328                       328      0      413
  SINCE JAN 1    785                       726     59      988
..................................................................


WIND (MPH)
  HIGHEST WIND SPEED    37   HIGHEST WIND DIRECTION     W (260)
  HIGHEST GUST SPEED    55   HIGHEST GUST DIRECTION     S (200)
  AVERAGE WIND SPEED    11.2


SKY COVER
  POSSIBLE SUNSHINE  MM
  AVERAGE SKY COVER 0.7


WEATHER CONDITIONS
 THE FOLLOWING WEATHER WAS RECORDED YESTERDAY.
  THUNDERSTORM
  HEAVY RAIN
  RAIN
  LIGHT RAIN
  FOG


RELATIVE HUMIDITY (PERCENT)
 HIGHEST   100           900 PM
 LOWEST     56           100 PM
 AVERAGE    78

..........................................................


THE SHREVEPORT CLIMATE NORMALS FOR TODAY
                         NORMAL    RECORD    YEAR
 MAXIMUM TEMPERATURE (F)   92       101      1882
 MINIMUM TEMPERATURE (F)   71        62      1974


SUNRISE AND SUNSET
JUNE 24 2019..........SUNRISE   609 AM CDT   SUNSET   826 PM CDT
JUNE 25 2019..........SUNRISE   609 AM CDT   SUNSET   826 PM CDT


-  INDICATES NEGATIVE NUMBERS.
R  INDICATES RECORD WAS SET OR TIED.
MM INDICATES DATA IS MISSING.
T  INDICATES TRACE AMOUNT.




$$

19
