356
CDUS44 KSHV 182149
CLISHV


CLIMATE REPORT
NATIONAL WEATHER SERVICE SHREVEPORT, LA
438 PM CDT THU APR 18 2019


...................................

...THE SHREVEPORT CLIMATE SUMMARY FOR APRIL 18 2019...
VALID TODAY AS OF 0400 PM LOCAL TIME.

CLIMATE NORMAL PERIOD 1981 TO 2010
CLIMATE RECORD PERIOD 1874 TO 2019


WEATHER ITEM   OBSERVED TIME   RECORD YEAR NORMAL DEPARTURE LAST
                VALUE   (LST)  VALUE       VALUE  FROM      YEAR
                                                  NORMAL
..................................................................
TEMPERATURE (F)
 TODAY
  MAXIMUM         72    227 AM  93    2006  77     -5       81
  MINIMUM         61    954 AM  37    1999  54      7       61
  AVERAGE         67                        66      1       71

PRECIPITATION (IN)
  TODAY            1.27          6.03 2016   0.15   1.12     0.00
  MONTH TO DATE    4.69                      2.49   2.20     3.49
  SINCE DEC 1     25.95                     20.35   5.60    24.90
  SINCE JAN 1     14.68                     15.58  -0.90    20.78

SNOWFALL (IN)
  TODAY            0.0
  MONTH TO DATE    0.0
  SINCE MAR 1      0.0
  SINCE JUL 1      T
  SNOW DEPTH       0

DEGREE DAYS
 HEATING
  TODAY            0                         2     -2        0
  MONTH TO DATE   64                        68     -4      103
  SINCE MAR 1    344                       319     25      245
  SINCE JUL 1   2153                      2201    -48     2005

 COOLING
  TODAY            2                         3     -1        6
  MONTH TO DATE   36                        45     -9       36
  SINCE MAR 1     45                        76    -31       98
  SINCE JAN 1     65                        86    -21      136
..................................................................


WIND (MPH)
  HIGHEST WIND SPEED    32   HIGHEST WIND DIRECTION     W (270)
  HIGHEST GUST SPEED    40   HIGHEST GUST DIRECTION     W (270)
  AVERAGE WIND SPEED     8.7


SKY COVER
  POSSIBLE SUNSHINE  MM
  AVERAGE SKY COVER 1.0


WEATHER CONDITIONS
 THE FOLLOWING WEATHER WAS RECORDED TODAY.
  THUNDERSTORM
  HEAVY RAIN
  RAIN
  LIGHT RAIN
  FOG


RELATIVE HUMIDITY (PERCENT)
 HIGHEST   100           700 AM
 LOWEST     90          1200 AM
 AVERAGE    95

..........................................................


THE SHREVEPORT CLIMATE NORMALS FOR TOMORROW
                         NORMAL    RECORD    YEAR
 MAXIMUM TEMPERATURE (F)   78        93      1987
 MINIMUM TEMPERATURE (F)   55        38      1953


SUNRISE AND SUNSET
APRIL 18 2019.........SUNRISE   643 AM CDT   SUNSET   747 PM CDT
APRIL 19 2019.........SUNRISE   642 AM CDT   SUNSET   748 PM CDT


-  INDICATES NEGATIVE NUMBERS.
R  INDICATES RECORD WAS SET OR TIED.
MM INDICATES DATA IS MISSING.
T  INDICATES TRACE AMOUNT.




$$
