000
CDUS46 KMFR 250843
CLISIY


CLIMATE REPORT
NATIONAL WEATHER SERVICE MEDFORD, OR
143 AM PDT TUE JUN 25 2019


...................................

...THE MONTAGUE CA CLIMATE SUMMARY FOR JUNE 24 2019...

CLIMATE NORMAL PERIOD 1981 TO 2010
CLIMATE RECORD PERIOD 1948 TO 2019


WEATHER ITEM   OBSERVED TIME   RECORD YEAR NORMAL DEPARTURE LAST
                VALUE   (LST)  VALUE       VALUE  FROM      YEAR
                                                  NORMAL
..................................................................
TEMPERATURE (F)
 YESTERDAY
  MAXIMUM         84    223 PM 101    2017  83      1       99
                                      2006
  MINIMUM         47    423 AM  34    1955  50     -3       50
  AVERAGE         66                        67     -1       75

PRECIPITATION (IN)
  YESTERDAY        0.00          1.39 1992   0.01  -0.01     0.00
  MONTH TO DATE    0.06                      0.62  -0.56     0.30
  SINCE OCT 1     12.24                     16.95  -4.71     8.28
  SINCE JAN 1      8.37                     10.12  -1.75     6.01

SNOWFALL (IN)
  YESTERDAY       MM                        MM     MM       MM
  MONTH TO DATE   MM                        MM     MM       MM
  SINCE JUL 1     MM                        MM     MM        0.0
  SNOW DEPTH      MM

DEGREE DAYS
 HEATING
  YESTERDAY        0                         1     -1        0
  MONTH TO DATE   39                        88    -49       63
  SINCE JUN 1     39                        88    -49       63
  SINCE JUL 1   4796                      5477   -681     5198

 COOLING
  YESTERDAY        1                         3     -2       10
  MONTH TO DATE  100                        35     65       55
  SINCE JUN 1    100                        35     65       55
  SINCE JAN 1    102                        48     54       59
..................................................................


WIND (MPH)
  HIGHEST WIND SPEED    20   HIGHEST WIND DIRECTION     N (10)
  HIGHEST GUST SPEED    27   HIGHEST GUST DIRECTION    NW (320)
  AVERAGE WIND SPEED     7.5


SKY COVER
  POSSIBLE SUNSHINE  MM
  AVERAGE SKY COVER 0.0


WEATHER CONDITIONS
 THE FOLLOWING WEATHER WAS RECORDED YESTERDAY.
  NO SIGNIFICANT WEATHER WAS OBSERVED.


RELATIVE HUMIDITY (PERCENT)
 HIGHEST    66           400 AM
 LOWEST     16           200 PM

..........................................................


THE MONTAGUE CA CLIMATE NORMALS FOR TODAY
                         NORMAL    RECORD    YEAR
 MAXIMUM TEMPERATURE (F)   84       104      2006
 MINIMUM TEMPERATURE (F)   50        35      1975


SUNRISE AND SUNSET
JUNE 25 2019..........SUNRISE   536 AM PDT   SUNSET   849 PM PDT
JUNE 26 2019..........SUNRISE   537 AM PDT   SUNSET   849 PM PDT


-  INDICATES NEGATIVE NUMBERS.
R  INDICATES RECORD WAS SET OR TIED.
MM INDICATES DATA IS MISSING.
T  INDICATES TRACE AMOUNT.




$$
