000
CDUS46 KMFR 200038
CLISIY


CLIMATE REPORT
NATIONAL WEATHER SERVICE MEDFORD, OR
538 PM PDT FRI APR 19 2019


...................................

...THE MONTAGUE CA CLIMATE SUMMARY FOR APRIL 19 2019...
VALID TODAY AS OF 0500 PM LOCAL TIME.

CLIMATE NORMAL PERIOD 1981 TO 2010
CLIMATE RECORD PERIOD 1948 TO 2019


WEATHER ITEM   OBSERVED TIME   RECORD YEAR NORMAL DEPARTURE LAST
                VALUE   (LST)  VALUE       VALUE  FROM      YEAR
                                                  NORMAL
..................................................................
TEMPERATURE (F)
 TODAY
  MAXIMUM         79    225 PM  83    2009  62     17       61
  MINIMUM         41    517 AM  20    2008  34      7       28
  AVERAGE         60                        48     12       45

PRECIPITATION (IN)
  TODAY            0.00          0.50 1981   0.06  -0.06     0.00
  MONTH TO DATE    1.03                      0.84   0.19     1.32
  SINCE OCT 1     10.96                     14.19  -3.23     6.33
  SINCE JAN 1      7.09                      7.36  -0.27     4.06

SNOWFALL (IN)
  TODAY           MM                        MM     MM       MM
  MONTH TO DATE   MM                        MM     MM       MM
  SINCE JUL 1     MM                        MM     MM       MM
  SNOW DEPTH      MM

DEGREE DAYS
 HEATING
  TODAY            5                        17    -12       20
  MONTH TO DATE  263                       372   -109      352
  SINCE MAR 1    928                      1054   -126     1061
  SINCE JUL 1   4424                      4931   -507     4877

 COOLING
  TODAY            0                         0      0        0
  MONTH TO DATE    0                         0      0        0
  SINCE MAR 1      0                         0      0        0
  SINCE JAN 1      0                         0      0        0
..................................................................


WIND (MPH)
  HIGHEST WIND SPEED    21   HIGHEST WIND DIRECTION     S (160)
  HIGHEST GUST SPEED    25   HIGHEST GUST DIRECTION     S (160)
  AVERAGE WIND SPEED     4.2


SKY COVER
  POSSIBLE SUNSHINE  MM
  AVERAGE SKY COVER 0.1


WEATHER CONDITIONS
 THE FOLLOWING WEATHER WAS RECORDED TODAY.
  NO SIGNIFICANT WEATHER WAS OBSERVED.


RELATIVE HUMIDITY (PERCENT)
 HIGHEST    89           400 AM
 LOWEST     36           100 PM

..........................................................


THE MONTAGUE CA CLIMATE NORMALS FOR TOMORROW
                         NORMAL    RECORD    YEAR
 MAXIMUM TEMPERATURE (F)   62        87      2009
 MINIMUM TEMPERATURE (F)   34        18      2008


SUNRISE AND SUNSET
APRIL 19 2019.........SUNRISE   624 AM PDT   SUNSET   755 PM PDT
APRIL 20 2019.........SUNRISE   622 AM PDT   SUNSET   756 PM PDT


-  INDICATES NEGATIVE NUMBERS.
R  INDICATES RECORD WAS SET OR TIED.
MM INDICATES DATA IS MISSING.
T  INDICATES TRACE AMOUNT.




$$
