000
CDUS46 KMTR 160057
CLISJC


CLIMATE REPORT
NATIONAL WEATHER SERVICE SAN FRANCISCO BAY AREA
556 PM PDT SAT JUN 15 2019


...................................

...THE SAN JOSE CA CLIMATE SUMMARY FOR JUNE 15 2019...
VALID TODAY AS OF 0500 PM LOCAL TIME.

CLIMATE NORMAL PERIOD 1981 TO 2010
CLIMATE RECORD PERIOD 1893 TO 2019


WEATHER ITEM   OBSERVED TIME   RECORD YEAR NORMAL DEPARTURE LAST
                VALUE   (LST)  VALUE       VALUE  FROM      YEAR
                                                  NORMAL
..................................................................
TEMPERATURE (F)
 TODAY
  MAXIMUM         70    300 PM 108    2000  79     -9       77
  MINIMUM         56    444 AM  37    1895  56      0       55
  AVERAGE         63                        68     -5       66

PRECIPITATION (IN)
  TODAY            0.00          0.02 1995   0.00   0.00     0.00
  MONTH TO DATE    0.00                      0.07  -0.07     0.00
  SINCE OCT 1     16.43                     14.65   1.78     9.11
  SINCE JAN 1     12.95                      9.87   3.08     7.54

SNOWFALL (IN)
  TODAY            0.0           0.0  1947
  MONTH TO DATE    0.0
  SINCE JUN 1      0.0
  SINCE JUL 1      0.0

DEGREE DAYS
 HEATING
  TODAY            2                         1      1        0
  MONTH TO DATE    4                        17    -13        9
  SINCE JUN 1      4                        17    -13        9
  SINCE JUL 1   1997                      2251   -254     1737

 COOLING
  TODAY            0                         3     -3        1
  MONTH TO DATE   82                        39     43       45
  SINCE JUN 1     82                        39     43       45
  SINCE JAN 1    104                       102      2       78
..................................................................


WIND (MPH)
  RESULTANT WIND SPEED   6   RESULTANT WIND DIRECTION  NW (330)
  HIGHEST WIND SPEED    15   HIGHEST WIND DIRECTION    NW (320)
  HIGHEST GUST SPEED    20   HIGHEST GUST DIRECTION    NW (320)
  AVERAGE WIND SPEED     6.8


SKY COVER
  POSSIBLE SUNSHINE  MM
  AVERAGE SKY COVER 0.9


WEATHER CONDITIONS
 THE FOLLOWING WEATHER WAS RECORDED TODAY.
  NO SIGNIFICANT WEATHER WAS OBSERVED.


RELATIVE HUMIDITY (PERCENT)
 HIGHEST    86          1200 AM
 LOWEST     61           300 PM
 AVERAGE    74

..........................................................


THE SAN JOSE CA CLIMATE NORMALS FOR TOMORROW
                         NORMAL    RECORD    YEAR
 MAXIMUM TEMPERATURE (F)   79        98      2012
                                             1943
 MINIMUM TEMPERATURE (F)   56        36      1895


SUNRISE AND SUNSET
JUNE 15 2019..........SUNRISE   546 AM PDT   SUNSET   830 PM PDT
JUNE 16 2019..........SUNRISE   547 AM PDT   SUNSET   830 PM PDT


-  INDICATES NEGATIVE NUMBERS.
R  INDICATES RECORD WAS SET OR TIED.
MM INDICATES DATA IS MISSING.
T  INDICATES TRACE AMOUNT.




$$
