000
CDUS46 KMTR 220029
CLISJC


CLIMATE REPORT
NATIONAL WEATHER SERVICE SAN FRANCISCO BAY AREA
529 PM PDT SUN APR 21 2019


...................................

...THE SAN JOSE CA CLIMATE SUMMARY FOR APRIL 21 2019...
VALID TODAY AS OF 0500 PM LOCAL TIME.

CLIMATE NORMAL PERIOD 1981 TO 2010
CLIMATE RECORD PERIOD 1893 TO 2019


WEATHER ITEM   OBSERVED TIME   RECORD YEAR NORMAL DEPARTURE LAST
                VALUE   (LST)  VALUE       VALUE  FROM      YEAR
                                                  NORMAL
..................................................................
TEMPERATURE (F)
 TODAY
  MAXIMUM         71    117 PM  92    2009  70      1       81
  MINIMUM         47    600 AM  34    1897  49     -2       48
  AVERAGE         59                        60     -1       65

PRECIPITATION (IN)
  TODAY            0.00          0.65 1980   0.04  -0.04     0.00
  MONTH TO DATE    0.20                      0.91  -0.71     1.23
  SINCE OCT 1     14.99                     14.04   0.95     9.11
  SINCE JAN 1     11.51                      9.26   2.25     7.54

SNOWFALL (IN)
  TODAY            0.0           0.0  1947
  MONTH TO DATE    0.0
  SINCE MAR 1      0.0
  SINCE JUL 1      0.0

DEGREE DAYS
 HEATING
  TODAY            6                         6      0        0
  MONTH TO DATE  106                       148    -42      112
  SINCE MAR 1    420                       424     -4      396
  SINCE JUL 1   1869                      2089   -220     1622

 COOLING
  TODAY            0                         1     -1        0
  MONTH TO DATE    3                         4     -1        0
  SINCE MAR 1      3                         6     -3        5
  SINCE JAN 1      3                         6     -3        5
..................................................................


WIND (MPH)
  RESULTANT WIND SPEED   3   RESULTANT WIND DIRECTION  NW (330)
  HIGHEST WIND SPEED    17   HIGHEST WIND DIRECTION     N (340)
  HIGHEST GUST SPEED    23   HIGHEST GUST DIRECTION     N (340)
  AVERAGE WIND SPEED     6.3


SKY COVER
  POSSIBLE SUNSHINE  MM
  AVERAGE SKY COVER 0.2


WEATHER CONDITIONS
 THE FOLLOWING WEATHER WAS RECORDED TODAY.
  NO SIGNIFICANT WEATHER WAS OBSERVED.


RELATIVE HUMIDITY (PERCENT)
 HIGHEST    93           400 AM
 LOWEST     51           400 PM
 AVERAGE    72

..........................................................


THE SAN JOSE CA CLIMATE NORMALS FOR TOMORROW
                         NORMAL    RECORD    YEAR
 MAXIMUM TEMPERATURE (F)   70        89      1998
 MINIMUM TEMPERATURE (F)   49        34      1897


SUNRISE AND SUNSET
APRIL 21 2019.........SUNRISE   625 AM PDT   SUNSET   748 PM PDT
APRIL 22 2019.........SUNRISE   624 AM PDT   SUNSET   749 PM PDT


-  INDICATES NEGATIVE NUMBERS.
R  INDICATES RECORD WAS SET OR TIED.
MM INDICATES DATA IS MISSING.
T  INDICATES TRACE AMOUNT.




$$
