000
CDUS44 KSJT 240721
CLISJT


CLIMATE REPORT
NATIONAL WEATHER SERVICE SAN ANGELO TX
220 AM CDT TUE SEP 24 2019


...................................

...THE SAN ANGELO CLIMATE SUMMARY FOR SEPTEMBER 23 2019...

CLIMATE NORMAL PERIOD 1981 TO 2010
CLIMATE RECORD PERIOD 1907 TO 2019


WEATHER ITEM   OBSERVED TIME   RECORD YEAR NORMAL DEPARTURE LAST
                VALUE   (LST)  VALUE       VALUE  FROM      YEAR
                                                  NORMAL
..................................................................
TEMPERATURE (F)
 YESTERDAY
  MAXIMUM         99    334 PM 102    1926  86     13       83
  MINIMUM         70    355 AM  35    1913  61      9       63
  AVERAGE         85                        73     12       73

PRECIPITATION (IN)
  YESTERDAY        T             1.48 2004   0.07  -0.07     0.00
  MONTH TO DATE    0.27                      1.93  -1.66     6.62
  SINCE SEP 1      0.27                      1.93  -1.66     6.62
  SINCE JAN 1     14.76                     16.00  -1.24    20.15

DEGREE DAYS
 HEATING
  YESTERDAY        0                         1     -1        0
  MONTH TO DATE    0                         1     -1        1
  SINCE SEP 1      0                         1     -1        1
  SINCE JUL 1      0                         1     -1        1

 COOLING
  YESTERDAY       20                         9     11        8
  MONTH TO DATE  419                       275    144      254
  SINCE SEP 1    419                       275    144      254
  SINCE JAN 1   2599                      2311    288     2852
..................................................................


WIND (MPH)
  HIGHEST WIND SPEED    18   HIGHEST WIND DIRECTION     W (270)
  HIGHEST GUST SPEED    22   HIGHEST GUST DIRECTION     W (290)
  AVERAGE WIND SPEED     7.3


SKY COVER
  POSSIBLE SUNSHINE  MM
  AVERAGE SKY COVER 0.2


WEATHER CONDITIONS
 THE FOLLOWING WEATHER WAS RECORDED YESTERDAY.
  THUNDERSTORM


RELATIVE HUMIDITY (PERCENT)
 HIGHEST    84           200 AM
 LOWEST     33           200 PM
 AVERAGE    59

..........................................................


THE SAN ANGELO CLIMATE NORMALS FOR TODAY
                         NORMAL    RECORD    YEAR
 MAXIMUM TEMPERATURE (F)   85       102      1926
                                             1907
 MINIMUM TEMPERATURE (F)   61        39      1989
                                             1913


SUNRISE AND SUNSET
SEPTEMBER 24 2019.....SUNRISE   731 AM CDT   SUNSET   736 PM CDT
SEPTEMBER 25 2019.....SUNRISE   732 AM CDT   SUNSET   735 PM CDT


-  INDICATES NEGATIVE NUMBERS.
R  INDICATES RECORD WAS SET OR TIED.
MM INDICATES DATA IS MISSING.
T  INDICATES TRACE AMOUNT.




$$
