000
CDUS44 KSJT 250755
CLISJT


CLIMATE REPORT
NATIONAL WEATHER SERVICE SAN ANGELO TX
236 AM CDT THU APR 25 2019


...................................

...THE SAN ANGELO CLIMATE SUMMARY FOR APRIL 24 2019...

CLIMATE NORMAL PERIOD 1981 TO 2010
CLIMATE RECORD PERIOD 1907 TO 2019


WEATHER ITEM   OBSERVED TIME   RECORD YEAR NORMAL DEPARTURE LAST
                VALUE   (LST)  VALUE       VALUE  FROM      YEAR
                                                  NORMAL
..................................................................
TEMPERATURE (F)
 YESTERDAY
  MAXIMUM         67    416 PM 101    2002  83    -16       94
  MINIMUM         53   1159 PM  35    1995  54     -1       50
                                      1913
  AVERAGE         60                        68     -8       72

PRECIPITATION (IN)
  YESTERDAY        1.80          2.77 1938   0.05   1.75     0.00
  MONTH TO DATE    3.00                      1.07   1.93     0.09
  SINCE MAR 1      3.66                      2.57   1.09     1.29
  SINCE JAN 1      4.26                      4.85  -0.59     2.66

SNOWFALL (IN)
  YESTERDAY        0.0           0.0  2002   0.0    0.0      0.0
  MONTH TO DATE    0.0                       0.0    0.0      0.0
  SINCE NOV 1      T                         2.2   -2.2       T
  SINCE JUL 1      T                         2.2   -2.2       T
  SNOW DEPTH       0

DEGREE DAYS
 HEATING
  YESTERDAY        5                         2      3        0
  MONTH TO DATE   61                        81    -20       85
  SINCE MAR 1    386                       338     48      236
  SINCE JUL 1   2352                      2299     53     2074

 COOLING
  YESTERDAY        0                         5     -5        7
  MONTH TO DATE   74                        83     -9       72
  SINCE MAR 1     97                       116    -19      157
  SINCE JAN 1    105                       121    -16      176
..................................................................


WIND (MPH)
  HIGHEST WIND SPEED    20   HIGHEST WIND DIRECTION    SW (210)
  HIGHEST GUST SPEED    25   HIGHEST GUST DIRECTION     E (80)
  AVERAGE WIND SPEED     8.1


SKY COVER
  POSSIBLE SUNSHINE  MM
  AVERAGE SKY COVER 0.8


WEATHER CONDITIONS
 THE FOLLOWING WEATHER WAS RECORDED YESTERDAY.
  THUNDERSTORM
  HEAVY RAIN
  RAIN
  LIGHT RAIN
  FOG


RELATIVE HUMIDITY (PERCENT)
 HIGHEST    93           100 AM
 LOWEST     68           500 PM
 AVERAGE    81

..........................................................


THE SAN ANGELO CLIMATE NORMALS FOR TODAY
                         NORMAL    RECORD    YEAR
 MAXIMUM TEMPERATURE (F)   83       104      2012
 MINIMUM TEMPERATURE (F)   55        34      1913


SUNRISE AND SUNSET
APRIL 25 2019.........SUNRISE   703 AM CDT   SUNSET   817 PM CDT
APRIL 26 2019.........SUNRISE   702 AM CDT   SUNSET   818 PM CDT


-  INDICATES NEGATIVE NUMBERS.
R  INDICATES RECORD WAS SET OR TIED.
MM INDICATES DATA IS MISSING.
T  INDICATES TRACE AMOUNT.




$$
