000
CDUS44 KSJT 230723
CLISJT


CLIMATE REPORT
NATIONAL WEATHER SERVICE SAN ANGELO TX
221 AM CDT TUE JUL 23 2019


...................................

...THE SAN ANGELO CLIMATE SUMMARY FOR JULY 22 2019...

CLIMATE NORMAL PERIOD 1981 TO 2010
CLIMATE RECORD PERIOD 1907 TO 2019


WEATHER ITEM   OBSERVED TIME   RECORD YEAR NORMAL DEPARTURE LAST
                VALUE   (LST)  VALUE       VALUE  FROM      YEAR
                                                  NORMAL
..................................................................
TEMPERATURE (F)
 YESTERDAY
  MAXIMUM        100    301 PM 108    2018  96      4      108
  MINIMUM         73    609 AM  59    1988  72      1       71
  AVERAGE         87                        84      3       90

PRECIPITATION (IN)
  YESTERDAY        0.05          1.20 2009   0.03   0.02     0.00
  MONTH TO DATE    1.35                      0.87   0.48     0.39
  SINCE JUN 1      4.53                      3.46   1.07     0.95
  SINCE JAN 1     14.16                     11.48   2.68     9.68

DEGREE DAYS
 HEATING
  YESTERDAY        0                         0      0        0
  MONTH TO DATE    0                         0      0        0
  SINCE JUN 1      0                         0      0        0
  SINCE JUL 1      0                         0      0        0

 COOLING
  YESTERDAY       22                        19      3       25
  MONTH TO DATE  449                       393     56      493
  SINCE JUN 1    912                       857     55     1162
  SINCE JAN 1   1289                      1317    -28     1797
..................................................................


WIND (MPH)
  HIGHEST WIND SPEED    28   HIGHEST WIND DIRECTION    NE (30)
  HIGHEST GUST SPEED    36   HIGHEST GUST DIRECTION    NE (30)
  AVERAGE WIND SPEED     6.5


SKY COVER
  POSSIBLE SUNSHINE  MM
  AVERAGE SKY COVER 0.1


WEATHER CONDITIONS
 THE FOLLOWING WEATHER WAS RECORDED YESTERDAY.
  THUNDERSTORM
  HEAVY RAIN
  LIGHT RAIN


RELATIVE HUMIDITY (PERCENT)
 HIGHEST    79           600 AM
 LOWEST     31           200 PM
 AVERAGE    55

..........................................................


THE SAN ANGELO CLIMATE NORMALS FOR TODAY
                         NORMAL    RECORD    YEAR
 MAXIMUM TEMPERATURE (F)   96       109      2018
 MINIMUM TEMPERATURE (F)   72        56      1915


SUNRISE AND SUNSET
JULY 23 2019..........SUNRISE   653 AM CDT   SUNSET   844 PM CDT
JULY 24 2019..........SUNRISE   653 AM CDT   SUNSET   843 PM CDT


-  INDICATES NEGATIVE NUMBERS.
R  INDICATES RECORD WAS SET OR TIED.
MM INDICATES DATA IS MISSING.
T  INDICATES TRACE AMOUNT.




$$
