000
CDUS45 KSLC 211228
CLISLC


CLIMATE REPORT
NATIONAL WEATHER SERVICE SALT LAKE CITY UT
628 AM MDT SUN APR 21 2019


...................................

...THE SALT LAKE CITY UT CLIMATE SUMMARY FOR APRIL 20 2019...

CLIMATE NORMAL PERIOD 1981 TO 2010
CLIMATE RECORD PERIOD 1874 TO 2019


WEATHER ITEM   OBSERVED TIME   RECORD YEAR NORMAL DEPARTURE LAST
                VALUE   (LST)  VALUE       VALUE  FROM      YEAR
                                                  NORMAL
..................................................................
TEMPERATURE (F)
 YESTERDAY
  MAXIMUM         76   1242 PM  85    1989  63     13       64
                                      1980
  MINIMUM         53   1159 PM  24    1982  40     13       45
  AVERAGE         65                        52     13       55

PRECIPITATION (IN)
  YESTERDAY        0.08          0.90 1932   0.06   0.02     0.00
  MONTH TO DATE    2.49                      1.31   1.18     1.18
  SINCE OCT 1     14.31                      9.98   4.33     7.77
  SINCE JAN 1      9.47                      5.60   3.87     5.64

SNOWFALL (IN)
  YESTERDAY        0.0           5.4  1968   0.1   -0.1      0.0
  MONTH TO DATE    0.2                       3.2   -3.0      1.4
  SINCE OCT 1     46.3                      55.1   -8.8     43.5
  SINCE JUL 1     46.3                      55.1   -8.8     43.5
  SNOW DEPTH       0

DEGREE DAYS
 HEATING
  YESTERDAY        0                        14    -14       10
  MONTH TO DATE  274                       317    -43      250
  SINCE MAR 1    954                       979    -25      816
  SINCE JUL 1   5018                      5235   -217     4352

 COOLING
  YESTERDAY        0                         0      0        0
  MONTH TO DATE    0                         0      0        0
  SINCE MAR 1      0                         0      0        0
  SINCE JAN 1      0                         0      0        0
..................................................................


WIND (MPH)
  RESULTANT WIND SPEED   8   RESULTANT WIND DIRECTION   S (160)
  HIGHEST WIND SPEED    37   HIGHEST WIND DIRECTION     S (180)
  HIGHEST GUST SPEED    48   HIGHEST GUST DIRECTION     S (180)
  AVERAGE WIND SPEED    12.0


SKY COVER
  POSSIBLE SUNSHINE  MM
  AVERAGE SKY COVER 0.2


WEATHER CONDITIONS
 THE FOLLOWING WEATHER WAS RECORDED YESTERDAY.
  THUNDERSTORM
  LIGHT RAIN


RELATIVE HUMIDITY (PERCENT)
 HIGHEST    89          1100 PM
 LOWEST     19           300 PM
 AVERAGE    54

..........................................................


THE SALT LAKE CITY UT CLIMATE NORMALS FOR TODAY
                         NORMAL    RECORD    YEAR
 MAXIMUM TEMPERATURE (F)   63        85      1994
 MINIMUM TEMPERATURE (F)   41        22      1982


SUNRISE AND SUNSET
APRIL 21 2019.........SUNRISE   640 AM MDT   SUNSET   814 PM MDT
APRIL 22 2019.........SUNRISE   639 AM MDT   SUNSET   815 PM MDT


-  INDICATES NEGATIVE NUMBERS.
R  INDICATES RECORD WAS SET OR TIED.
MM INDICATES DATA IS MISSING.
T  INDICATES TRACE AMOUNT.




$$
