000
CDUS45 KSLC 160030
CLISLC


CLIMATE REPORT
NATIONAL WEATHER SERVICE SALT LAKE CITY UT
630 PM MDT SAT JUN 15 2019


...................................

...THE SALT LAKE CITY UT CLIMATE SUMMARY FOR JUNE 15 2019...
VALID TODAY AS OF 0500 PM LOCAL TIME.

CLIMATE NORMAL PERIOD 1981 TO 2010
CLIMATE RECORD PERIOD 1874 TO 2019


WEATHER ITEM   OBSERVED TIME   RECORD YEAR NORMAL DEPARTURE LAST
                VALUE   (LST)  VALUE       VALUE  FROM      YEAR
                                                  NORMAL
..................................................................
TEMPERATURE (F)
 TODAY
  MAXIMUM         88    217 PM 102    1974  83      5       89
  MINIMUM         63    517 AM  37    1907  56      7       61
  AVERAGE         76                        69      7       75

PRECIPITATION (IN)
  TODAY            0.00          0.73 1891   0.03  -0.03     0.00
  MONTH TO DATE    0.11                      0.64  -0.53      T
  SINCE OCT 1     19.16                     13.25   5.91     9.76
  SINCE JAN 1     14.32                      8.87   5.45     7.63

SNOWFALL (IN)
  TODAY            0.0          MM      MM   0.0    0.0      0.0
  MONTH TO DATE    0.0                       0.0    0.0      0.0
  SINCE OCT 1     46.3                      56.2   -9.9     43.5
  SINCE JUL 1     46.3                      56.2   -9.9     43.5
  SNOW DEPTH       0

DEGREE DAYS
 HEATING
  TODAY            0                         1     -1        0
  MONTH TO DATE   21                        35    -14        3
  SINCE JUN 1     21                        35    -14        3
  SINCE JUL 1   5366                      5596   -230     4510

 COOLING
  TODAY           11                         6      5       10
  MONTH TO DATE   70                        66      4      146
  SINCE JUN 1     70                        66      4      146
  SINCE JAN 1     91                       116    -25      240
..................................................................


WIND (MPH)
  RESULTANT WIND SPEED   3   RESULTANT WIND DIRECTION  SE (150)
  HIGHEST WIND SPEED    16   HIGHEST WIND DIRECTION    NW (300)
  HIGHEST GUST SPEED    19   HIGHEST GUST DIRECTION    NW (310)
  AVERAGE WIND SPEED     7.2


SKY COVER
  POSSIBLE SUNSHINE  MM
  AVERAGE SKY COVER 0.4


WEATHER CONDITIONS
 THE FOLLOWING WEATHER WAS RECORDED TODAY.
  THUNDERSTORM


RELATIVE HUMIDITY (PERCENT)
 HIGHEST    56           200 AM
 LOWEST     27           200 PM
 AVERAGE    42

..........................................................


THE SALT LAKE CITY UT CLIMATE NORMALS FOR TOMORROW
                         NORMAL    RECORD    YEAR
 MAXIMUM TEMPERATURE (F)   83       100      2007
                                             1940
 MINIMUM TEMPERATURE (F)   56        38      1907


SUNRISE AND SUNSET
JUNE 15 2019..........SUNRISE   556 AM MDT   SUNSET   901 PM MDT
JUNE 16 2019..........SUNRISE   556 AM MDT   SUNSET   901 PM MDT


-  INDICATES NEGATIVE NUMBERS.
R  INDICATES RECORD WAS SET OR TIED.
MM INDICATES DATA IS MISSING.
T  INDICATES TRACE AMOUNT.




$$
