000
CDUS46 KPQR 260221
CLISLE


CLIMATE REPORT
NATIONAL WEATHER SERVICE PORTLAND OREGON
721 PM PDT WED APR 25 2018


...................................

...THE SALEM OR CLIMATE SUMMARY FOR APRIL 25 2018...
VALID TODAY AS OF 0700 PM LOCAL TIME.

CLIMATE NORMAL PERIOD 1981 TO 2010
CLIMATE RECORD PERIOD 1892 TO 2018


WEATHER ITEM   OBSERVED TIME   RECORD YEAR NORMAL DEPARTURE LAST
                VALUE   (LST)  VALUE       VALUE  FROM      YEAR
                                                  NORMAL
..................................................................
TEMPERATURE (F)
 TODAY
  MAXIMUM         82    521 PM  84    1926  63     19       59
  MINIMUM         47    521 AM  28    1982  41      6       45
  AVERAGE         65                        52     13       52

PRECIPITATION (IN)
  TODAY            0.00          0.84 2011   0.08  -0.08     0.22
  MONTH TO DATE    5.02                      2.44   2.58     3.62
  SINCE OCT 1     32.87                     33.34  -0.47    53.42
  SINCE JAN 1     17.77                     16.95   0.82    30.12

DEGREE DAYS
 HEATING
  TODAY            0                        13    -13       13
  MONTH TO DATE  320                       376    -56      356
  SINCE MAR 1    912                       939    -27      875
  SINCE JUL 1   3837                      4179   -342     4033

 COOLING
  TODAY            0                         0      0        0
  MONTH TO DATE    0                         0      0        0
  SINCE MAR 1      0                         0      0        0
  SINCE JAN 1      0                         0      0        0
..................................................................


WIND (MPH)
  HIGHEST WIND SPEED    13   HIGHEST WIND DIRECTION     N (350)
  HIGHEST GUST SPEED    15   HIGHEST GUST DIRECTION     N (20)
  AVERAGE WIND SPEED     4.1


SKY COVER
  POSSIBLE SUNSHINE  MM
  AVERAGE SKY COVER 0.0


WEATHER CONDITIONS
 THE FOLLOWING WEATHER WAS RECORDED TODAY.
  NO SIGNIFICANT WEATHER WAS OBSERVED.


RELATIVE HUMIDITY (PERCENT)
 HIGHEST    77           600 AM
 LOWEST     26           500 PM
 AVERAGE    52

..........................................................


THE SALEM OR CLIMATE NORMALS FOR TOMORROW
                         NORMAL    RECORD    YEAR
 MAXIMUM TEMPERATURE (F)   63        87      1947
 MINIMUM TEMPERATURE (F)   41        29      1984


SUNRISE AND SUNSET
APRIL 25 2018.........SUNRISE   611 AM PDT   SUNSET   810 PM PDT
APRIL 26 2018.........SUNRISE   609 AM PDT   SUNSET   811 PM PDT


-  INDICATES NEGATIVE NUMBERS.
R  INDICATES RECORD WAS SET OR TIED.
MM INDICATES DATA IS MISSING.
T  INDICATES TRACE AMOUNT.




$$
