000
CDUS46 KPQR 211143
CLISLE


CLIMATE REPORT
NATIONAL WEATHER SERVICE PORTLAND OREGON
443 AM PDT SUN APR 21 2019


...................................

...THE SALEM OR CLIMATE SUMMARY FOR APRIL 20 2019...

CLIMATE NORMAL PERIOD 1981 TO 2010
CLIMATE RECORD PERIOD 1892 TO 2019


WEATHER ITEM   OBSERVED TIME   RECORD YEAR NORMAL DEPARTURE LAST
                VALUE   (LST)  VALUE       VALUE  FROM      YEAR
                                                  NORMAL
..................................................................
TEMPERATURE (F)
 YESTERDAY
  MAXIMUM         64    258 PM  85    1934  62      2       68
                                      1906
  MINIMUM         48   1139 PM  26    1982  40      8       37
  AVERAGE         56                        51      5       53

PRECIPITATION (IN)
  YESTERDAY        0.02          0.72 1988   0.09  -0.07     0.00
  MONTH TO DATE    5.14                      2.01   3.13     5.02
  SINCE OCT 1     28.70                     32.91  -4.21    32.87
  SINCE JAN 1     16.83                     16.52   0.31    17.77

DEGREE DAYS
 HEATING
  YESTERDAY        9                        14     -5       12
  MONTH TO DATE  244                       308    -64      286
  SINCE MAR 1    817                       871    -54      878
  SINCE JUL 1   3816                      4111   -295     3803

 COOLING
  YESTERDAY        0                         0      0        0
  MONTH TO DATE    0                         0      0        0
  SINCE MAR 1      0                         0      0        0
  SINCE JAN 1      0                         0      0        0
..................................................................


WIND (MPH)
  HIGHEST WIND SPEED    16   HIGHEST WIND DIRECTION     W (290)
  HIGHEST GUST SPEED    25   HIGHEST GUST DIRECTION     W (290)
  AVERAGE WIND SPEED     6.7


SKY COVER
  POSSIBLE SUNSHINE  MM
  AVERAGE SKY COVER 0.8


WEATHER CONDITIONS
 THE FOLLOWING WEATHER WAS RECORDED YESTERDAY.
  LIGHT RAIN
  FOG


RELATIVE HUMIDITY (PERCENT)
 HIGHEST    93           300 AM
 LOWEST     52           300 PM
 AVERAGE    73

..........................................................


THE SALEM OR CLIMATE NORMALS FOR TODAY
                         NORMAL    RECORD    YEAR
 MAXIMUM TEMPERATURE (F)   62        81      2009
 MINIMUM TEMPERATURE (F)   40        26      1951


SUNRISE AND SUNSET
APRIL 21 2019.........SUNRISE   617 AM PDT   SUNSET   805 PM PDT
APRIL 22 2019.........SUNRISE   616 AM PDT   SUNSET   806 PM PDT


-  INDICATES NEGATIVE NUMBERS.
R  INDICATES RECORD WAS SET OR TIED.
MM INDICATES DATA IS MISSING.
T  INDICATES TRACE AMOUNT.




$$
