000
CDUS46 KPQR 160228
CLISLE


CLIMATE REPORT
NATIONAL WEATHER SERVICE PORTLAND OREGON
728 PM PDT SAT JUN 15 2019


...................................

...THE SALEM OR CLIMATE SUMMARY FOR JUNE 15 2019...
VALID TODAY AS OF 0700 PM LOCAL TIME.

CLIMATE NORMAL PERIOD 1981 TO 2010
CLIMATE RECORD PERIOD 1892 TO 2019


WEATHER ITEM   OBSERVED TIME   RECORD YEAR NORMAL DEPARTURE LAST
                VALUE   (LST)  VALUE       VALUE  FROM      YEAR
                                                  NORMAL
..................................................................
TEMPERATURE (F)
 TODAY
  MAXIMUM         78    522 PM 100    1966  74      4       72
  MINIMUM         50    457 AM  39    1893  49      1       55
  AVERAGE         64                        61      3       64

PRECIPITATION (IN)
  TODAY            0.00          0.83 1906   0.06  -0.06     0.00
  MONTH TO DATE    0.08                      0.97  -0.89     0.56
  SINCE OCT 1     30.50                     36.90  -6.40    33.90
  SINCE JAN 1     18.63                     20.51  -1.88    18.80

DEGREE DAYS
 HEATING
  TODAY            1                         4     -3        1
  MONTH TO DATE   40                        79    -39       62
  SINCE JUN 1     40                        79    -39       62
  SINCE JUL 1   4156                      4602   -446     4095

 COOLING
  TODAY            0                         1     -1        0
  MONTH TO DATE   39                         9     30        0
  SINCE JUN 1     39                         9     30        0
  SINCE JAN 1     46                        18     28       12
..................................................................


WIND (MPH)
  HIGHEST WIND SPEED    14   HIGHEST WIND DIRECTION     N (10)
  HIGHEST GUST SPEED    18   HIGHEST GUST DIRECTION    NE (30)
  AVERAGE WIND SPEED     8.3


SKY COVER
  POSSIBLE SUNSHINE  MM
  AVERAGE SKY COVER 0.1


WEATHER CONDITIONS
 THE FOLLOWING WEATHER WAS RECORDED TODAY.
  NO SIGNIFICANT WEATHER WAS OBSERVED.


RELATIVE HUMIDITY (PERCENT)
 HIGHEST    86           500 AM
 LOWEST     39           400 PM
 AVERAGE    63

..........................................................


THE SALEM OR CLIMATE NORMALS FOR TOMORROW
                         NORMAL    RECORD    YEAR
 MAXIMUM TEMPERATURE (F)   74        97      1961
 MINIMUM TEMPERATURE (F)   49        36      1984


SUNRISE AND SUNSET
JUNE 15 2019..........SUNRISE   525 AM PDT   SUNSET   900 PM PDT
JUNE 16 2019..........SUNRISE   525 AM PDT   SUNSET   901 PM PDT


-  INDICATES NEGATIVE NUMBERS.
R  INDICATES RECORD WAS SET OR TIED.
MM INDICATES DATA IS MISSING.
T  INDICATES TRACE AMOUNT.




$$
