000
CDUS41 KBTV 230609
CLISLK


CLIMATE REPORT
NATIONAL WEATHER SERVICE BURLINGTON VT
156 AM EDT TUE JUL 23 2019


...................................

...THE SARANAC LAKE NY CLIMATE SUMMARY FOR JULY 22 2019...

CLIMATE NORMAL PERIOD 1981 TO 2010
CLIMATE RECORD PERIOD 9999 TO 9999


WEATHER ITEM   OBSERVED TIME   NORMAL DEPARTURE LAST
                VALUE   (LST)  VALUE  FROM      YEAR
                                      NORMAL
......................................................
TEMPERATURE (F)
 YESTERDAY
  MAXIMUM         63    608 PM  76    -13       81
  MINIMUM         55    426 AM  51      4       46
  AVERAGE         59            64     -5       64

PRECIPITATION (IN)
  YESTERDAY        0.11          0.14  -0.03      T
  MONTH TO DATE    2.49          2.97  -0.48     1.07
  SINCE JUN 1      6.95          6.82   0.13     4.31
  SINCE JAN 1     20.62         19.17   1.45    17.28

DEGREE DAYS
 HEATING
  YESTERDAY        6             3      3        1
  MONTH TO DATE   36            66    -30       63
  SINCE JUN 1    258           250      8      326
  SINCE JUL 1     36            66    -30       63

 COOLING
  YESTERDAY        0             1     -1        0
  MONTH TO DATE   56            37     19       58
  SINCE JUN 1     60            63     -3       86
  SINCE JAN 1     60            66     -6       86
......................................................


WIND (MPH)
  HIGHEST WIND SPEED    12   HIGHEST WIND DIRECTION    NE (50)
  HIGHEST GUST SPEED    14   HIGHEST GUST DIRECTION    NE (50)
  AVERAGE WIND SPEED     2.1


SKY COVER
  AVERAGE SKY COVER 0.8


WEATHER CONDITIONS
 THE FOLLOWING WEATHER WAS RECORDED YESTERDAY.
  LIGHT RAIN
  FOG


RELATIVE HUMIDITY (PERCENT)
 HIGHEST   100          1200 AM
 LOWEST     72           800 AM
 AVERAGE    86

..........................................................


THE SARANAC LAKE NY CLIMATE NORMALS FOR TODAY
                         NORMAL    RECORD    YEAR
 MAXIMUM TEMPERATURE (F)   76        97      1933
 MINIMUM TEMPERATURE (F)   51        34      1923


SUNRISE AND SUNSET
JULY 23 2019..........SUNRISE   534 AM EDT   SUNSET   832 PM EDT
JULY 24 2019..........SUNRISE   535 AM EDT   SUNSET   831 PM EDT


-  INDICATES NEGATIVE NUMBERS.
R  INDICATES RECORD WAS SET OR TIED.
MM INDICATES DATA IS MISSING.
T  INDICATES TRACE AMOUNT.




$$
