000
CDUS41 KBTV 200535
CLISLK


CLIMATE REPORT
NATIONAL WEATHER SERVICE BURLINGTON VT
134 AM EDT FRI APR 20 2018


...................................

...THE SARANAC LAKE NY CLIMATE SUMMARY FOR APRIL 19 2018...

CLIMATE NORMAL PERIOD 1981 TO 2010
CLIMATE RECORD PERIOD 9999 TO 9999


WEATHER ITEM   OBSERVED TIME   NORMAL DEPARTURE LAST
                VALUE   (LST)  VALUE  FROM      YEAR
                                      NORMAL
......................................................
TEMPERATURE (F)
 YESTERDAY
  MAXIMUM         34    145 PM  52    -18       49
  MINIMUM         26   1159 PM  27     -1       28
  AVERAGE         30            40    -10       39

PRECIPITATION (IN)
  YESTERDAY        0.11          0.10   0.01     0.48
  MONTH TO DATE    2.68          1.78   0.90     2.07
  SINCE MAR 1      3.06          4.06  -1.00     4.19
  SINCE JAN 1      8.26          7.80   0.46     8.73

DEGREE DAYS
 HEATING
  YESTERDAY       35            25     10       26
  MONTH TO DATE  701           558    143      444
  SINCE MAR 1   1955          1815    140     1838
  SINCE JUL 1   8353          8520   -167     7534

 COOLING
  YESTERDAY        0             0      0        0
  MONTH TO DATE    0             0      0        0
  SINCE MAR 1      0             0      0        0
  SINCE JAN 1      0             0      0        0
......................................................


WIND (MPH)
  HIGHEST WIND SPEED    12   HIGHEST WIND DIRECTION    NW (310)
  HIGHEST GUST SPEED    20   HIGHEST GUST DIRECTION    NW (330)
  AVERAGE WIND SPEED     5.2


SKY COVER
  AVERAGE SKY COVER 1.0


WEATHER CONDITIONS
 THE FOLLOWING WEATHER WAS RECORDED YESTERDAY.
  SNOW
  LIGHT SNOW
  FOG
  FOG W/VISIBILITY <= 1/4 MILE


RELATIVE HUMIDITY (PERCENT)
 HIGHEST   100          1200 AM
 LOWEST     72           100 PM
 AVERAGE    86

..........................................................


THE SARANAC LAKE NY CLIMATE NORMALS FOR TODAY
                         NORMAL    RECORD    YEAR
 MAXIMUM TEMPERATURE (F)   53        76      2008
 MINIMUM TEMPERATURE (F)   28        16      2014


SUNRISE AND SUNSET
APRIL 20 2018.........SUNRISE   605 AM EDT   SUNSET   748 PM EDT
APRIL 21 2018.........SUNRISE   603 AM EDT   SUNSET   749 PM EDT


-  INDICATES NEGATIVE NUMBERS.
R  INDICATES RECORD WAS SET OR TIED.
MM INDICATES DATA IS MISSING.
T  INDICATES TRACE AMOUNT.




$$
