914
CDUS41 KBTV 240539
CLISLK


CLIMATE REPORT
NATIONAL WEATHER SERVICE BURLINGTON VT
138 AM EDT WED APR 24 2019


...................................

...THE SARANAC LAKE NY CLIMATE SUMMARY FOR APRIL 23 2019...

CLIMATE NORMAL PERIOD 1981 TO 2010
CLIMATE RECORD PERIOD 9999 TO 9999


WEATHER ITEM   OBSERVED TIME   NORMAL DEPARTURE LAST
                VALUE   (LST)  VALUE  FROM      YEAR
                                      NORMAL
......................................................
TEMPERATURE (F)
 YESTERDAY
  MAXIMUM         72    332 PM  54     18       63
  MINIMUM         34    537 AM  29      5       16
  AVERAGE         53            41     12       40

PRECIPITATION (IN)
  YESTERDAY        0.30          0.10   0.20     0.00
  MONTH TO DATE    2.36          2.17   0.19     2.69
  SINCE MAR 1      3.65          4.45  -0.80     3.07
  SINCE JAN 1      7.78          8.19  -0.41     8.27

DEGREE DAYS
 HEATING
  YESTERDAY       12            24    -12       25
  MONTH TO DATE  599           656    -57      823
  SINCE MAR 1   1915          1913      2     2077
  SINCE JUL 1   8351          8618   -267     8475

 COOLING
  YESTERDAY        0             0      0        0
  MONTH TO DATE    0             0      0        0
  SINCE MAR 1      0             0      0        0
  SINCE JAN 1      0             0      0        0
......................................................


WIND (MPH)
  HIGHEST WIND SPEED    20   HIGHEST WIND DIRECTION    SW (230)
  HIGHEST GUST SPEED    29   HIGHEST GUST DIRECTION    SW (220)
  AVERAGE WIND SPEED     4.9


SKY COVER
  AVERAGE SKY COVER 0.5


WEATHER CONDITIONS
 THE FOLLOWING WEATHER WAS RECORDED YESTERDAY.
  RAIN
  LIGHT RAIN
  FOG


RELATIVE HUMIDITY (PERCENT)
 HIGHEST    93           800 PM
 LOWEST     28           100 PM
 AVERAGE    61

..........................................................


THE SARANAC LAKE NY CLIMATE NORMALS FOR TODAY
                         NORMAL    RECORD    YEAR
 MAXIMUM TEMPERATURE (F)   55        80      1913
 MINIMUM TEMPERATURE (F)   29        13      1930


SUNRISE AND SUNSET
APRIL 24 2019.........SUNRISE   559 AM EDT   SUNSET   752 PM EDT
APRIL 25 2019.........SUNRISE   557 AM EDT   SUNSET   753 PM EDT


-  INDICATES NEGATIVE NUMBERS.
R  INDICATES RECORD WAS SET OR TIED.
MM INDICATES DATA IS MISSING.
T  INDICATES TRACE AMOUNT.




$$
