955
CDUS46 KLOX 240112
CLISMX


CLIMATE REPORT
NATIONAL WEATHER SERVICE LOS ANGELES/OXNARD CA
612 PM PDT TUE APR 23 2019


...................................

...THE SANTA MARIA AIRPORT CA CLIMATE SUMMARY FOR APRIL 23 2019...
VALID TODAY AS OF 0600 PM LOCAL TIME.

CLIMATE NORMAL PERIOD 1981 TO 2010
CLIMATE RECORD PERIOD 1906 TO 2019


WEATHER ITEM   OBSERVED TIME   RECORD YEAR NORMAL DEPARTURE LAST
                VALUE   (LST)  VALUE       VALUE  FROM      YEAR
                                                  NORMAL
..................................................................
TEMPERATURE (F)
 TODAY
  MAXIMUM         88   1243 PM  96    1946  68     20       69
  MINIMUM         46    549 AM  33    1970  45      1       50
                                      1921
  AVERAGE         67                        56     11       60

PRECIPITATION (IN)
  TODAY            0.00          0.75 1988   0.03  -0.03     0.00
  MONTH TO DATE    0.06                      0.83  -0.77     0.41
  SINCE OCT 1     14.53                     13.26   1.27     6.01
  SINCE JAN 1     11.79                      9.21   2.58     5.89

SNOWFALL (IN)
  TODAY            0.0
  MONTH TO DATE    0.0
  SINCE MAR 1      0.0
  SINCE JUL 1      0.0

DEGREE DAYS
 HEATING
  TODAY            0                         9     -9
  MONTH TO DATE  136                       223    -87
  SINCE MAR 1    416                       563   -147
  SINCE JUL 1   1667                      2396   -729

 COOLING
  TODAY            2                         0      2
  MONTH TO DATE    2                         0      2
  SINCE MAR 1      2                         1      1
  SINCE JAN 1      2                         2      0
..................................................................


WIND (MPH)
  HIGHEST WIND SPEED    15   HIGHEST WIND DIRECTION    NW (320)
  HIGHEST GUST SPEED    19   HIGHEST GUST DIRECTION     N (340)
  AVERAGE WIND SPEED     4.6


SKY COVER
  POSSIBLE SUNSHINE  MM
  AVERAGE SKY COVER 0.0


WEATHER CONDITIONS
 THE FOLLOWING WEATHER WAS RECORDED TODAY.
  FOG
  HAZE


RELATIVE HUMIDITY (PERCENT)
 HIGHEST    93           100 AM
 LOWEST     28          1200 PM
 AVERAGE    61

..........................................................


THE SANTA MARIA AIRPORT CA CLIMATE NORMALS FOR TOMORROW
                         NORMAL    RECORD    YEAR
 MAXIMUM TEMPERATURE (F)   68        87      1910
 MINIMUM TEMPERATURE (F)   45        31      1971
                                             1921


SUNRISE AND SUNSET
APRIL 23 2019.........SUNRISE   620 AM PDT   SUNSET   741 PM PDT
APRIL 24 2019.........SUNRISE   619 AM PDT   SUNSET   741 PM PDT


-  INDICATES NEGATIVE NUMBERS.
R  INDICATES RECORD WAS SET OR TIED.
MM INDICATES DATA IS MISSING.
T  INDICATES TRACE AMOUNT.




$$
