000
CDUS46 KLOX 170915
CLISMX


CLIMATE REPORT
NATIONAL WEATHER SERVICE LOS ANGELES/OXNARD CA
215 AM PDT WED JUL 17 2019


...................................

...THE SANTA MARIA AIRPORT CA CLIMATE SUMMARY FOR JULY 16 2019...

CLIMATE NORMAL PERIOD 1981 TO 2010
CLIMATE RECORD PERIOD 1906 TO 2019


WEATHER ITEM   OBSERVED TIME   RECORD YEAR NORMAL DEPARTURE LAST
                VALUE   (LST)  VALUE       VALUE  FROM      YEAR
                                                  NORMAL
..................................................................
TEMPERATURE (F)
 YESTERDAY
  MAXIMUM         69    213 PM  92    1988  73     -4       73
  MINIMUM         53    624 AM  44    1920  54     -1       58
  AVERAGE         61                        63     -2       66

PRECIPITATION (IN)
  YESTERDAY        0.00          0.01 1987   0.01  -0.01     0.00
  MONTH TO DATE    0.00                      0.02  -0.02     0.00
  SINCE OCT 1     15.68                     13.78   1.90     6.01
  SINCE JAN 1     12.94                      9.73   3.21     5.89

SNOWFALL (IN)
  YESTERDAY        0.0
  MONTH TO DATE    0.0
  SINCE JUN 1      0.0
  SINCE JUL 1      0.0

DEGREE DAYS
 HEATING
  YESTERDAY        4                         2      2
  MONTH TO DATE   28                        43    -15
  SINCE JUN 1     75                       184   -109
  SINCE JUL 1     28                        43    -15

 COOLING
  YESTERDAY        0                         1     -1
  MONTH TO DATE    4                        11     -7
  SINCE JUN 1     28                        17     11
  SINCE JAN 1     30                        27      3
..................................................................


WIND (MPH)
  HIGHEST WIND SPEED    22   HIGHEST WIND DIRECTION    NW (300)
  HIGHEST GUST SPEED    28   HIGHEST GUST DIRECTION     W (290)
  AVERAGE WIND SPEED     8.3


SKY COVER
  POSSIBLE SUNSHINE  MM
  AVERAGE SKY COVER 0.3


WEATHER CONDITIONS
 THE FOLLOWING WEATHER WAS RECORDED YESTERDAY.
  FOG
  FOG W/VISIBILITY <= 1/4 MILE
  HAZE


RELATIVE HUMIDITY (PERCENT)
 HIGHEST   100           200 AM
 LOWEST     68          1100 AM
 AVERAGE    84

..........................................................


THE SANTA MARIA AIRPORT CA CLIMATE NORMALS FOR TODAY
                         NORMAL    RECORD    YEAR
 MAXIMUM TEMPERATURE (F)   73        86      1988
 MINIMUM TEMPERATURE (F)   54        42      1912


SUNRISE AND SUNSET
JULY 17 2019..........SUNRISE   601 AM PDT   SUNSET   815 PM PDT
JULY 18 2019..........SUNRISE   601 AM PDT   SUNSET   814 PM PDT


-  INDICATES NEGATIVE NUMBERS.
R  INDICATES RECORD WAS SET OR TIED.
MM INDICATES DATA IS MISSING.
T  INDICATES TRACE AMOUNT.




$$
