000
CDUS46 KSGX 160926
CLISNA


CLIMATE REPORT
NATIONAL WEATHER SERVICE SAN DIEGO, CA
226 AM PDT WED OCT 16 2019


...................................

...THE JOHN WAYNE AIRPORT CA CLIMATE SUMMARY FOR OCTOBER 15 2019...

CLIMATE NORMAL PERIOD 1981 TO 2010
CLIMATE RECORD PERIOD 1999 TO 2019


WEATHER ITEM   OBSERVED TIME   RECORD YEAR NORMAL DEPARTURE LAST
                VALUE   (LST)  VALUE       VALUE  FROM      YEAR
                                                  NORMAL
..................................................................
TEMPERATURE (F)
 YESTERDAY
  MAXIMUM         83    128 PM  94    2017  75      8       81
  MINIMUM         59    603 AM  55    2000  59      0       62
  AVERAGE         71                        67      4       72

PRECIPITATION (IN)
  YESTERDAY        0.00          T    2007   0.03  -0.03     0.00
                                      2007
                                      2010
  MONTH TO DATE    0.00                      0.25  -0.25     0.84
  SINCE OCT 1      0.00                      0.25  -0.25     0.84
  SINCE JAN 1     12.54                      9.50   3.04     3.62

DEGREE DAYS
 HEATING
  YESTERDAY        0                         1     -1        0
  MONTH TO DATE    0                         2     -2        1
  SINCE SEP 1      0                         3     -3        1
  SINCE JUL 1      0                         3     -3        1

 COOLING
  YESTERDAY        6                         3      3        7
  MONTH TO DATE   81                        52     29       78
  SINCE SEP 1    399                       249    150      302
  SINCE JAN 1   1076                       820    256     1246
..................................................................


WIND (MPH)
  RESULTANT WIND SPEED   1   RESULTANT WIND DIRECTION  SW (220)
  HIGHEST WIND SPEED    10   HIGHEST WIND DIRECTION    SW (220)
  HIGHEST GUST SPEED    13   HIGHEST GUST DIRECTION    SW (210)
  AVERAGE WIND SPEED     3.1


SKY COVER
  POSSIBLE SUNSHINE  MM
  AVERAGE SKY COVER 0.0


WEATHER CONDITIONS
 THE FOLLOWING WEATHER WAS RECORDED YESTERDAY.
  HAZE


RELATIVE HUMIDITY (PERCENT)
 HIGHEST    81          1100 PM
 LOWEST     45           100 PM
 AVERAGE    63

..........................................................


THE JOHN WAYNE AIRPORT CA CLIMATE NORMALS FOR TODAY
                         NORMAL    RECORD    YEAR
 MAXIMUM TEMPERATURE (F)   75        92      2017
 MINIMUM TEMPERATURE (F)   59        54      2018


SUNRISE AND SUNSET
OCTOBER 16 2019.......SUNRISE   657 AM PDT   SUNSET   617 PM PDT
OCTOBER 17 2019.......SUNRISE   658 AM PDT   SUNSET   615 PM PDT


-  INDICATES NEGATIVE NUMBERS.
R  INDICATES RECORD WAS SET OR TIED.
MM INDICATES DATA IS MISSING.
T  INDICATES TRACE AMOUNT.




$$
