000
CDUS46 KSGX 260025
CLISNA


CLIMATE REPORT
NATIONAL WEATHER SERVICE SAN DIEGO, CA
524 PM PDT THU APR 25 2019


...................................

...THE JOHN WAYNE AIRPORT CA CLIMATE SUMMARY FOR APRIL 25 2019...
VALID TODAY AS OF 0500 PM LOCAL TIME.

CLIMATE NORMAL PERIOD 1981 TO 2010
CLIMATE RECORD PERIOD 1999 TO 2019


WEATHER ITEM   OBSERVED TIME   RECORD YEAR NORMAL DEPARTURE LAST
                VALUE   (LST)  VALUE       VALUE  FROM      YEAR
                                                  NORMAL
..................................................................
TEMPERATURE (F)
 TODAY
  MAXIMUM         71   1044 AM  84    2008  70      1       71
                                      2004
  MINIMUM         59    555 AM  53    2010  55      4       56
                                      2008
  AVERAGE         65                        62      3       64

PRECIPITATION (IN)
  TODAY            0.00          0.18 2012   0.03  -0.03     0.00
  MONTH TO DATE    T                         0.75  -0.75     0.05
  SINCE OCT 1     17.48                     12.59   4.89     2.71
  SINCE JAN 1     11.94                      8.51   3.43     2.70

DEGREE DAYS
 HEATING
  TODAY            0                         3     -3        1
  MONTH TO DATE   41                       106    -65       49
  SINCE MAR 1    186                       287   -101      195
  SINCE JUL 1    950                      1193   -243      659

 COOLING
  TODAY            0                         1     -1        0
  MONTH TO DATE   19                         7     12       27
  SINCE MAR 1     27                        14     13       27
  SINCE JAN 1     29                        22      7       53
..................................................................


WIND (MPH)
  RESULTANT WIND SPEED   3   RESULTANT WIND DIRECTION   S (200)
  HIGHEST WIND SPEED    15   HIGHEST WIND DIRECTION     S (190)
  HIGHEST GUST SPEED    19   HIGHEST GUST DIRECTION     S (200)
  AVERAGE WIND SPEED     5.2


SKY COVER
  POSSIBLE SUNSHINE  MM
  AVERAGE SKY COVER 0.6


WEATHER CONDITIONS
 THE FOLLOWING WEATHER WAS RECORDED TODAY.
  NO SIGNIFICANT WEATHER WAS OBSERVED.


RELATIVE HUMIDITY (PERCENT)
 HIGHEST    80          1200 AM
 LOWEST     57           100 PM
 AVERAGE    69

..........................................................


THE JOHN WAYNE AIRPORT CA CLIMATE NORMALS FOR TOMORROW
                         NORMAL    RECORD    YEAR
 MAXIMUM TEMPERATURE (F)   70        90      2004
 MINIMUM TEMPERATURE (F)   55        51      2009


SUNRISE AND SUNSET
APRIL 25 2019.........SUNRISE   609 AM PDT   SUNSET   730 PM PDT
APRIL 26 2019.........SUNRISE   608 AM PDT   SUNSET   731 PM PDT


-  INDICATES NEGATIVE NUMBERS.
R  INDICATES RECORD WAS SET OR TIED.
MM INDICATES DATA IS MISSING.
T  INDICATES TRACE AMOUNT.




$$
