000
CDAK48 PAFC 161300
CLISNP


CLIMATE REPORT
NATIONAL WEATHER SERVICE ANCHORAGE, AK
500 AM AKDT SUN JUN 16 2019


...................................

...THE SAINT PAUL ISLAND CLIMATE SUMMARY FOR JUNE 15 2019...

CLIMATE NORMAL PERIOD 1981 TO 2010
CLIMATE RECORD PERIOD 1892 TO 2019


WEATHER ITEM   OBSERVED TIME   RECORD YEAR NORMAL DEPARTURE LAST
                VALUE   (LST)  VALUE       VALUE  FROM      YEAR
                                                  NORMAL
..................................................................
TEMPERATURE (F)
 YESTERDAY
  MAXIMUM         58R   308 PM  58    1986  47     11       49
  MINIMUM         45    623 AM  24    1968  38      7       42
  AVERAGE         52                        42     10       46

PRECIPITATION (IN)
  YESTERDAY        0.01          0.59 1981   0.05  -0.04     0.01
  MONTH TO DATE    0.11                      0.61  -0.50     0.55
  SINCE DEC 1     12.88                      9.02   3.86    11.39
  SINCE JAN 1      9.50                      6.77   2.73     9.40

SNOWFALL (IN)
  YESTERDAY       MM            MM      MM   0.0   MM        0.0
  MONTH TO DATE   MM                         0.0   MM        0.0
  SINCE DEC 1      2.2                      49.5  -47.3     12.9
  SINCE JUL 1      4.8                      59.8  -55.0     15.5
  SNOW DEPTH      MM

DEGREE DAYS
 HEATING
  YESTERDAY       13                        23    -10       19
  MONTH TO DATE  301                       364    -63      324
  SINCE JUN 1    301                       364    -63      324
  SINCE JUL 1   9148                     10493  -1345     8991

 COOLING
  YESTERDAY        0                         0      0        0
  MONTH TO DATE    0                         0      0        0
  SINCE JUN 1      0                         0      0        0
  SINCE JAN 1      0                         0      0        0
..................................................................


WIND (MPH)
  RESULTANT WIND SPEED  11   RESULTANT WIND DIRECTION  NE (30)
  HIGHEST WIND SPEED    20   HIGHEST WIND DIRECTION    NE (30)
  HIGHEST GUST SPEED    25   HIGHEST GUST DIRECTION    NE (30)
  AVERAGE WIND SPEED    11.2



WEATHER CONDITIONS
 THE FOLLOWING WEATHER WAS RECORDED YESTERDAY.
  RAIN
  LIGHT RAIN
  FOG


RELATIVE HUMIDITY (PERCENT)
 HIGHEST    93
 LOWEST     77
 AVERAGE    85

..........................................................


THE SAINT PAUL ISLAND CLIMATE NORMALS FOR TODAY
                         NORMAL    RECORD    YEAR
 MAXIMUM TEMPERATURE (F)   47        57      2012
                                             1977
 MINIMUM TEMPERATURE (F)   38        28      1962


SUNRISE AND SUNSET
JUNE 16 2019..........SUNRISE   625 AM AKDT  SUNSET  1218 AM AKDT
JUNE 17 2019..........SUNRISE   624 AM AKDT  SUNSET  1219 AM AKDT


-  INDICATES NEGATIVE NUMBERS.
R  INDICATES RECORD WAS SET OR TIED.
MM INDICATES DATA IS MISSING.
T  INDICATES TRACE AMOUNT.




$$
