000
CDAK48 PAFC 212201
CLISNP


CLIMATE REPORT
NATIONAL WEATHER SERVICE ANCHORAGE, AK
151 PM AKDT SUN APR 21 2019


...................................

...THE SAINT PAUL ISLAND CLIMATE SUMMARY FOR APRIL 21 2019...
VALID TODAY AS OF 0100 PM LOCAL TIME.

CLIMATE NORMAL PERIOD 1981 TO 2010
CLIMATE RECORD PERIOD 1892 TO 2019


WEATHER ITEM   OBSERVED TIME   RECORD YEAR NORMAL DEPARTURE LAST
                VALUE   (LST)  VALUE       VALUE  FROM      YEAR
                                                  NORMAL
..................................................................
TEMPERATURE (F)
 TODAY
  MAXIMUM         MM        MM  44    1996  35     MM       37
                                      1979
  MINIMUM         MM        MM   2    1972  27     MM       29
  AVERAGE         MM                        31     MM       33

PRECIPITATION (IN)
  TODAY            0.04          0.23 1995   0.04   0.00     0.14
  MONTH TO DATE    0.60                      0.76  -0.16     1.21
  SINCE DEC 1     10.64                      6.96   3.68     8.55
  SINCE JAN 1      7.26                      4.71   2.55     6.56

SNOWFALL (IN)
  TODAY           MM            MM      MM   0.2   MM       MM
  MONTH TO DATE    0.2                       4.5   -4.3       T
  SINCE DEC 1      1.9                      47.2  -45.3     12.0
  SINCE JUL 1      4.5                      57.5  -53.0     14.6
  SNOW DEPTH       0

DEGREE DAYS
 HEATING
  TODAY           MM                        34     MM       32
  MONTH TO DATE  616                       773   -157      635
  SINCE MAR 1   1649                      2018   -369     1610
  SINCE JUL 1   7748                      8935  -1187     7605

 COOLING
  TODAY           MM                         0     MM        0
  MONTH TO DATE    0                         0      0        0
  SINCE MAR 1      0                         0      0        0
  SINCE JAN 1      0                         0      0        0
..................................................................


WIND (MPH)
  RESULTANT WIND SPEED   6   RESULTANT WIND DIRECTION   N (10)
  HIGHEST WIND SPEED    17   HIGHEST WIND DIRECTION     N (10)
  HIGHEST GUST SPEED    MM   HIGHEST GUST DIRECTION    MM
  AVERAGE WIND SPEED     5.9



WEATHER CONDITIONS
 THE FOLLOWING WEATHER WAS RECORDED TODAY.
  LIGHT SNOW
  FOG


RELATIVE HUMIDITY (PERCENT)
 HIGHEST    96
 LOWEST     74
 AVERAGE    85

..........................................................


THE SAINT PAUL ISLAND CLIMATE NORMALS FOR TOMORROW
                         NORMAL    RECORD    YEAR
 MAXIMUM TEMPERATURE (F)   35        46      1996
 MINIMUM TEMPERATURE (F)   27        -4      1976


SUNRISE AND SUNSET
APRIL 21 2019.........SUNRISE   757 AM AKDT  SUNSET  1044 PM AKDT
APRIL 22 2019.........SUNRISE   754 AM AKDT  SUNSET  1046 PM AKDT


-  INDICATES NEGATIVE NUMBERS.
R  INDICATES RECORD WAS SET OR TIED.
MM INDICATES DATA IS MISSING.
T  INDICATES TRACE AMOUNT.




$$
