000
CDAK48 PAFC 220057
CLISNP


CLIMATE REPORT
NATIONAL WEATHER SERVICE ANCHORAGE, AK
439 PM AKDT SAT APR 21 2018


...................................

...THE SAINT PAUL ISLAND CLIMATE SUMMARY FOR APRIL 21 2018...
VALID TODAY AS OF 0400 PM LOCAL TIME.

CLIMATE NORMAL PERIOD 1981 TO 2010
CLIMATE RECORD PERIOD 1892 TO 2018


WEATHER ITEM   OBSERVED TIME   RECORD YEAR NORMAL DEPARTURE LAST
                VALUE   (LST)  VALUE       VALUE  FROM      YEAR
                                                  NORMAL
..................................................................
TEMPERATURE (F)
 TODAY
  MAXIMUM         37    154 PM  44    1996  35      2       36
                                      1979
  MINIMUM         29    742 AM   2    1972  27      2       28
  AVERAGE         33                        31      2       32

PRECIPITATION (IN)
  TODAY            0.02          0.23 1995   0.04  -0.02      T
  MONTH TO DATE    1.09                      0.76   0.33     0.86
  SINCE MAR 1      3.46                      1.83   1.63     0.96
  SINCE JAN 1      6.44                      4.71   1.73     4.05

SNOWFALL (IN)
  TODAY           MM            MM      MM   0.2   MM         T
  MONTH TO DATE    T                         4.5   -4.5      0.2
  SINCE MAR 1      4.1                      12.5   -8.4      0.6
  SINCE JUL 1     14.6                      57.5  -42.9     48.8
  SNOW DEPTH      MM

DEGREE DAYS
 HEATING
  TODAY           32                        34     -2       33
  MONTH TO DATE  635                       773   -138      721
  SINCE MAR 1   1610                      2018   -408     1930
  SINCE JUL 1   7605                      8935  -1330     7805

 COOLING
  TODAY            0                         0      0        0
  MONTH TO DATE    0                         0      0        0
  SINCE MAR 1      0                         0      0        0
  SINCE JAN 1      0                         0      0        0
..................................................................


WIND (MPH)
  RESULTANT WIND SPEED  14   RESULTANT WIND DIRECTION   N (10)
  HIGHEST WIND SPEED    24   HIGHEST WIND DIRECTION     N (10)
  HIGHEST GUST SPEED    29   HIGHEST GUST DIRECTION     N (10)
  AVERAGE WIND SPEED    13.8



WEATHER CONDITIONS
 THE FOLLOWING WEATHER WAS RECORDED TODAY.
  LIGHT SNOW
  FOG


..........................................................


THE SAINT PAUL ISLAND CLIMATE NORMALS FOR TOMORROW
                         NORMAL    RECORD    YEAR
 MAXIMUM TEMPERATURE (F)   35        46      1996
 MINIMUM TEMPERATURE (F)   27        -4      1976


SUNRISE AND SUNSET
APRIL 21 2018.........SUNRISE   756 AM AKDT  SUNSET  1044 PM AKDT
APRIL 22 2018.........SUNRISE   754 AM AKDT  SUNSET  1047 PM AKDT


-  INDICATES NEGATIVE NUMBERS.
R  INDICATES RECORD WAS SET OR TIED.
MM INDICATES DATA IS MISSING.
T  INDICATES TRACE AMOUNT.




$$
