260
CDUS46 KMTR 190025
CLISNS


CLIMATE REPORT
NATIONAL WEATHER SERVICE SAN FRANCISCO BAY AREA
525 PM PDT THU APR 18 2019


...................................

...THE SALINAS AIRPORT CLIMATE SUMMARY FOR APRIL 18 2019...
VALID TODAY AS OF 0500 PM LOCAL TIME.

CLIMATE NORMAL PERIOD 1981 TO 2010
CLIMATE RECORD PERIOD 1930 TO 2019


WEATHER ITEM   OBSERVED TIME   RECORD YEAR NORMAL DEPARTURE LAST
                VALUE   (LST)  VALUE       VALUE  FROM      YEAR
                                                  NORMAL
..................................................................
TEMPERATURE (F)
 TODAY
  MAXIMUM         84   1248 PM  89    2016  67     17       61
  MINIMUM         47    556 AM  31    1933  46      1       44
  AVERAGE         66                        57      9       53

PRECIPITATION (IN)
  TODAY            0.00          0.72 1981   0.03  -0.03     0.00
  MONTH TO DATE    0.27                      0.66  -0.39     1.84
  SINCE OCT 1     12.31                     11.92   0.39     7.13
  SINCE JAN 1      7.54                      8.01  -0.47     6.35

DEGREE DAYS
 HEATING
  TODAY            0                         8     -8       12
  MONTH TO DATE  108                       162    -54      137
  SINCE MAR 1    397                       482    -85      453
  SINCE JUL 1   2025                      2296   -271     1841

 COOLING
  TODAY            1                         0      1        0
  MONTH TO DATE    1                         0      1        0
  SINCE MAR 1      1                         1      0        6
  SINCE JAN 1      1                         1      0        6
..................................................................


WIND (MPH)
  RESULTANT WIND SPEED   3   RESULTANT WIND DIRECTION  SE (140)
  HIGHEST WIND SPEED    17   HIGHEST WIND DIRECTION    NW (330)
  HIGHEST GUST SPEED    21   HIGHEST GUST DIRECTION    NW (300)
  AVERAGE WIND SPEED     9.5


SKY COVER
  POSSIBLE SUNSHINE  MM
  AVERAGE SKY COVER 0.0


WEATHER CONDITIONS
 THE FOLLOWING WEATHER WAS RECORDED TODAY.
  NO SIGNIFICANT WEATHER WAS OBSERVED.


RELATIVE HUMIDITY (PERCENT)
 HIGHEST    93           600 AM
 LOWEST     31           100 PM
 AVERAGE    62

..........................................................


THE SALINAS AIRPORT CLIMATE NORMALS FOR TOMORROW
                         NORMAL    RECORD    YEAR
 MAXIMUM TEMPERATURE (F)   67        96      2009
 MINIMUM TEMPERATURE (F)   47        37      1977


SUNRISE AND SUNSET
APRIL 18 2019.........SUNRISE   629 AM PDT   SUNSET   743 PM PDT
APRIL 19 2019.........SUNRISE   627 AM PDT   SUNSET   744 PM PDT


-  INDICATES NEGATIVE NUMBERS.
R  INDICATES RECORD WAS SET OR TIED.
MM INDICATES DATA IS MISSING.
T  INDICATES TRACE AMOUNT.




$$
