519
CDUS46 KMTR 220828
CLISNS


CLIMATE REPORT
NATIONAL WEATHER SERVICE SAN FRANCISCO BAY AREA
127 AM PDT SUN APR 22 2018


...................................

...THE SALINAS AIRPORT CLIMATE SUMMARY FOR APRIL 21 2018...

CLIMATE NORMAL PERIOD 1981 TO 2010
CLIMATE RECORD PERIOD 1930 TO 2018


WEATHER ITEM   OBSERVED TIME   RECORD YEAR NORMAL DEPARTURE LAST
                VALUE   (LST)  VALUE       VALUE  FROM      YEAR
                                                  NORMAL
..................................................................
TEMPERATURE (F)
 YESTERDAY
  MAXIMUM         74   1208 PM  99    2009  68      6       79
  MINIMUM         47    247 AM  33    1932  47      0       57
  AVERAGE         61                        57      4       68

PRECIPITATION (IN)
  YESTERDAY        0.00          0.50 1955   0.03  -0.03     0.00
  MONTH TO DATE    1.84                      0.74   1.10     0.84
  SINCE OCT 1      7.13                     12.00  -4.87    16.36
  SINCE JAN 1      6.35                      8.09  -1.74    12.36

DEGREE DAYS
 HEATING
  YESTERDAY        4                         8     -4        0
  MONTH TO DATE  164                       186    -22      142
  SINCE MAR 1    480                       506    -26      381
  SINCE JUL 1   1868                      2320   -452     2143

 COOLING
  YESTERDAY        0                         0      0        3
  MONTH TO DATE    0                         0      0        3
  SINCE MAR 1      6                         1      5        4
  SINCE JAN 1      6                         1      5        4
..................................................................


WIND (MPH)
  RESULTANT WIND SPEED   4   RESULTANT WIND DIRECTION   W (270)
  HIGHEST WIND SPEED    16   HIGHEST WIND DIRECTION     W (270)
  HIGHEST GUST SPEED    19   HIGHEST GUST DIRECTION     W (260)
  AVERAGE WIND SPEED     7.1


SKY COVER
  POSSIBLE SUNSHINE  MM
  AVERAGE SKY COVER 0.3


WEATHER CONDITIONS
 THE FOLLOWING WEATHER WAS RECORDED YESTERDAY.
  FOG
  HAZE


RELATIVE HUMIDITY (PERCENT)
 HIGHEST   100           700 AM
 LOWEST     44          1200 PM
 AVERAGE    72

..........................................................


THE SALINAS AIRPORT CLIMATE NORMALS FOR TODAY
                         NORMAL    RECORD    YEAR
 MAXIMUM TEMPERATURE (F)   68        87      1987
 MINIMUM TEMPERATURE (F)   47        33      1968


SUNRISE AND SUNSET
APRIL 22 2018.........SUNRISE   623 AM PDT   SUNSET   747 PM PDT
APRIL 23 2018.........SUNRISE   622 AM PDT   SUNSET   748 PM PDT


-  INDICATES NEGATIVE NUMBERS.
R  INDICATES RECORD WAS SET OR TIED.
MM INDICATES DATA IS MISSING.
T  INDICATES TRACE AMOUNT.




$$
