000
CDUS45 KPIH 190734
CLISNT


CLIMATE REPORT
NATIONAL WEATHER SERVICE POCATELLO ID
132 AM MDT FRI APR 19 2019


...................................

...THE STANLEY ID CLIMATE SUMMARY FOR APRIL 18 2019...

CLIMATE NORMAL PERIOD 1981 TO 2010
CLIMATE RECORD PERIOD 1916 TO 2019


WEATHER ITEM   OBSERVED TIME   RECORD YEAR NORMAL DEPARTURE LAST
                VALUE   (LST)  VALUE       VALUE  FROM      YEAR
                                                  NORMAL
..................................................................
TEMPERATURE (F)
 YESTERDAY
  MAXIMUM         58    536 PM  73    1994  48     10       44
  MINIMUM         20    632 AM   1    1970  20      0       10
  AVERAGE         39                        34      5       27

PRECIPITATION (IN)
  YESTERDAY        0.00          0.54 1965   0.05  -0.05     0.00
  MONTH TO DATE    2.73                      1.03   1.70     1.79
  SINCE OCT 1     14.89                     11.00   3.89    16.09
  SINCE JAN 1     10.71                      6.15   4.56     7.85

SNOWFALL (IN)
  YESTERDAY       MM
  MONTH TO DATE   MM
  SINCE MAR 1     MM
  SINCE JUL 1     MM
  SNOW DEPTH      MM

DEGREE DAYS
 HEATING
  YESTERDAY       26                        31     -5       38
  MONTH TO DATE  520                       597    -77      572
  SINCE MAR 1   1823                      1781     42     1792
  SINCE JUL 1   8987                      9315   -328     8437

 COOLING
  YESTERDAY        0                         0      0        0
  MONTH TO DATE    0                         0      0        0
  SINCE MAR 1      0                         0      0        0
  SINCE JAN 1      0                         0      0        0
..................................................................


WIND (MPH)
  HIGHEST WIND SPEED    12   HIGHEST WIND DIRECTION    NW (320)
  HIGHEST GUST SPEED    18   HIGHEST GUST DIRECTION    NW (310)
  AVERAGE WIND SPEED     3.8


SKY COVER
  POSSIBLE SUNSHINE  MM
  AVERAGE SKY COVER 0.0


WEATHER CONDITIONS
 THE FOLLOWING WEATHER WAS RECORDED YESTERDAY.
  NO SIGNIFICANT WEATHER WAS OBSERVED.


RELATIVE HUMIDITY (PERCENT)
 HIGHEST    88           700 AM
 LOWEST     30           300 PM
 AVERAGE    59

..........................................................


THE STANLEY ID CLIMATE NORMALS FOR TODAY
                         NORMAL    RECORD    YEAR
 MAXIMUM TEMPERATURE (F)   48        74      1994
 MINIMUM TEMPERATURE (F)   20        -1      1982


SUNRISE AND SUNSET
APRIL 19 2019.........SUNRISE   650 AM MDT   SUNSET   829 PM MDT
APRIL 20 2019.........SUNRISE   648 AM MDT   SUNSET   830 PM MDT


-  INDICATES NEGATIVE NUMBERS.
R  INDICATES RECORD WAS SET OR TIED.
MM INDICATES DATA IS MISSING.
T  INDICATES TRACE AMOUNT.




$$
